000
CXUS56 KMTR 271000
CF6STS
PRELIMINARY LOCAL CLIMATOLOGICAL DATA (WS FORM: F-6)

                                          STATION:   SANTA ROSA AIRPORT
                                          MONTH:     AUGUST
                                          YEAR:      2015
                                          LATITUDE:   38 30 N
                                          LONGITUDE: 122 49 W

  TEMPERATURE IN F:       :PCPN:    SNOW:  WIND      :SUNSHINE: SKY     :PK WND
================================================================================
1   2   3   4   5  6A  6B    7    8   9   10  11  12  13   14  15   16   17  18
                                     12Z  AVG MX 2MIN
DY MAX MIN AVG DEP HDD CDD  WTR  SNW DPTH SPD SPD DIR MIN PSBL S-S WX    SPD DR
================================================================================

 1  82  59  71   4   0   6 0.00  0.0    0  5.3 14 160   M    M   6 18     18 160
 2  81  58  70   3   0   5 0.00  0.0    0  4.5 13 160   M    M   6        17 150
 3  79  57  68   1   0   3    T  0.0    0  4.3 15 220   M    M   4        20 220
 4  73  51  62  -5   3   0    T  0.0    0  2.7 12 220   M    M   4        15 250
 5  88  52  70   3   0   5 0.00  0.0    0  3.9 16 190   M    M   2        20 190
 6  91  52  72   5   0   7    T  0.0    0  6.3 21 160   M    M   2 1      25 160
 7  79  57  68   1   0   3    T  0.0    0  5.2 18 180   M    M   5 8      23 180
 8  79  56  68   1   0   3 0.00  0.0    0  3.7 12 160   M    M   5 1      16 180
 9  89  48  69   2   0   4 0.00    M    0  4.9 17 140   M    M   1 1      21 150
10  88  52  70   3   0   5 0.00  0.0    0  5.2 16 130   M    M   3 12     18 230
11  81  56  69   2   0   4    T  0.0    0  5.8 14 220   M    M   5 1      20 190
12  83  53  68   1   0   3 0.00  0.0    0  4.3 14 180   M    M   4 1      18 180
13  83  57  70   3   0   5 0.00  0.0    0  5.1 15 250   M    M   4 1      18 240
14  89  51  70   3   0   5 0.00  0.0    0  2.7 12 180   M    M   1        16 170
15  97  54  76   9   0  11 0.00  0.0    0  3.5 13 190   M    M   1 8      16 190
16 104  56  80  13   0  15 0.00  0.0    0  2.9 14 230   M    M   1 8      18 260
17  98  54  76   9   0  11 0.00  0.0    0  5.1 16 170   M    M   1 18     18 170
18  79  54  67   0   0   2    T  0.0    0  4.4 14 170   M    M   5 18     17 170
19  77  57  67   0   0   2 0.00  0.0    0  3.9 14 170   M    M   7 18     20 180
20  77  57  67   0   0   2 0.00  0.0    0  4.9 14 190   M    M   7 18     17 190
21  77  56  67   0   0   2 0.00  0.0    0  5.2 16 190   M    M   8 1      21 190
22  78  57  68   1   0   3 0.00  0.0    0  3.9 14 170   M    M   7 1      17 180
23  76  59  68   1   0   3 0.00  0.0    0  4.5 13 180   M    M   7        18 250
24  84  57  71   4   0   6 0.00  0.0    0  3.4 14 140   M    M   5        18 140
25  85  54  70   2   0   5 0.00  0.0    0  4.2 13 160   M    M   5 1      16 180
26  91  56  74   6   0   9 0.00  0.0    0  3.6 14 140   M    M   5 1      15 150
================================================================================
SM 2188 1430         3 129    T      0.0 113.4          M      111
================================================================================
AV 84.2 55.0                               4.4 FASTST   M    M   4    MAX(MPH)
                                 MISC ---->  # 21 160               # 25  160
================================================================================
NOTES:
# LAST OF SEVERAL OCCURRENCES

COLUMN 17 PEAK WIND IN M.P.H.

PRELIMINARY LOCAL CLIMATOLOGICAL DATA (WS FORM: F-6) , PAGE 2

                                          STATION:  SANTA ROSA AIRPORT
                                          MONTH:    AUGUST
                                          YEAR:     2015
                                          LATITUDE:   38 30 N
                                          LONGITUDE: 122 49 W

[TEMPERATURE DATA]      [PRECIPITATION DATA]       SYMBOLS USED IN COLUMN 16

AVERAGE MONTHLY: 69.6   TOTAL FOR MONTH:      T    1 = FOG OR MIST
DPTR FM NORMAL:   2.5   DPTR FM NORMAL:   -0.05    2 = FOG REDUCING VISIBILITY
HIGHEST:   104 ON 16    GRTST 24HR    T  ON 18-18      TO 1/4 MILE OR LESS
LOWEST:     48 ON  9                               3 = THUNDER
                        SNOW, ICE PELLETS, HAIL    4 = ICE PELLETS
                        TOTAL MONTH:   0.0 INCH    5 = HAIL
                        GRTST 24HR     0.0         6 = FREEZING RAIN OR DRIZZLE
                        GRTST DEPTH:   0           7 = DUSTSTORM OR SANDSTORM:
                                                       VSBY 1/2 MILE OR LESS
                                                   8 = SMOKE OR HAZE
[NO. OF DAYS WITH]      [WEATHER - DAYS WITH]      9 = BLOWING SNOW
                                                   X = TORNADO
MAX 32 OR BELOW:   0    0.01 INCH OR MORE:   0
MAX 90 OR ABOVE:   5    0.10 INCH OR MORE:   0
MIN 32 OR BELOW:   0    0.50 INCH OR MORE:   0
MIN  0 OR BELOW:   0    1.00 INCH OR MORE:   0

[HDD (BASE 65) ]
TOTAL THIS MO.     3    CLEAR  (SCALE 0-3)   8
DPTR FM NORMAL   -20    PTCLDY (SCALE 4-7)  18
TOTAL FM JUL 1     7    CLOUDY (SCALE 8-10)  0
DPTR FM NORMAL   -35

[CDD (BASE 65) ]
TOTAL THIS MO.   129
DPTR FM NORMAL    56    [PRESSURE DATA]
TOTAL FM JAN 1   365    HIGHEST SLP M ON M
DPTR FM NORMAL   102    LOWEST  SLP 29.77 ON  6

[REMARKS]
