000
CXUS54 KEPZ 211200
CF6SVC
PRELIMINARY LOCAL CLIMATOLOGICAL DATA (WS FORM: F-6)

                                          STATION:   SILVER CITY
                                          MONTH:     FEBRUARY
                                          YEAR:      2018
                                          LATITUDE:   32 37 N
                                          LONGITUDE: 108 10 W

  TEMPERATURE IN F:       :PCPN:    SNOW:  WIND      :SUNSHINE: SKY     :PK WND
================================================================================
1   2   3   4   5  6A  6B    7    8   9   10  11  12  13   14  15   16   17  18
                                     12Z  AVG MX 2MIN
DY MAX MIN AVG DEP HDD CDD  WTR  SNW DPTH SPD SPD DIR MIN PSBL S-S WX    SPD DR
================================================================================

 1  70  30  50   M  15   0 0.00  0.0    0 11.4 21 280   M    M   0        25 280
 2  69  30  50   M  15   0 0.00  0.0    0 10.5 16 300   M    M   1        21 310
 3  67  33  50   M  15   0 0.00  0.0    0 11.5 23 300   M    M   1        31 300
 4  69  31  50   M  15   0 0.00  0.0    0 10.2 17 280   M    M   3        22 280
 5  70  31  51   M  14   0 0.00  0.0    0 12.6 22 300   M    M   3        27 280
 6  64  29  47   M  18   0 0.00  0.0    0 12.5 21 280   M    M   3        31 280
 7  61  27  44   M  21   0 0.00  0.0    0  6.0 21  10   M    M   2        31  10
 8  64  24  44   M  21   0 0.00  0.0    0  6.6 12 360   M    M   2         M  M
 9  70  26  48   M  17   0 0.00  0.0    0  9.8 21 280   M    M   2        25 300
10  66  35  51   M  14   0 0.00  0.0    0 14.2 35 280   M    M   0        46 280
11  60  31  46   M  19   0    T  0.0    0  6.5 13 180   M    M   3        18 180
12  64  20  42   M  23   0 0.00  0.0    0  8.2 25 210   M    M   1        33 210
13  63  29  46   M  19   0 0.00  0.0    0  7.2 18 220   M    M   1        18 210
14  60  37  49   M  16   0    T  0.0    0  6.9 14 220   M    M   7        16 220
15  54  46  50   M  15   0 0.23  0.0    0  6.0 21 290   M    M  10        27 260
16  50  45  48   M  17   0 0.74  0.0    0  5.0 14 140   M    M  10         M  M
17  58  37  48   M  17   0    T  0.0    0  6.5 14 330   M    M   6         M  M
18  60  36  48   M  17   0 0.01  0.0    0  8.3 20 270   M    M  10        24 270
19  58  42  50   M  15   0 0.26  0.0    0 11.9 20 220   M    M  10        29 230
20  46  29  38   M  27   0    T  0.0    0 12.6 20 300   M    M   8        28 280
================================================================================
SM 1243  648       350   0  1.24     0.0 184.4          M       83
================================================================================
AV 62.2 32.4                               9.2 FASTST   M    M   4    MAX(MPH)
                                 MISC ---->  # 35 280               # 46  280
================================================================================
NOTES:
# LAST OF SEVERAL OCCURRENCES

COLUMN 17 PEAK WIND IN M.P.H.

PRELIMINARY LOCAL CLIMATOLOGICAL DATA (WS FORM: F-6) , PAGE 2

                                          STATION:  SILVER CITY
                                          MONTH:    FEBRUARY
                                          YEAR:     2018
                                          LATITUDE:   32 37 N
                                          LONGITUDE: 108 10 W

[TEMPERATURE DATA]      [PRECIPITATION DATA]       SYMBOLS USED IN COLUMN 16

AVERAGE MONTHLY: 47.3   TOTAL FOR MONTH:   1.24    1 = FOG OR MIST
DPTR FM NORMAL:     M   DPTR FM NORMAL:       M    2 = FOG REDUCING VISIBILITY
HIGHEST:    70 ON  9, 5 GRTST 24HR  0.74 ON 16-16      TO 1/4 MILE OR LESS
LOWEST:     20 ON 12                               3 = THUNDER
                        SNOW, ICE PELLETS, HAIL    4 = ICE PELLETS
                        TOTAL MONTH:   0.0 INCH    5 = HAIL
                        GRTST 24HR     0.0         6 = FREEZING RAIN OR DRIZZLE
                        GRTST DEPTH:   0           7 = DUSTSTORM OR SANDSTORM:
                                                       VSBY 1/2 MILE OR LESS
                                                   8 = SMOKE OR HAZE
[NO. OF DAYS WITH]      [WEATHER - DAYS WITH]      9 = BLOWING SNOW
                                                   X = TORNADO
MAX 32 OR BELOW:   0    0.01 INCH OR MORE:   4
MAX 90 OR ABOVE:   0    0.10 INCH OR MORE:   3
MIN 32 OR BELOW:  12    0.50 INCH OR MORE:   1
MIN  0 OR BELOW:   0    1.00 INCH OR MORE:   0

[HDD (BASE 65) ]
TOTAL THIS MO.   350    CLEAR  (SCALE 0-3)  12
DPTR FM NORMAL     M    PTCLDY (SCALE 4-7)   4
TOTAL FM JUL 1  2333    CLOUDY (SCALE 8-10)  4
DPTR FM NORMAL     M

[CDD (BASE 65) ]
TOTAL THIS MO.     0
DPTR FM NORMAL     M    [PRESSURE DATA]
TOTAL FM JAN 1     0    HIGHEST SLP M ON M
DPTR FM NORMAL     M    LOWEST  SLP M ON M

[REMARKS]
