000
CXUS54 KOUN 270700
CF6SWO
PRELIMINARY LOCAL CLIMATOLOGICAL DATA (WS FORM: F-6)

                                          STATION:   STILLWATER
                                          MONTH:     APRIL
                                          YEAR:      2017
                                          LATITUDE:   36 10 N
                                          LONGITUDE:  97  5 W

  TEMPERATURE IN F:       :PCPN:    SNOW:  WIND      :SUNSHINE: SKY     :PK WND
================================================================================
1   2   3   4   5  6A  6B    7    8   9   10  11  12  13   14  15   16   17  18
                                     12Z  AVG MX 2MIN
DY MAX MIN AVG DEP HDD CDD  WTR  SNW DPTH SPD SPD DIR MIN PSBL S-S WX    SPD DR
================================================================================

 1  76  44  60   5   5   0 0.28  0.0    0 11.0 21  60   M    M   5 1      29  60
 2  65  53  59   4   6   0 0.14  0.0    0  4.6 12 360   M    M   9 123    19 210
 3  73  52  63   7   2   0 0.23  0.0    0  7.1 17 280   M    M   3 13     26 300
 4  64  47  56   0   9   0 0.48    M    0 13.4 28  20   M    M   7 13     36  20
 5  66  42  54  -2  11   0 0.03    M    0 14.9 29 320   M    M   5 1      38 330
 6  69  36  53  -3  12   0 0.00  0.0    0  6.5 15  30   M    M   0        23  20
 7  77  37  57   0   8   0 0.00  0.0    0 10.4 21 180   M    M   0        27 180
 8  85  59  72  15   0   7 0.00  0.0    0 18.5 29 190   M    M   0        37 180
 9  84  66  75  17   0  10 0.00  0.0    0 17.1230 200   M    M   0        36 210
10  74  47  61   3   4   0 0.00  0.0    0 11.5 22 360   M    M   0        31 350
11  73  40  57  -1   8   0 0.00  0.0    0  7.5 15 110   M    M   0        18 110
12  79  49  64   6   1   0 0.00  0.0    0  9.9 23 150   M    M   3 1      28 170
13  79  57  68   9   0   3 0.64  0.0    0  8.5 24 240   M    M   4 13     32 230
14  82  61  72  13   0   7 0.09  0.0    0 15.6 28 180   M    M   3 13     35 200
15  84  65  75  16   0  10    T  0.0    0 16.7 26 180   M    M   3        34 170
16  79  60  70  10   0   5 0.48  0.0    0  9.4 26  10   M    M   7 13     32  10
17  74  60  67   7   0   2 0.03  0.0    0  5.7 15 160   M    M   4 3      21 150
18  83  51  67   7   0   2 0.00  0.0    0  8.4 21 160   M    M   2 12     26 180
19  81  61  71  10   0   6 0.00  0.0    0 15.1 28 170   M    M   3        37 160
20  74  60  67   6   0   2 0.15  0.0    0  9.2 22  20   M    M   9 13     29  30
21  60  49  55  -6  10   0 1.42  0.0    0 15.9 37  40   M    M   8 13     48  40
22  60  46  53  -9  12   0 0.01  0.0    0 12.4 25  10   M    M  10        31  30
23  72  40  56  -6   9   0 0.00  0.0    0  4.9 12  20   M    M   0        15  20
24  78  42  60  -2   5   0 0.00  0.0    0 13.9 29 160   M    M   0        36 170
25  87  55  71   9   0   6 0.39  0.0    0 13.5 23 300   M    M   2 13     32 300
26  55  39  47 -16  18   0 0.02    M    0 10.6 22 350   M    M   7        36 350
================================================================================
SM 1933 1318       120  60  4.39     0.0 292.2          M       94
================================================================================
AV 74.4 50.7                              11.2 FASTST   M    M   4    MAX(MPH)
                                 MISC ---->  #230 200               # 48   40
================================================================================
NOTES:
# LAST OF SEVERAL OCCURRENCES

COLUMN 17 PEAK WIND IN M.P.H.

PRELIMINARY LOCAL CLIMATOLOGICAL DATA (WS FORM: F-6) , PAGE 2

                                          STATION:  STILLWATER
                                          MONTH:    APRIL
                                          YEAR:     2017
                                          LATITUDE:   36 10 N
                                          LONGITUDE:  97  5 W

[TEMPERATURE DATA]      [PRECIPITATION DATA]       SYMBOLS USED IN COLUMN 16

AVERAGE MONTHLY: 62.5   TOTAL FOR MONTH:   4.39    1 = FOG OR MIST
DPTR FM NORMAL:   3.6   DPTR FM NORMAL:    1.30    2 = FOG REDUCING VISIBILITY
HIGHEST:    87 ON 25    GRTST 24HR  1.42 ON 21-21      TO 1/4 MILE OR LESS
LOWEST:     36 ON  6                               3 = THUNDER
                        SNOW, ICE PELLETS, HAIL    4 = ICE PELLETS
                        TOTAL MONTH:   0.0 INCH    5 = HAIL
                        GRTST 24HR     0.0         6 = FREEZING RAIN OR DRIZZLE
                        GRTST DEPTH:   0           7 = DUSTSTORM OR SANDSTORM:
                                                       VSBY 1/2 MILE OR LESS
                                                   8 = SMOKE OR HAZE
[NO. OF DAYS WITH]      [WEATHER - DAYS WITH]      9 = BLOWING SNOW
                                                   X = TORNADO
MAX 32 OR BELOW:   0    0.01 INCH OR MORE:  14
MAX 90 OR ABOVE:   0    0.10 INCH OR MORE:   9
MIN 32 OR BELOW:   0    0.50 INCH OR MORE:   2
MIN  0 OR BELOW:   0    1.00 INCH OR MORE:   1

[HDD (BASE 65) ]
TOTAL THIS MO.   120    CLEAR  (SCALE 0-3)  13
DPTR FM NORMAL   -77    PTCLDY (SCALE 4-7)   9
TOTAL FM JUL 1  2856    CLOUDY (SCALE 8-10)  4
DPTR FM NORMAL  -870

[CDD (BASE 65) ]
TOTAL THIS MO.    60
DPTR FM NORMAL    18    [PRESSURE DATA]
TOTAL FM JAN 1   116    HIGHEST SLP M ON M
DPTR FM NORMAL    64    LOWEST  SLP 29.31 ON 25

[REMARKS]
