000
CXUS54 KOUN 310800
CF6SWO
PRELIMINARY LOCAL CLIMATOLOGICAL DATA (WS FORM: F-6)

                                          STATION:   STILLWATER
                                          MONTH:     JULY
                                          YEAR:      2015
                                          LATITUDE:   36 10 N
                                          LONGITUDE:  97  5 W

  TEMPERATURE IN F:       :PCPN:    SNOW:  WIND      :SUNSHINE: SKY     :PK WND
================================================================================
1   2   3   4   5  6A  6B    7    8   9   10  11  12  13   14  15   16   17  18
                                     12Z  AVG MX 2MIN
DY MAX MIN AVG DEP HDD CDD  WTR  SNW DPTH SPD SPD DIR MIN PSBL S-S WX    SPD DR
================================================================================

 1  97  74  86   6   0  21 0.00  0.0    0 12.9 23 210   M    M   0        31 200
 2  96  70  83   3   0  18 0.03  0.0    0  6.5 21  60   M    M   1 1      25  60
 3  93  68  81   1   0  16 0.00  0.0    0  6.4 15 350   M    M   2 1      18  20
 4  93  67  80   0   0  15 0.00  0.0    0  6.9 14 150   M    M   2        18 160
 5  96  72  84   4   0  19 0.00  0.0    0 11.5 21 170   M    M   1        27 180
 6  93  70  82   1   0  17 1.72  0.0    0 14.1 30  10   M    M   4 1      39  20
 7  75  64  70 -11   0   5 0.79  0.0    0  8.4 17  30   M    M   8 18     22  20
 8  72  64  68 -13   0   3 0.17  0.0    0  5.3 10  10   M    M  10 18     16 270
 9  80  67  74  -7   0   9 0.31  0.0    0  5.8 14 330   M    M   7 1      21 110
10  89  71  80  -1   0  15 0.00  0.0    0 11.3 21 180   M    M   1 8      25 180
11  92  74  83   2   0  18 0.00  0.0    0 12.6 23 180   M    M   0        28 190
12  95  72  84   2   0  19 0.00  0.0    0 11.4 22 180   M    M   0        28 180
13  98  74  86   4   0  21 0.00  0.0    0 10.5 20 180   M    M   0        24 180
14  99  72  86   4   0  21 0.00  0.0    0  7.5 16 150   M    M   0        22 140
15  97  75  86   4   0  21 0.00  0.0    0  9.3 21 180   M    M   0        24 180
16  96  72  84   2   0  19 0.00  0.0    0 11.7 21 180   M    M   0        26 180
17  97  76  87   5   0  22 0.00  0.0    0 11.0 21 180   M    M   0        25 190
18  97  76  87   5   0  22 0.00  0.0    0 13.1 23 180   M    M   0        29 180
19  98  74  86   4   0  21 0.00  0.0    0  8.7 18 180   M    M   0        22 200
20  96  74  85   3   0  20 0.00  0.0    0  4.9 15 260   M    M   3        19 260
21  82  72  77  -5   0  12 0.45  0.0    0  4.8 14  60   M    M   7 1      18 120
22  92  73  83   0   0  18 0.00  0.0    0  6.1 15 160   M    M   5 1      19 160
23  95  75  85   2   0  20 0.00  0.0    0  9.5 17 170   M    M   1        21 190
24  99  75  87   4   0  22 0.00  0.0    0  7.4 15 180   M    M   0        18 170
25  98  71  85   2   0  20 0.00  0.0    0  7.7 18 170   M    M   0        24 180
26  98  73  86   3   0  21 0.00  0.0    0  8.8 17 170   M    M   0        22 180
27  97  74  86   3   0  21 0.00  0.0    0 10.0 22 160   M    M   0        28 190
28  97  74  86   3   0  21 0.00  0.0    0 11.8 22 180   M    M   0        29 180
29  97  71  84   1   0  19    T  0.0    0  7.3 17  30   M    M   1        20  20
30  87  74  81  -2   0  16 0.00  0.0    0  8.8 25  10   M    M   1        33 360
================================================================================
SM 2791 2158         0 532  3.47     0.0 272.0          M       54
================================================================================
AV 93.0 71.9                               9.1 FASTST   M    M   2    MAX(MPH)
                                 MISC ---->  # 30  10               # 39   20
================================================================================
NOTES:
# LAST OF SEVERAL OCCURRENCES

COLUMN 17 PEAK WIND IN M.P.H.

PRELIMINARY LOCAL CLIMATOLOGICAL DATA (WS FORM: F-6) , PAGE 2

                                          STATION:  STILLWATER
                                          MONTH:    JULY
                                          YEAR:     2015
                                          LATITUDE:   36 10 N
                                          LONGITUDE:  97  5 W

[TEMPERATURE DATA]      [PRECIPITATION DATA]       SYMBOLS USED IN COLUMN 16

AVERAGE MONTHLY: 82.5   TOTAL FOR MONTH:   3.47    1 = FOG OR MIST
DPTR FM NORMAL:   0.7   DPTR FM NORMAL:    0.68    2 = FOG REDUCING VISIBILITY
HIGHEST:    99 ON 24,14 GRTST 24HR  2.02 ON  6- 7      TO 1/4 MILE OR LESS
LOWEST:     64 ON  8, 7                            3 = THUNDER
                        SNOW, ICE PELLETS, HAIL    4 = ICE PELLETS
                        TOTAL MONTH:   0.0 INCH    5 = HAIL
                        GRTST 24HR     0.0         6 = FREEZING RAIN OR DRIZZLE
                        GRTST DEPTH:   0           7 = DUSTSTORM OR SANDSTORM:
                                                       VSBY 1/2 MILE OR LESS
                                                   8 = SMOKE OR HAZE
[NO. OF DAYS WITH]      [WEATHER - DAYS WITH]      9 = BLOWING SNOW
                                                   X = TORNADO
MAX 32 OR BELOW:   0    0.01 INCH OR MORE:   6
MAX 90 OR ABOVE:  24    0.10 INCH OR MORE:   5
MIN 32 OR BELOW:   0    0.50 INCH OR MORE:   2
MIN  0 OR BELOW:   0    1.00 INCH OR MORE:   1

[HDD (BASE 65) ]
TOTAL THIS MO.     0    CLEAR  (SCALE 0-3)  24
DPTR FM NORMAL     0    PTCLDY (SCALE 4-7)   5
TOTAL FM JUL 1     0    CLOUDY (SCALE 8-10)  1
DPTR FM NORMAL     0

[CDD (BASE 65) ]
TOTAL THIS MO.   532
DPTR FM NORMAL    29    [PRESSURE DATA]
TOTAL FM JAN 1  1126    HIGHEST SLP M ON M
DPTR FM NORMAL    66    LOWEST  SLP 29.72 ON 13

[REMARKS]
