000
CXUS51 KBGM 300547
CF6SYR
PRELIMINARY LOCAL CLIMATOLOGICAL DATA (WS FORM: F-6)

                                          STATION:   SYRACUSE NY
                                          MONTH:     MARCH
                                          YEAR:      2015
                                          LATITUDE:   43  7 N
                                          LONGITUDE:  76  7 W

  TEMPERATURE IN F:       :PCPN:    SNOW:  WIND      :SUNSHINE: SKY     :PK WND
================================================================================
1   2   3   4   5  6A  6B    7    8   9   10  11  12  13   14  15   16   17  18
                                     12Z  AVG MX 2MIN
DY MAX MIN AVG DEP HDD CDD  WTR  SNW DPTH SPD SPD DIR MIN PSBL S-S WX    SPD DR
================================================================================

 1  23  -7   8 -21  57   0 0.10  1.8   26  5.2 14 190   M    M   9 1      17 190
 2  24  10  17 -12  48   0 0.04  2.0   29 16.4 33 280   M    M   9 19     43 280
 3  33  -1  16 -14  49   0 0.26  2.4   28  8.8 21 180   M    M   8 14689  29 190
 4  32  21  27  -3  38   0 0.01  0.4   29 10.9 23 260   M    M  10 16     27 260
 5  21   5  13 -17  52   0    T  0.8   28 12.1 21 280   M    M   9 1      28 310
 6  21  -6   8 -22  57   0    T    T   27  6.1 14 250   M    M   6 1      18 240
 7  30   7  19 -12  46   0 0.03  0.5   26  8.1 18 230   M    M  10 1      23 240
 8  35  21  28  -3  37   0 0.01  0.5   26  8.1 25 270   M    M   7 1      32 300
 9  42  20  31   0  34   0    T    T   25  7.5 23 270   M    M   6        27 270
10  50  21  36   4  29   0 0.00  0.0   22  5.8 12 180   M    M   8        15 170
11  45  37  41   9  24   0 0.00  0.0   19 13.4 25 280   M    M   6 1      33 270
12  39  21  30  -2  35   0 0.00  0.0   15 10.4 26 290   M    M   2        35 290
13  47  19  33   0  32   0 0.00  0.0   15  7.2 14 170   M    M   7        17 110
14  44  35  40   7  25   0 0.07    T   11  7.6 26 280   M    M  10 1      33 280
15  37  28  33  -1  32   0 0.12  0.8    9 12.4 26 260   M    M  10 1      34 260
16  51  24  38   4  27   0    T  0.0    9  2.6  9 250   M    M   9 1      11 250
17  39  28  34   0  31   0 0.13  0.1    5 15.9 31 320   M    M   9 1      43 310
18  28  22  25 -10  40   0 0.05  1.0    5  9.9 22 340   M    M   9 19     29 280
19  32  13  23 -12  42   0 0.00  0.0    5  5.8 15 320   M    M   4        19 330
20  35  20  28  -8  37   0 0.10  1.2    4  6.7 12 140   M    M   9 1      17 150
21  41  23  32  -4  33   0 0.10  0.3    5 11.2 26 290   M    M   9 19     35 270
22  28  15  22 -14  43   0 0.02  0.5    0 13.0 24 300   M    M   6 1      30 280
23  21  11  16 -21  49   0 0.00  0.0    4  8.0 17 260   M    M   3        21 280
24  33   8  21 -16  44   0 0.00  0.0    4  1.5  5 360   M    M   3         M  M
25  48  17  33  -5  32   0 0.08  0.0    4 11.7 28 170   M    M   7        37 170
26  42  33  38   0  27   0 0.36    T    3  4.4 15 190   M    M  10 148    20 200
27  39  22  31  -7  34   0    T    T    2 10.7 20 310   M    M   9 1      25 320
28  26  17  22 -17  43   0    T    T    2 11.2 22 300   M    M   5        28 290
29  40  17  29 -10  36   0 0.00  0.0    1  8.8 21 200   M    M   4        29 200
================================================================================
SM 1026  501      1113   0  1.48    12.3 261.4          M      213
================================================================================
AV 35.4 17.3                               9.0 FASTST   M    M   7    MAX(MPH)
                                 MISC ---->  # 33 280               # 43  280
================================================================================
NOTES:
# LAST OF SEVERAL OCCURRENCES

COLUMN 17 PEAK WIND IN M.P.H.

PRELIMINARY LOCAL CLIMATOLOGICAL DATA (WS FORM: F-6) , PAGE 2

                                          STATION:  SYRACUSE NY
                                          MONTH:    MARCH
                                          YEAR:     2015
                                          LATITUDE:   43  7 N
                                          LONGITUDE:  76  7 W

[TEMPERATURE DATA]      [PRECIPITATION DATA]       SYMBOLS USED IN COLUMN 16

AVERAGE MONTHLY: 26.3   TOTAL FOR MONTH:   1.48    1 = FOG OR MIST
DPTR FM NORMAL:  -7.4   DPTR FM NORMAL:   -1.26    2 = FOG REDUCING VISIBILITY
HIGHEST:    51 ON 16    GRTST 24HR  0.36 ON 26-26      TO 1/4 MILE OR LESS
LOWEST:     -7 ON  1                               3 = THUNDER
                        SNOW, ICE PELLETS, HAIL    4 = ICE PELLETS
                        TOTAL MONTH:  12.3 INCHES  5 = HAIL
                        GRTST 24HR   2.4 ON   M    6 = FREEZING RAIN OR DRIZZLE
                        GRTST DEPTH:  29 ON  4, 2  7 = DUSTSTORM OR SANDSTORM:
                                                       VSBY 1/2 MILE OR LESS
                                                   8 = SMOKE OR HAZE
[NO. OF DAYS WITH]      [WEATHER - DAYS WITH]      9 = BLOWING SNOW
                                                   X = TORNADO
MAX 32 OR BELOW:  11    0.01 INCH OR MORE:  15
MAX 90 OR ABOVE:   0    0.10 INCH OR MORE:   7
MIN 32 OR BELOW:  26    0.50 INCH OR MORE:   0
MIN  0 OR BELOW:   3    1.00 INCH OR MORE:   0

[HDD (BASE 65) ]
TOTAL THIS MO.  1113    CLEAR  (SCALE 0-3)   1
DPTR FM NORMAL   206    PTCLDY (SCALE 4-7)  14
TOTAL FM JUL 1  6337    CLOUDY (SCALE 8-10) 14
DPTR FM NORMAL   599

[CDD (BASE 65) ]
TOTAL THIS MO.     0
DPTR FM NORMAL     0    [PRESSURE DATA]
TOTAL FM JAN 1     0    HIGHEST SLP M ON M
DPTR FM NORMAL     0    LOWEST  SLP 29.58 ON 17

[REMARKS]
