000
CXUS54 KBMX 291216
CF6TCL
PRELIMINARY LOCAL CLIMATOLOGICAL DATA (WS FORM: F-6)

                                          STATION:   TUSCALOOSA
                                          MONTH:     JULY
                                          YEAR:      2015
                                          LATITUDE:   33 13 N
                                          LONGITUDE:  87 37 W

  TEMPERATURE IN F:       :PCPN:    SNOW:  WIND      :SUNSHINE: SKY     :PK WND
================================================================================
1   2   3   4   5  6A  6B    7    8   9   10  11  12  13   14  15   16   17  18
                                     12Z  AVG MX 2MIN
DY MAX MIN AVG DEP HDD CDD  WTR  SNW DPTH SPD SPD DIR MIN PSBL S-S WX    SPD DR
================================================================================

 1  92  69  81   0   0  16 0.03  0.0    0  6.4 18 250   M    M   3 13     23 260
 2  91  73  82   1   0  17    T  0.0    0  8.2 20 240   M    M   1        28 240
 3  89  72  81   0   0  16 0.35  0.0    0  5.8 14 190   M    M   1 138    18 200
 4  84  71  78  -3   0  13 0.27  0.0    0  5.5 20 320   M    M   5 13     24 320
 5  82  70  76  -5   0  11 0.03  0.0    0  5.9 14 200   M    M   8        17 200
 6  87  66  77  -4   0  12 0.00  0.0    0  3.4 10 220   M    M   2 12     14 210
 7  93  71  82   0   0  17 0.00  0.0    0  4.0 16 200   M    M   2 12     20 200
 8  95  72  84   2   0  19 0.00  0.0    0  4.6 14 200   M    M   1 1      18 200
 9  96  72  84   2   0  19 0.00  0.0    0  3.0 12 200   M    M   0 1      14 210
10  95  74  85   3   0  20 0.00  0.0    0  2.7 14  60   M    M   1 13     18  50
11  99  72  86   4   0  21 0.00  0.0    0  2.9 14 270   M    M   1 138    18 270
12  98  75  87   5   0  22 0.00  0.0    0  2.6 12 170   M    M   3 13     18 170
13  99  74  87   5   0  22    T  0.0    0  3.9 14 250   M    M   1 1      17 270
14  99  73  86   4   0  21 0.00  0.0    0  6.6 37  10   M    M   2 13     46  10
15 100  72  86   4   0  21    T  0.0    0  5.6 15 280   M    M   2        20 260
16  96  72  84   2   0  19 0.00  0.0    0  3.1 17 230   M    M   2 3      23 230
17 100  74  87   5   0  22 0.00  0.0    0  1.9 12 360   M    M   2 13     22 320
18  99  75  87   5   0  22 0.09  0.0    0  2.7 18 270   M    M   2 138    23 270
19  96  74  85   3   0  20 0.04  0.0    0  4.0 24 330   M    M   1 13     36 320
20 100  74  87   5   0  22 0.00  0.0    0  4.5 15 180   M    M   1 1      18 180
21 101  76  89   7   0  24 0.00  0.0    0  4.2 24 320   M    M   1 13     36 320
22  99  74  87   5   0  22 0.13  0.0    0  3.7 25 250   M    M   3 138    30 240
23  95  74  85   3   0  20 0.97  0.0    0  3.3 23 310   M    M   2 138    31 320
24  93  74  84   2   0  19 0.23  0.0    0  2.8 23 340   M    M   6 1238   29 340
25  96  73  85   3   0  20 0.00  0.0    0  2.9 14  20   M    M   1 1      17  10
26  95  73  84   2   0  19 0.04  0.0    0  3.6 15  90   M    M   3 18     20 100
27  95  73  84   2   0  19 0.00  0.0    0  2.3 10  10   M    M   1 1      14  30
28  99  75  87   5   0  22 0.00  0.0    0  1.7 13  60   M    M   1 18     16 240
================================================================================
SM 2663 2037         0 537  2.18     0.0 111.8          M       59
================================================================================
AV 95.1 72.8                               4.0 FASTST   M    M   2    MAX(MPH)
                                 MISC ---->  # 37  10               # 46   10
================================================================================
NOTES:
# LAST OF SEVERAL OCCURRENCES

COLUMN 17 PEAK WIND IN M.P.H.

PRELIMINARY LOCAL CLIMATOLOGICAL DATA (WS FORM: F-6) , PAGE 2

                                          STATION:  TUSCALOOSA
                                          MONTH:    JULY
                                          YEAR:     2015
                                          LATITUDE:   33 13 N
                                          LONGITUDE:  87 37 W

[TEMPERATURE DATA]      [PRECIPITATION DATA]       SYMBOLS USED IN COLUMN 16

AVERAGE MONTHLY: 83.9   TOTAL FOR MONTH:   2.18    1 = FOG OR MIST
DPTR FM NORMAL:   2.1   DPTR FM NORMAL:   -1.84    2 = FOG REDUCING VISIBILITY
HIGHEST:   101 ON 21    GRTST 24HR  1.06 ON 23-24      TO 1/4 MILE OR LESS
LOWEST:     66 ON  6                               3 = THUNDER
                        SNOW, ICE PELLETS, HAIL    4 = ICE PELLETS
                        TOTAL MONTH:   0.0 INCH    5 = HAIL
                        GRTST 24HR     0.0         6 = FREEZING RAIN OR DRIZZLE
                        GRTST DEPTH:   0           7 = DUSTSTORM OR SANDSTORM:
                                                       VSBY 1/2 MILE OR LESS
                                                   8 = SMOKE OR HAZE
[NO. OF DAYS WITH]      [WEATHER - DAYS WITH]      9 = BLOWING SNOW
                                                   X = TORNADO
MAX 32 OR BELOW:   0    0.01 INCH OR MORE:  10
MAX 90 OR ABOVE:  24    0.10 INCH OR MORE:   5
MIN 32 OR BELOW:   0    0.50 INCH OR MORE:   1
MIN  0 OR BELOW:   0    1.00 INCH OR MORE:   0

[HDD (BASE 65) ]
TOTAL THIS MO.     0    CLEAR  (SCALE 0-3)  24
DPTR FM NORMAL     0    PTCLDY (SCALE 4-7)   4
TOTAL FM JUL 1     0    CLOUDY (SCALE 8-10)  0
DPTR FM NORMAL     0

[CDD (BASE 65) ]
TOTAL THIS MO.   537
DPTR FM NORMAL    68    [PRESSURE DATA]
TOTAL FM JAN 1  1368    HIGHEST SLP M ON M
DPTR FM NORMAL   185    LOWEST  SLP 29.75 ON 14

[REMARKS]
