000
CXUS54 KEPZ 231200
CF6TCS
PRELIMINARY LOCAL CLIMATOLOGICAL DATA (WS FORM: F-6)

                                          STATION:   TRUTH OR CONSEQUENCES
                                          MONTH:     APRIL
                                          YEAR:      2014
                                          LATITUDE:   33 13 N
                                          LONGITUDE: 107 16 W

  TEMPERATURE IN F:       :PCPN:    SNOW:  WIND      :SUNSHINE: SKY     :PK WND
================================================================================
1   2   3   4   5  6A  6B    7    8   9   10  11  12  13   14  15   16   17  18
                                     12Z  AVG MX 2MIN
DY MAX MIN AVG DEP HDD CDD  WTR  SNW DPTH SPD SPD DIR MIN PSBL S-S WX    SPD DR
================================================================================

 1  77  42  60   4   5   0 0.00  0.0    0 10.7 26 260   M    M   0        41 220
 2  74  45  60   4   5   0 0.00  0.0    0 15.4 38 220   M    M   0        50 220
 3  63  41  52  -4  13   0 0.00  0.0    0 10.5 23 290   M    M   0        29 290
 4  67  34  51  -5  14   0 0.00  0.0    0  9.2 24 190   M    M   0        33 190
 5  69  39  54  -3  11   0 0.00  0.0    0 12.0 28 170   M    M   1        38 170
 6  70  42  56  -1   9   0    T    M    0 10.8 23 300   M    M   2 8      34 310
 7  74  46  60   3   5   0 0.00  0.0    0 12.7 25  30   M    M   0        35  10
 8  77  43  60   3   5   0 0.00  0.0    0  8.0 22 180   M    M   0        26 170
 9  84  45  65   7   0   0 0.00  0.0    0  9.1 24 160   M    M   0        31 160
10  85  59  72  14   0   7 0.00  0.0    0 10.1 20 280   M    M   0        26 180
11  84  52  68  10   0   3 0.00  0.0    0  9.2 28 160   M    M   0        35 160
12  80  55  68  10   0   3 0.00  0.0    0 11.5 30 210   M    M   1        38 220
13  80  47  64   5   1   0 0.00  0.0    0 12.3 28 250   M    M   0        38 220
14  63  46  55  -4  10   0 0.00  0.0    0  9.2 18  30   M    M   0        26  20
15  69  34  52  -7  13   0 0.00  0.0    0 11.2 28 160   M    M   0        35 180
16  82  43  63   3   2   0 0.00  0.0    0  9.6 23 290   M    M   0        29 280
17  75  49  62   2   3   0 0.00  0.0    0  8.5 22  10   M    M   0        28 360
18  78  48  63   3   2   0 0.00  0.0    0  7.4 25 180   M    M   2        40 170
19  66  51  59  -1   6   0 0.27  0.0    0  8.4 28 180   M    M   7 13     38 180
20  72  50  61   0   4   0    T  0.0    0  7.1 16 210   M    M   3 3      20 220
21  83  54  69   8   0   4 0.00  0.0    0  5.3 15 280   M    M   1        20 110
22  84  52  68   7   0   3 0.00  0.0    0  9.6 29 170   M    M   0        36 170
================================================================================
SM 1656 1017       108  20  0.27     0.0 217.8          M       17
================================================================================
AV 75.3 46.2                               9.9 FASTST   M    M   1    MAX(MPH)
                                 MISC ---->  # 38 220               # 50  220
================================================================================
NOTES:
# LAST OF SEVERAL OCCURRENCES

COLUMN 17 PEAK WIND IN M.P.H.

PRELIMINARY LOCAL CLIMATOLOGICAL DATA (WS FORM: F-6) , PAGE 2

                                          STATION:  TRUTH OR CONSEQUENCES
                                          MONTH:    APRIL
                                          YEAR:     2014
                                          LATITUDE:   33 13 N
                                          LONGITUDE: 107 16 W

[TEMPERATURE DATA]      [PRECIPITATION DATA]       SYMBOLS USED IN COLUMN 16

AVERAGE MONTHLY: 60.8   TOTAL FOR MONTH:   0.27    1 = FOG OR MIST
DPTR FM NORMAL:   2.4   DPTR FM NORMAL:    0.04    2 = FOG REDUCING VISIBILITY
HIGHEST:    85 ON 10    GRTST 24HR  0.27 ON 19-19      TO 1/4 MILE OR LESS
LOWEST:     34 ON 15, 4                            3 = THUNDER
                        SNOW, ICE PELLETS, HAIL    4 = ICE PELLETS
                        TOTAL MONTH:   0.0 INCH    5 = HAIL
                        GRTST 24HR     0.0         6 = FREEZING RAIN OR DRIZZLE
                        GRTST DEPTH:   0           7 = DUSTSTORM OR SANDSTORM:
                                                       VSBY 1/2 MILE OR LESS
                                                   8 = SMOKE OR HAZE
[NO. OF DAYS WITH]      [WEATHER - DAYS WITH]      9 = BLOWING SNOW
                                                   X = TORNADO
MAX 32 OR BELOW:   0    0.01 INCH OR MORE:   1
MAX 90 OR ABOVE:   0    0.10 INCH OR MORE:   1
MIN 32 OR BELOW:   0    0.50 INCH OR MORE:   0
MIN  0 OR BELOW:   0    1.00 INCH OR MORE:   0

[HDD (BASE 65) ]
TOTAL THIS MO.   108    CLEAR  (SCALE 0-3)  20
DPTR FM NORMAL   -45    PTCLDY (SCALE 4-7)   2
TOTAL FM JUL 1  2835    CLOUDY (SCALE 8-10)  0
DPTR FM NORMAL  -371

[CDD (BASE 65) ]
TOTAL THIS MO.    20
DPTR FM NORMAL    14    [PRESSURE DATA]
TOTAL FM JAN 1    21    HIGHEST SLP M ON M
DPTR FM NORMAL    14    LOWEST  SLP 29.52 ON 13

[REMARKS]
