000
CXUS54 KFWD 300730
CF6TKI
PRELIMINARY LOCAL CLIMATOLOGICAL DATA (WS FORM: F-6)

                                          STATION:   MCKINNEY
                                          MONTH:     JUNE
                                          YEAR:      2015
                                          LATITUDE:   33 10 N
                                          LONGITUDE:  96 35 W

  TEMPERATURE IN F:       :PCPN:    SNOW:  WIND      :SUNSHINE: SKY     :PK WND
================================================================================
1   2   3   4   5  6A  6B    7    8   9   10  11  12  13   14  15   16   17  18
                                     12Z  AVG MX 2MIN
DY MAX MIN AVG DEP HDD CDD  WTR  SNW DPTH SPD SPD DIR MIN PSBL S-S WX    SPD DR
================================================================================

 1  82  58  70  -6   0   5 0.00  0.0    0  2.7  9  80   M    M   0        13 160
 2  86  63  75  -2   0  10 0.00  0.0    0  6.9 16 150   M    M   0        20 150
 3  88  67  78   1   0  13 0.00  0.0    0  8.7 17 180   M    M   0        21 160
 4  90  69  80   3   0  15 0.00  0.0    0  6.4 15 150   M    M   0        20 140
 5  91  70  81   4   0  16 0.00  0.0    0  5.3 12 160   M    M   0 1      16 160
 6  91  70  81   3   0  16 0.00  0.0    0  4.4 13 160   M    M   0 1      17 140
 7  94  70  82   4   0  17 0.00  0.0    0  6.7 16 170   M    M   0 18     20 250
 8  96  71  84   6   0  19 0.00  0.0    0  5.2 14 230   M    M   1        19 240
 9  99  73  86   8   0  21 0.00  0.0    0  3.0 13 160   M    M   0        17  10
10  96  73  85   7   0  20 0.00  0.0    0  5.8 16 150   M    M   0        20 150
11  93  73  83   4   0  18 0.00  0.0    0 11.9 23 160   M    M   0        27 150
12  92  77  85   6   0  20 0.00  0.0    0 12.6 20 150   M    M   3        24 150
13  92  72  82   3   0  17 0.05  0.0    0 10.6 24 170   M    M   5 13     29 170
14  90  76  83   4   0  18    T  0.0    0 13.0 28 170   M    M   5        33 170
15  90  76  83   4   0  18    T  0.0    0  9.0 18 130   M    M   4        25 130
16  83  74  79  -1   0  14 0.53  0.0    0  6.3 20 120   M    M   7 13     29 140
17  80  73  77  -3   0  12 1.46  0.0    0 17.1 39 180   M    M   9 1      50 170
18  92  74  83   3   0  18 0.06  0.0    0 11.3 28 210   M    M   4        36 220
19  94  72  83   3   0  18 0.00  0.0    0  6.4 13 180   M    M   1        16 180
20  85  72  79  -1   0  14 0.13  0.0    0 10.1 32 180   M    M   1 13     42 180
21  79  72  76  -4   0  11 1.01  0.0    0  8.3 30 170   M    M   6 13     35 180
22  92  72  82   2   0  17 0.00  0.0    0 11.7 21 180   M    M   3        25 180
23  91  73  82   2   0  17 0.00  0.0    0  6.9 15 150   M    M   0        18 150
24  93  74  84   3   0  19 0.00  0.0    0  7.9 17 150   M    M   0 1      21 150
25  94  73  84   3   0  19 0.00  0.0    0  8.4 18 140   M    M   0        22 140
26  96  73  85   4   0  20 0.07  0.0    0  7.5 22 350   M    M   2 38     27 340
27  89  71  80  -1   0  15 0.11  0.0    0  6.9 17 360   M    M   3 13     23  30
28  90  67  79  -2   0  14 0.00  0.0    0  3.3 10 160   M    M   0        17 140
29  94  70  82   1   0  17 0.00  0.0    0  5.3 13 240   M    M   0        20 230
================================================================================
SM 2622 2068         0 468  3.42     0.0 229.6          M       54
================================================================================
AV 90.4 71.3                               7.9 FASTST   M    M   2    MAX(MPH)
                                 MISC ---->  # 39 180               # 50  170
================================================================================
NOTES:
# LAST OF SEVERAL OCCURRENCES

COLUMN 17 PEAK WIND IN M.P.H.

PRELIMINARY LOCAL CLIMATOLOGICAL DATA (WS FORM: F-6) , PAGE 2

                                          STATION:  MCKINNEY
                                          MONTH:    JUNE
                                          YEAR:     2015
                                          LATITUDE:   33 10 N
                                          LONGITUDE:  96 35 W

[TEMPERATURE DATA]      [PRECIPITATION DATA]       SYMBOLS USED IN COLUMN 16

AVERAGE MONTHLY: 80.9   TOTAL FOR MONTH:   3.42    1 = FOG OR MIST
DPTR FM NORMAL:   1.7   DPTR FM NORMAL:   -0.55    2 = FOG REDUCING VISIBILITY
HIGHEST:    99 ON  9    GRTST 24HR  1.46 ON 17-17      TO 1/4 MILE OR LESS
LOWEST:     58 ON  1                               3 = THUNDER
                        SNOW, ICE PELLETS, HAIL    4 = ICE PELLETS
                        TOTAL MONTH:   0.0 INCH    5 = HAIL
                        GRTST 24HR     0.0         6 = FREEZING RAIN OR DRIZZLE
                        GRTST DEPTH:   0           7 = DUSTSTORM OR SANDSTORM:
                                                       VSBY 1/2 MILE OR LESS
                                                   8 = SMOKE OR HAZE
[NO. OF DAYS WITH]      [WEATHER - DAYS WITH]      9 = BLOWING SNOW
                                                   X = TORNADO
MAX 32 OR BELOW:   0    0.01 INCH OR MORE:   8
MAX 90 OR ABOVE:  21    0.10 INCH OR MORE:   5
MIN 32 OR BELOW:   0    0.50 INCH OR MORE:   3
MIN  0 OR BELOW:   0    1.00 INCH OR MORE:   2

[HDD (BASE 65) ]
TOTAL THIS MO.     0    CLEAR  (SCALE 0-3)  21
DPTR FM NORMAL     0    PTCLDY (SCALE 4-7)   7
TOTAL FM JUL 1  2645    CLOUDY (SCALE 8-10)  1
DPTR FM NORMAL     4

[CDD (BASE 65) ]
TOTAL THIS MO.   468
DPTR FM NORMAL    57    [PRESSURE DATA]
TOTAL FM JAN 1   771    HIGHEST SLP M ON M
DPTR FM NORMAL    36    LOWEST  SLP 29.59 ON 17

[REMARKS]
