000
CXUS52 KMFL 011000
CF6TMB
PRELIMINARY LOCAL CLIMATOLOGICAL DATA (WS FORM: F-6)

                                          STATION:   KENDALL-TAMIAMI EXEC ARPT
                                          MONTH:     FEBRUARY
                                          YEAR:      2015
                                          LATITUDE:   25 38 N
                                          LONGITUDE:  80 26 W

  TEMPERATURE IN F:       :PCPN:    SNOW:  WIND      :SUNSHINE: SKY     :PK WND
================================================================================
1   2   3   4   5  6A  6B    7    8   9   10  11  12  13   14  15   16   17  18
                                     12Z  AVG MX 2MIN
DY MAX MIN AVG DEP HDD CDD  WTR  SNW DPTH SPD SPD DIR MIN PSBL S-S WX    SPD DR
================================================================================

 1  77  59  68   1   0   3 0.00  0.0    0  9.8 20 120   M    M   3        27 120
 2  84  64  74   7   0   9 0.27  0.0    0  7.5 22 270   M    M   4 1      27 260
 3  79  55  67   0   0   2 0.00  0.0    0  9.6 17  70   M    M   1        22  80
 4  79  60  70   3   0   5 0.00  0.0    0  7.3 17  90   M    M   5        22 100
 5  73  63  68   1   0   3 0.22  0.0    0 10.2 23 250   M    M   4 13     31 260
 6  78  57  68   1   0   3    T  0.0    0 13.2 23  50   M    M   4        28  50
 7  75  57  66  -2   0   1    T  0.0    0  9.6 23  80   M    M   3        27  80
 8  78  55  67  -1   0   2 0.00  0.0    0  4.9 17 100   M    M   3        22 100
 9  80  61  71   3   0   6 0.44  0.0    0  5.7 18 220   M    M   4 1      23 230
10  78  52  65  -3   0   0 0.00  0.0    0 14.0 29 300   M    M   3        34 300
11  74  46  60  -8   5   0 0.00  0.0    0  7.2 15 350   M    M   1 12     18 360
12  77  51  64  -4   1   0 0.00  0.0    0  5.1 13 320   M    M   2        16 340
13  77  48  63  -5   2   0 0.00  0.0    0  8.1 20 270   M    M   0 1      25 270
14  67  41  54 -14  11   0 0.00  0.0    0  9.1 21 360   M    M   0 1      24 360
15  76  42  59  -9   6   0 0.00  0.0    0  5.9 18 350   M    M   0 1      24  10
16  77  52  65  -4   0   0 0.00  0.0    0  6.4 22 120   M    M   2 1      26 120
17  85  58  72   3   0   7    T  0.0    0  7.3 23 270   M    M   2 1      29 260
18  71  50  61  -8   4   0 0.37  0.0    0 10.5 24 350   M    M   5 13     28 360
19  62  41  52 -17  13   0 0.00  0.0    0 13.8 31 360   M    M   0        38 360
20  68  40  54 -15  11   0 0.00  0.0    0 11.8 22  40   M    M   4        29  50
21  76  61  69   0   0   4    T  0.0    0 11.7 23 120   M    M   9        30 120
22  82  65  74   5   0   9 0.00  0.0    0  7.8 16 130   M    M   6        24 110
23  85  65  75   6   0  10 0.01  0.0    0  4.7 15  90   M    M   7 12     17 100
24  86  62  74   5   0   9 0.00  0.0    0  5.9 15 230   M    M   2 12     20 210
25  86  59  73   4   0   8 0.00  0.0    0  6.1 15 180   M    M   4 12     21 170
26  87  73  80  11   0  15 0.08  0.0    0 10.9 23 240   M    M   3 18     32 220
27  81  66  74   5   0   9 0.02  0.0    0  8.7 17 350   M    M   8 1      20  20
28  82  64  73   4   0   8 0.12  0.0    0 11.5 18  90   M    M   9 1      23  80
================================================================================
SM 2180 1567        53 113  1.53     0.0 244.3          M       98
================================================================================
AV 77.9 56.0                               8.7 FASTST   M    M   4    MAX(MPH)
                                 MISC ---->  # 31 360               # 38  360
================================================================================
NOTES:
# LAST OF SEVERAL OCCURRENCES

COLUMN 17 PEAK WIND IN M.P.H.

PRELIMINARY LOCAL CLIMATOLOGICAL DATA (WS FORM: F-6) , PAGE 2

                                          STATION:  KENDALL-TAMIAMI EXEC ARPT
                                          MONTH:    FEBRUARY
                                          YEAR:     2015
                                          LATITUDE:   25 38 N
                                          LONGITUDE:  80 26 W

[TEMPERATURE DATA]      [PRECIPITATION DATA]       SYMBOLS USED IN COLUMN 16

AVERAGE MONTHLY: 66.9   TOTAL FOR MONTH:   1.53    1 = FOG OR MIST
DPTR FM NORMAL:  -1.4   DPTR FM NORMAL:   -0.97    2 = FOG REDUCING VISIBILITY
HIGHEST:    87 ON 26    GRTST 24HR  0.44 ON  9- 9      TO 1/4 MILE OR LESS
LOWEST:     40 ON 20                               3 = THUNDER
                        SNOW, ICE PELLETS, HAIL    4 = ICE PELLETS
                        TOTAL MONTH:   0.0 INCH    5 = HAIL
                        GRTST 24HR     0.0         6 = FREEZING RAIN OR DRIZZLE
                        GRTST DEPTH:   0           7 = DUSTSTORM OR SANDSTORM:
                                                       VSBY 1/2 MILE OR LESS
                                                   8 = SMOKE OR HAZE
[NO. OF DAYS WITH]      [WEATHER - DAYS WITH]      9 = BLOWING SNOW
                                                   X = TORNADO
MAX 32 OR BELOW:   0    0.01 INCH OR MORE:   8
MAX 90 OR ABOVE:   0    0.10 INCH OR MORE:   5
MIN 32 OR BELOW:   0    0.50 INCH OR MORE:   0
MIN  0 OR BELOW:   0    1.00 INCH OR MORE:   0

[HDD (BASE 65) ]
TOTAL THIS MO.    53    CLEAR  (SCALE 0-3)  14
DPTR FM NORMAL    17    PTCLDY (SCALE 4-7)  12
TOTAL FM JUL 1   122    CLOUDY (SCALE 8-10)  2
DPTR FM NORMAL   -56

[CDD (BASE 65) ]
TOTAL THIS MO.   113
DPTR FM NORMAL   -15    [PRESSURE DATA]
TOTAL FM JAN 1   286    HIGHEST SLP 30.36 ON 20
DPTR FM NORMAL    67    LOWEST  SLP 29.72 ON 10

[REMARKS]
#FINAL-02-15#
