000
CXUS52 KMFL 261000
CF6TMB
PRELIMINARY LOCAL CLIMATOLOGICAL DATA (WS FORM: F-6)

                                          STATION:   KENDALL-TAMIAMI EXEC ARPT
                                          MONTH:     MAY
                                          YEAR:      2015
                                          LATITUDE:   25 38 N
                                          LONGITUDE:  80 26 W

  TEMPERATURE IN F:       :PCPN:    SNOW:  WIND      :SUNSHINE: SKY     :PK WND
================================================================================
1   2   3   4   5  6A  6B    7    8   9   10  11  12  13   14  15   16   17  18
                                     12Z  AVG MX 2MIN
DY MAX MIN AVG DEP HDD CDD  WTR  SNW DPTH SPD SPD DIR MIN PSBL S-S WX    SPD DR
================================================================================

 1  85  65  75   0   0  10 0.00  0.0    0  8.7 17 330   M    M   1        24 360
 2  83  64  74  -1   0   9 0.00  0.0    0 10.6 22 100   M    M   3        26  90
 3  83  64  74  -1   0   9 0.00  0.0    0 12.8 24  90   M    M   2        31 100
 4  80  69  75   0   0  10    T  0.0    0 13.1 24  80   M    M   1        33  80
 5  80  68  74  -1   0   9 0.44  0.0    0  8.5 16  80   M    M   6 1      20  50
 6  87  65  76   0   0  11    T  0.0    0  6.9 15  90   M    M   3        23  40
 7  90  65  78   2   0  13 0.02  0.0    0  5.1 21  20   M    M   2 13     27  90
 8  89  66  78   2   0  13 0.00  0.0    0  4.9 15 150   M    M   1 1      20 140
 9  89  64  77   1   0  12 0.00  0.0    0  5.8 16 120   M    M   1 1      21 130
10  89  72  81   5   0  16 0.00  0.0    0  8.4 17 110   M    M   3        24 100
11  88  74  81   5   0  16 0.00  0.0    0 11.7 21 110   M    M   2        25 100
12  88  73  81   5   0  16 0.09  0.0    0 11.6 20 100   M    M   2 13     25 110
13  89  75  82   5   0  17 0.01  0.0    0 11.2 17  90   M    M   3        22 100
14  89  73  81   4   0  16 0.04  0.0    0 11.4 20  80   M    M   2 1      25  80
15  88  72  80   3   0  15    T  0.0    0 12.2 22 100   M    M   2        27  80
16  88  70  79   2   0  14 0.01  0.0    0 10.7 18 100   M    M   1 1      24  90
17  88  76  82   5   0  17    T  0.0    0 12.0 21 120   M    M   4        25  90
18  88  70  79   1   0  14 0.00  0.0    0 10.2 21 110   M    M   2        26 110
19  89  70  80   2   0  15 0.00  0.0    0  7.9 21 100   M    M   2        28  90
20  91  66  79   1   0  14 0.00  0.0    0  4.5 16 100   M    M   1        19 130
21  96  72  84   6   0  19 0.00  0.0    0  6.5 24 100   M    M   3 3      29  90
22  93  73  83   5   0  18 0.08  0.0    0  5.4 21 320   M    M   1 138    27 320
23  91  70  81   3   0  16 0.00  0.0    0  9.7 18 110   M    M   1 18     25 110
24  90  74  82   4   0  17    T  0.0    0 13.3 21 110   M    M   2        27 100
25  91  79  85   6   0  20    T  0.0    0 13.4 22  90   M    M   3        27 100
================================================================================
SM 2202 1749         0 356  0.69     0.0 236.5          M       54
================================================================================
AV 88.1 70.0                               9.5 FASTST   M    M   2    MAX(MPH)
                                 MISC ---->  # 24  90               # 33   80
================================================================================
NOTES:
# LAST OF SEVERAL OCCURRENCES

COLUMN 17 PEAK WIND IN M.P.H.

PRELIMINARY LOCAL CLIMATOLOGICAL DATA (WS FORM: F-6) , PAGE 2

                                          STATION:  KENDALL-TAMIAMI EXEC ARPT
                                          MONTH:    MAY
                                          YEAR:     2015
                                          LATITUDE:   25 38 N
                                          LONGITUDE:  80 26 W

[TEMPERATURE DATA]      [PRECIPITATION DATA]       SYMBOLS USED IN COLUMN 16

AVERAGE MONTHLY: 79.0   TOTAL FOR MONTH:   0.69    1 = FOG OR MIST
DPTR FM NORMAL:   2.3   DPTR FM NORMAL:   -3.02    2 = FOG REDUCING VISIBILITY
HIGHEST:    96 ON 21    GRTST 24HR  0.44 ON  5- 5      TO 1/4 MILE OR LESS
LOWEST:     64 ON  9, 3                            3 = THUNDER
                        SNOW, ICE PELLETS, HAIL    4 = ICE PELLETS
                        TOTAL MONTH:   0.0 INCH    5 = HAIL
                        GRTST 24HR     0.0         6 = FREEZING RAIN OR DRIZZLE
                        GRTST DEPTH:   0           7 = DUSTSTORM OR SANDSTORM:
                                                       VSBY 1/2 MILE OR LESS
                                                   8 = SMOKE OR HAZE
[NO. OF DAYS WITH]      [WEATHER - DAYS WITH]      9 = BLOWING SNOW
                                                   X = TORNADO
MAX 32 OR BELOW:   0    0.01 INCH OR MORE:   7
MAX 90 OR ABOVE:   7    0.10 INCH OR MORE:   1
MIN 32 OR BELOW:   0    0.50 INCH OR MORE:   0
MIN  0 OR BELOW:   0    1.00 INCH OR MORE:   0

[HDD (BASE 65) ]
TOTAL THIS MO.     0    CLEAR  (SCALE 0-3)  22
DPTR FM NORMAL     0    PTCLDY (SCALE 4-7)   3
TOTAL FM JUL 1   122    CLOUDY (SCALE 8-10)  0
DPTR FM NORMAL   -80

[CDD (BASE 65) ]
TOTAL THIS MO.   356
DPTR FM NORMAL    65    [PRESSURE DATA]
TOTAL FM JAN 1  1350    HIGHEST SLP M ON M
DPTR FM NORMAL   433    LOWEST  SLP 29.86 ON  1

[REMARKS]
