000
CXUS54 KBMX 241216
CF6TOI
PRELIMINARY LOCAL CLIMATOLOGICAL DATA (WS FORM: F-6)

                                          STATION:   TROY
                                          MONTH:     SEPTEMBER
                                          YEAR:      2017
                                          LATITUDE:   31 51 N
                                          LONGITUDE:  86  1 W

  TEMPERATURE IN F:       :PCPN:    SNOW:  WIND      :SUNSHINE: SKY     :PK WND
================================================================================
1   2   3   4   5  6A  6B    7    8   9   10  11  12  13   14  15   16   17  18
                                     12Z  AVG MX 2MIN
DY MAX MIN AVG DEP HDD CDD  WTR  SNW DPTH SPD SPD DIR MIN PSBL S-S WX    SPD DR
================================================================================

 1  86  69  78  -1   0  13 0.00  0.0    0  6.5 17 240   M    M   3        22 230
 2  87  66  77  -2   0  12 0.00  0.0    0  1.7  9  10   M    M   2 1      12  10
 3  88  65  77  -2   0  12 0.00  0.0    0  2.1 10 350   M    M   1 1      13 340
 4  89  66  78   0   0  13 0.00  0.0    0  1.8  9 160   M    M   2 1      11 160
 5  89  67  78   0   0  13 0.01  0.0    0  3.7 17 310   M    M   2 13     23 310
 6  79  56  68 -10   0   3    T  0.0    0  5.3 14 340   M    M   4        18 340
 7  80  51  66 -12   0   1 0.00  0.0    0  3.6 14  20   M    M   0 1      20 350
 8  84  51  68 -10   0   3 0.00  0.0    0  3.8 14  50   M    M   1        17  30
 9  82  59  71  -6   0   6 0.00  0.0    0  7.4 18  40   M    M   1        27  90
10  78  66  72  -5   0   7    T  0.0    0 11.1 18  50   M    M  10        35  60
11  63  58  61 -16   4   0 2.40  0.0    0 17.1 33 330   M    M   M        45 340
12  79  57  68  -9   0   3    T  0.0    0  6.7 15 200   M    M   M        21 210
13  81  53  67  -9   0   2 0.00  0.0    0  1.5 13 200   M    M   M 1      17 210
14  86  59  73  -3   0   8 0.00  0.0    0  1.8 10 190   M    M   1 18     13 220
15  88  63  76   0   0  11 0.00  0.0    0  3.8 18 170   M    M   4 13     24 170
16  88  66  77   1   0  12 0.39  0.0    0  2.7 18 100   M    M   4 13     24 120
17  89  66  78   3   0  13 0.00  0.0    0  1.0  9 100   M    M   3 12     12 140
18  90  68  79   4   0  14 0.00  0.0    0  1.2  9 140   M    M   5 1      12 140
19  89  68  79   5   0  14 0.53  0.0    0  2.2 21 360   M    M   4 123    24 350
20  90  67  79   5   0  14 0.00  0.0    0  2.1  9  10   M    M   3 12     12 330
21  92  68  80   6   0  15 0.00  0.0    0  2.5 10  20   M    M   1 1      13  10
22  90  67  79   5   0  14 0.00  0.0    0  2.2  9 100   M    M   0 1      12  50
23  89  67  78   5   0  13    T  0.0    0  3.3 16  50   M    M   0 13     20  40
================================================================================
SM 1956 1443         4 216  3.33     0.0  95.1          M       51
================================================================================
AV 85.0 62.7                               4.1 FASTST   M    M   3    MAX(MPH)
                                 MISC ---->  # 33 330               # 45  340
================================================================================
NOTES:
# LAST OF SEVERAL OCCURRENCES

COLUMN 17 PEAK WIND IN M.P.H.

PRELIMINARY LOCAL CLIMATOLOGICAL DATA (WS FORM: F-6) , PAGE 2

                                          STATION:  TROY
                                          MONTH:    SEPTEMBER
                                          YEAR:     2017
                                          LATITUDE:   31 51 N
                                          LONGITUDE:  86  1 W

[TEMPERATURE DATA]      [PRECIPITATION DATA]       SYMBOLS USED IN COLUMN 16

AVERAGE MONTHLY: 73.9   TOTAL FOR MONTH:   3.33    1 = FOG OR MIST
DPTR FM NORMAL:  -2.5   DPTR FM NORMAL:    0.18    2 = FOG REDUCING VISIBILITY
HIGHEST:    92 ON 21    GRTST 24HR  2.40 ON 11-11      TO 1/4 MILE OR LESS
LOWEST:     51 ON  8, 7                            3 = THUNDER
                        SNOW, ICE PELLETS, HAIL    4 = ICE PELLETS
                        TOTAL MONTH:   0.0 INCH    5 = HAIL
                        GRTST 24HR     0.0         6 = FREEZING RAIN OR DRIZZLE
                        GRTST DEPTH:   0           7 = DUSTSTORM OR SANDSTORM:
                                                       VSBY 1/2 MILE OR LESS
                                                   8 = SMOKE OR HAZE
[NO. OF DAYS WITH]      [WEATHER - DAYS WITH]      9 = BLOWING SNOW
                                                   X = TORNADO
MAX 32 OR BELOW:   0    0.01 INCH OR MORE:   4
MAX 90 OR ABOVE:   4    0.10 INCH OR MORE:   3
MIN 32 OR BELOW:   0    0.50 INCH OR MORE:   2
MIN  0 OR BELOW:   0    1.00 INCH OR MORE:   1

[HDD (BASE 65) ]
TOTAL THIS MO.     4    CLEAR  (SCALE 0-3)  12
DPTR FM NORMAL     4    PTCLDY (SCALE 4-7)   7
TOTAL FM JUL 1     4    CLOUDY (SCALE 8-10)  1
DPTR FM NORMAL     4

[CDD (BASE 65) ]
TOTAL THIS MO.   216
DPTR FM NORMAL   -49    [PRESSURE DATA]
TOTAL FM JAN 1  1924    HIGHEST SLP M ON M
DPTR FM NORMAL    25    LOWEST  SLP 29.55 ON 12

[REMARKS]
