000
CXUS51 KCLE 221338
CF6TOL
PRELIMINARY LOCAL CLIMATOLOGICAL DATA (WS FORM: F-6)

                                          STATION:   TOLEDO OH
                                          MONTH:     DECEMBER
                                          YEAR:      2014
                                          LATITUDE:   41 35 N
                                          LONGITUDE:  83 48 W

  TEMPERATURE IN F:       :PCPN:    SNOW:  WIND      :SUNSHINE: SKY     :PK WND
================================================================================
1   2   3   4   5  6A  6B    7    8   9   10  11  12  13   14  15   16   17  18
                                     12Z  AVG MX 2MIN
DY MAX MIN AVG DEP HDD CDD  WTR  SNW DPTH SPD SPD DIR MIN PSBL S-S WX    SPD DR
================================================================================

 1  42  20  31  -4  34   0 0.00  0.0    0 10.2 17 300   M    M   4 1      21 320
 2  31  19  25  -9  40   0 0.00  0.0    0  8.1 18  90   M    M   9 1      23  80
 3  40  24  32  -2  33   0    T    T    0 12.7 26 250   M    M   4 1      33 240
 4  34  24  29  -5  36   0 0.00  0.0    0  5.5 10 100   M    M   4        13  80
 5  40  32  36   3  29   0    T  0.0    0  2.8  9  90   M    M  10 8      12  90
 6  40  28  34   1  31   0 0.05  0.0    0  9.9 21  10   M    M   7 18     29  20
 7  36  21  29  -3  36   0 0.00  0.0    0  8.5 16  70   M    M   0        20  70
 8  41  25  33   1  32   0 0.09  0.0    0  4.5 13 210   M    M   3 1      16 210
 9  38  34  36   4  29   0 0.01  0.0    0  7.2 15 360   M    M   9 1      21 360
10  34  20  27  -4  38   0 0.00  0.0    0  9.9 17  20   M    M   8        23 360
11  39  18  29  -2  36   0 0.00  0.0    0 11.5 20 270   M    M   0 18     26 280
12  35  24  30   0  35   0 0.00  0.0    0 10.0 16 270   M    M   8 18     18 270
13  45  31  38   8  27   0 0.00  0.0    0 11.2 17 260   M    M  10 18     21 260
14  53  44  49  19  16   0 0.00  0.0    0  8.4 15 280   M    M  10 18     18 240
15  50  40  45  15  20   0 0.12  0.0    0  5.1 12 200   M    M   6 18     15 200
16  47  39  43  14  22   0 0.16  0.0    0 10.7 22 280   M    M  10 1      31 290
17  39  29  34   5  31   0    T    T    0 15.2 24 260   M    M  10        32 280
18  31  28  30   1  35   0 0.00  0.0    0  9.4 15 260   M    M  10        21 280
19  30  28  29   1  36   0 0.00  0.0    0  2.6 10 280   M    M  10 18     13 280
20  31  27  29   1  36   0 0.00  0.0    0  0.8  6 160   M    M  10 8       8 170
21  34  18  26  -2  39   0 0.00  0.0    0  1.7  7 180   M    M   5 18      9 180
================================================================================
SM  810  573       671   0  0.43    T    165.9          M      147
================================================================================
AV 38.6 27.3                               7.9 FASTST   M    M   7    MAX(MPH)
                                 MISC ---->  # 26 250               # 33  240
================================================================================
NOTES:
# LAST OF SEVERAL OCCURRENCES

COLUMN 17 PEAK WIND IN M.P.H.

PRELIMINARY LOCAL CLIMATOLOGICAL DATA (WS FORM: F-6) , PAGE 2

                                          STATION:  TOLEDO OH
                                          MONTH:    DECEMBER
                                          YEAR:     2014
                                          LATITUDE:   41 35 N
                                          LONGITUDE:  83 48 W

[TEMPERATURE DATA]      [PRECIPITATION DATA]       SYMBOLS USED IN COLUMN 16

AVERAGE MONTHLY: 32.9   TOTAL FOR MONTH:   0.43    1 = FOG OR MIST
DPTR FM NORMAL:   1.9   DPTR FM NORMAL:   -1.41    2 = FOG REDUCING VISIBILITY
HIGHEST:    53 ON 14    GRTST 24HR  0.28 ON 15-16      TO 1/4 MILE OR LESS
LOWEST:     18 ON 21,11                            3 = THUNDER
                        SNOW, ICE PELLETS, HAIL    4 = ICE PELLETS
                        TOTAL MONTH:    T          5 = HAIL
                        GRTST 24HR    T  ON 17-17  6 = FREEZING RAIN OR DRIZZLE
                        GRTST DEPTH:   0           7 = DUSTSTORM OR SANDSTORM:
                                                       VSBY 1/2 MILE OR LESS
                                                   8 = SMOKE OR HAZE
[NO. OF DAYS WITH]      [WEATHER - DAYS WITH]      9 = BLOWING SNOW
                                                   X = TORNADO
MAX 32 OR BELOW:   4    0.01 INCH OR MORE:   5
MAX 90 OR ABOVE:   0    0.10 INCH OR MORE:   2
MIN 32 OR BELOW:  17    0.50 INCH OR MORE:   0
MIN  0 OR BELOW:   0    1.00 INCH OR MORE:   0

[HDD (BASE 65) ]
TOTAL THIS MO.   671    CLEAR  (SCALE 0-3)   3
DPTR FM NORMAL   -41    PTCLDY (SCALE 4-7)   8
TOTAL FM JUL 1  2109    CLOUDY (SCALE 8-10) 10
DPTR FM NORMAL   164

[CDD (BASE 65) ]
TOTAL THIS MO.     0
DPTR FM NORMAL     0    [PRESSURE DATA]
TOTAL FM JAN 1   654    HIGHEST SLP M ON M
DPTR FM NORMAL  -139    LOWEST  SLP 29.69 ON 16

[REMARKS]
