710
CXUS56 KLKN 231009
CF6TPH
PRELIMINARY LOCAL CLIMATOLOGICAL DATA (WS FORM: F-6)

                                          STATION:   TONOPAH AIRPORT NV
                                          MONTH:     AUGUST
                                          YEAR:      2016
                                          LATITUDE:   38  3 N
                                          LONGITUDE: 117  5 W

  TEMPERATURE IN F:       :PCPN:    SNOW:  WIND      :SUNSHINE: SKY     :PK WND
================================================================================
1   2   3   4   5  6A  6B    7    8   9   10  11  12  13   14  15   16   17  18
                                     12Z  AVG MX 2MIN
DY MAX MIN AVG DEP HDD CDD  WTR  SNW DPTH SPD SPD DIR MIN PSBL S-S WX    SPD DR
================================================================================

 1  97  63  80   5   0  15 0.00    M    M  5.3 14 200   M    M   0        20 240
 2  98  62  80   5   0  15 0.00    M    M  8.4 18 200   M    M   0        24 200
 3  96  65  81   6   0  16 0.00    M    M  8.8 21 310   M    M   0        24 310
 4  94  64  79   5   0  14 0.00    M    M 11.4 28  90   M    M   1        32  90
 5  92  63  78   4   0  13 0.00    M    M 10.5 25 190   M    M   1        32 180
 6  91  54  73  -1   0   8 0.00    M    M 11.0 26 210   M    M   0        46 210
 7  90  55  73  -1   0   8 0.00    M    M  8.1 17 300   M    M   0        23 240
 8  93  53  73  -1   0   8 0.00    M    M 10.8 24 200   M    M   0        31 200
 9  90  52  71  -3   0   6 0.00    M    M  8.1 23 200   M    M   0        28 210
10  88  50  69  -5   0   4 0.00    M    M  7.4 20 240   M    M   0        28 230
11  89  55  72  -2   0   7 0.00    M    M  7.3 16  10   M    M   0        33  90
12  93  56  75   2   0  10 0.00    M    M  7.3 15  10   M    M   0        18  20
13  96  58  77   4   0  12 0.00    M    M  7.7 15 260   M    M   0        20 300
14  97  59  78   5   0  13 0.00    M    M  9.4 24 170   M    M   0        30 180
15  93  65  79   6   0  14 0.00    M    M 11.1 22 320   M    M   0        27 320
16  95  58  77   4   0  12 0.00    M    M  9.2 22 170   M    M   0        30 180
17  91  55  73   0   0   8 0.00    M    M  9.0 18 180   M    M   0        29 170
18  91  53  72   0   0   7 0.00    M    M  7.5 18 190   M    M   0        23 190
19  93  55  74   2   0   9 0.00    M    M  6.9 18  20   M    M   0        23  30
20  96  61  79   7   0  14 0.00    M    M  9.0 22 300   M    M   0        27  20
21  93  59  76   4   0  11    T    M    M  9.8 30  40   M    M   0        39  40
22  86  59  73   1   0   8    T    M    M  9.2 22 310   M    M   2        28 300
================================================================================
SM 2042 1274         0 232    T     M    193.2          M        4
================================================================================
AV 92.8 57.9                               8.8 FASTST   M    M   0    MAX(MPH)
                                 MISC ---->  # 30  40               # 46  210
================================================================================
NOTES:
# LAST OF SEVERAL OCCURRENCES

COLUMN 17 PEAK WIND IN M.P.H.

PRELIMINARY LOCAL CLIMATOLOGICAL DATA (WS FORM: F-6) , PAGE 2

                                          STATION:  TONOPAH AIRPORT NV
                                          MONTH:    AUGUST
                                          YEAR:     2016
                                          LATITUDE:   38  3 N
                                          LONGITUDE: 117  5 W

[TEMPERATURE DATA]      [PRECIPITATION DATA]       SYMBOLS USED IN COLUMN 16

AVERAGE MONTHLY: 75.4   TOTAL FOR MONTH:      T    1 = FOG OR MIST
DPTR FM NORMAL:   2.0   DPTR FM NORMAL:   -0.36    2 = FOG REDUCING VISIBILITY
HIGHEST:    98 ON  2    GRTST 24HR    T  ON 22-22      TO 1/4 MILE OR LESS
LOWEST:     50 ON 10                               3 = THUNDER
                        SNOW, ICE PELLETS, HAIL    4 = ICE PELLETS
                        TOTAL MONTH:    M          5 = HAIL
                        GRTST 24HR    M  ON   M    6 = FREEZING RAIN OR DRIZZLE
                        GRTST DEPTH:  M  ON   M    7 = DUSTSTORM OR SANDSTORM:
                                                       VSBY 1/2 MILE OR LESS
                                                   8 = SMOKE OR HAZE
[NO. OF DAYS WITH]      [WEATHER - DAYS WITH]      9 = BLOWING SNOW
                                                   X = TORNADO
MAX 32 OR BELOW:   0    0.01 INCH OR MORE:   0
MAX 90 OR ABOVE:  19    0.10 INCH OR MORE:   0
MIN 32 OR BELOW:   0    0.50 INCH OR MORE:   0
MIN  0 OR BELOW:   0    1.00 INCH OR MORE:   0

[HDD (BASE 65) ]
TOTAL THIS MO.     0    CLEAR  (SCALE 0-3)  22
DPTR FM NORMAL     0    PTCLDY (SCALE 4-7)   0
TOTAL FM JUL 1     0    CLOUDY (SCALE 8-10)  0
DPTR FM NORMAL    -2

[CDD (BASE 65) ]
TOTAL THIS MO.   232
DPTR FM NORMAL    46    [PRESSURE DATA]
TOTAL FM JAN 1   889    HIGHEST SLP M ON M
DPTR FM NORMAL   228    LOWEST  SLP 29.67 ON  8

[REMARKS]
