000
CXUS54 KFWD 270730
CF6TRL
PRELIMINARY LOCAL CLIMATOLOGICAL DATA (WS FORM: F-6)

                                          STATION:   TERRELL
                                          MONTH:     JULY
                                          YEAR:      2014
                                          LATITUDE:   32 42 N
                                          LONGITUDE:  96 16 W

  TEMPERATURE IN F:       :PCPN:    SNOW:  WIND      :SUNSHINE: SKY     :PK WND
================================================================================
1   2   3   4   5  6A  6B    7    8   9   10  11  12  13   14  15   16   17  18
                                     12Z  AVG MX 2MIN
DY MAX MIN AVG DEP HDD CDD  WTR  SNW DPTH SPD SPD DIR MIN PSBL S-S WX    SPD DR
================================================================================

 1  96  76  86   3   0  21 0.00  0.0    0  8.2 20 180   M    M   1        25 160
 2  95  77  86   3   0  21 0.00  0.0    0  5.8 16  20   M    M   3 3      21  10
 3  89  72  81  -2   0  16 0.07  0.0    0  8.1 22 330   M    M   2 13     31 330
 4  93  72  83   0   0  18 0.00  0.0    0  4.9 13 130   M    M   3        17 120
 5  94  74  84   1   0  19 0.00  0.0    0  5.8 14 160   M    M   3        18 150
 6  95  73  84   1   0  19 0.00  0.0    0  7.5 16 190   M    M   1 1      20 180
 7  98  77  88   5   0  23 0.00  0.0    0  9.3 20 180   M    M   0        25 180
 8  98  77  88   5   0  23 0.00  0.0    0  9.1 16 190   M    M   1        20 180
 9  99  77  88   5   0  23 0.00  0.0    0  7.1 15 170   M    M   1        20 170
10  97  78  88   5   0  23 0.00  0.0    0  8.6 18 170   M    M   0        24 140
11  96  72  84   1   0  19 0.00  0.0    0  8.2 17 190   M    M   0        22 180
12  97  72  85   1   0  20 0.00  0.0    0  6.1 16 140   M    M   0        22 180
13 100  73  87   3   0  22 0.00  0.0    0  5.2 22 180   M    M   0        44 200
14 102  75  89   5   0  24 0.01  0.0    0  7.0 23 240   M    M   1 38     34 200
15  94  70  82  -2   0  17 0.00  0.0    0  8.4 18  30   M    M   4        24  50
16  92  65  79  -5   0  14 0.00  0.0    0  7.7 15 100   M    M   1        20 100
17  79  68  74 -10   0   9 0.75  0.0    0  9.6 22  80   M    M   9 13     27  70
18  74  66  70 -14   0   5 0.00  0.0    0  7.8 14  20   M    M  10 1      18  30
19  78  67  73 -11   0   8 0.00  0.0    0  3.8  9 360   M    M  10        14 110
20  90  65  78  -6   0  13 0.00  0.0    0  4.1 12 130   M    M   2 1      14 170
21  96  72  84   0   0  19 0.00  0.0    0  5.5 10 130   M    M   2 8      18 180
22  95  74  85   1   0  20 0.00  0.0    0  5.3 14  70   M    M   1 18     21  80
23  96  70  83  -1   0  18    T  0.0    0  4.6 35  50   M    M   1 13     47  50
24  93  69  81  -3   0  16 0.00  0.0    0  4.7 13  50   M    M   0        18  50
25  98  72  85   0   0  20 0.00  0.0    0  7.1 17 170   M    M   0 1      20 150
26  99  75  87   2   0  22 0.00  0.0    0  8.8 18 160   M    M   0        25 180
================================================================================
SM 2433 1878         0 472  0.83     0.0 178.3          M       56
================================================================================
AV 93.6 72.2                               6.9 FASTST   M    M   2    MAX(MPH)
                                 MISC ---->  # 35  50               # 47   50
================================================================================
NOTES:
# LAST OF SEVERAL OCCURRENCES

COLUMN 17 PEAK WIND IN M.P.H.

PRELIMINARY LOCAL CLIMATOLOGICAL DATA (WS FORM: F-6) , PAGE 2

                                          STATION:  TERRELL
                                          MONTH:    JULY
                                          YEAR:     2014
                                          LATITUDE:   32 42 N
                                          LONGITUDE:  96 16 W

[TEMPERATURE DATA]      [PRECIPITATION DATA]       SYMBOLS USED IN COLUMN 16

AVERAGE MONTHLY: 82.9   TOTAL FOR MONTH:   0.83    1 = FOG OR MIST
DPTR FM NORMAL:  -0.8   DPTR FM NORMAL:   -1.56    2 = FOG REDUCING VISIBILITY
HIGHEST:   102 ON 14    GRTST 24HR  0.75 ON 17-17      TO 1/4 MILE OR LESS
LOWEST:     65 ON 20,16                            3 = THUNDER
                        SNOW, ICE PELLETS, HAIL    4 = ICE PELLETS
                        TOTAL MONTH:   0.0 INCH    5 = HAIL
                        GRTST 24HR     0.0         6 = FREEZING RAIN OR DRIZZLE
                        GRTST DEPTH:   0           7 = DUSTSTORM OR SANDSTORM:
                                                       VSBY 1/2 MILE OR LESS
                                                   8 = SMOKE OR HAZE
[NO. OF DAYS WITH]      [WEATHER - DAYS WITH]      9 = BLOWING SNOW
                                                   X = TORNADO
MAX 32 OR BELOW:   0    0.01 INCH OR MORE:   3
MAX 90 OR ABOVE:  22    0.10 INCH OR MORE:   1
MIN 32 OR BELOW:   0    0.50 INCH OR MORE:   1
MIN  0 OR BELOW:   0    1.00 INCH OR MORE:   0

[HDD (BASE 65) ]
TOTAL THIS MO.     0    CLEAR  (SCALE 0-3)  22
DPTR FM NORMAL     0    PTCLDY (SCALE 4-7)   1
TOTAL FM JUL 1     0    CLOUDY (SCALE 8-10)  3
DPTR FM NORMAL     0

[CDD (BASE 65) ]
TOTAL THIS MO.   472
DPTR FM NORMAL   -14    [PRESSURE DATA]
TOTAL FM JAN 1  1441    HIGHEST SLP M ON M
DPTR FM NORMAL   117    LOWEST  SLP 29.80 ON  1

[REMARKS]
