390
CXUS56 KPQR 221200
CF6TTD
PRELIMINARY LOCAL CLIMATOLOGICAL DATA (WS FORM: F-6)

                                          STATION:   TROUTDALE OR
                                          MONTH:     JANUARY
                                          YEAR:      2018
                                          LATITUDE:   45 33 N
                                          LONGITUDE: 122 25 W

  TEMPERATURE IN F:       :PCPN:    SNOW:  WIND      :SUNSHINE: SKY     :PK WND
================================================================================
1   2   3   4   5  6A  6B    7    8   9   10  11  12  13   14  15   16   17  18
                                     12Z  AVG MX 2MIN
DY MAX MIN AVG DEP HDD CDD  WTR  SNW DPTH SPD SPD DIR MIN PSBL S-S WX    SPD DR
================================================================================

 1  43  38  41   3  24   0 0.00  0.0    0 20.6 28  70   M    M   0        39  80
 2  43  37  40   2  25   0 0.00  0.0    0 21.9 31  80   M    M   0        43  80
 3  42  37  40   2  25   0 0.00  0.0    0 25.0 31  80   M    M   0        41  80
 4  43  39  41   3  24   0    T    M    0 25.7 31  80   M    M   7        42  90
 5  52  39  46   7  19   0    M    M    0 22.8 32  80   M    M   8 18     42  90
 6  51  36  44   5  21   0 0.06  0.0    0  2.2 17 200   M    M   9 12     26 210
 7  47  38  43   4  22   0 0.03    M    0  7.9 16  90   M    M  10 1      22  80
 8  47  38  43   4  22   0    T    M    0 10.5 25  90   M    M   6        32  80
 9  48  41  45   6  20   0 0.50    M    0  4.9 17  90   M    M  10 1      23  90
10  48  42  45   6  20   0 0.14    M    0  4.2 13  80   M    M  10 18     16  90
11  58  45  52  13  13   0 0.53    M    0 10.4 24 230   M    M  10 1      34 220
12  55  48  52  13  13   0    T    M    M  6.4 18 210   M    M   9 18     26 200
13  60  47  54  14  11   0 0.00    M    M  8.6 28  90   M    M   3        36  80
14  51  46  49   9  16   0 0.00    M    M 25.9 33  90   M    M   0        43  90
15  53  45  49   9  16   0    T    M    M 24.7 32  90   M    M   3        40  90
16  51  43  47   7  18   0    M    M    0 14.3 26  90   M    M   4 1      32  90
17  53  46  50  10  15   0 0.59    M    0 19.6 35  90   M    M   7 1      44  90
18  53  42  48   8  17   0 0.26    M    0  6.3 23 240   M    M   8 1      28 240
19  50  41  46   6  19   0 0.04    M    0  8.9 18 220   M    M  10        26 190
20  51  43  47   7  18   0 0.01    M    0  7.2 17 200   M    M   8        22 220
21  49  39  44   4  21   0 0.23    M    0  7.1 22  80   M    M  10 1      26  90
================================================================================
SM 1048  870       399   0  2.39     0.0 285.1          M      132
================================================================================
AV 49.9 41.4                              13.6 FASTST   M    M   6    MAX(MPH)
                                 MISC ---->  # 35  90               # 44   90
================================================================================
NOTES:
# LAST OF SEVERAL OCCURRENCES

COLUMN 17 PEAK WIND IN M.P.H.

PRELIMINARY LOCAL CLIMATOLOGICAL DATA (WS FORM: F-6) , PAGE 2

                                          STATION:  TROUTDALE OR
                                          MONTH:    JANUARY
                                          YEAR:     2018
                                          LATITUDE:   45 33 N
                                          LONGITUDE: 122 25 W

[TEMPERATURE DATA]      [PRECIPITATION DATA]       SYMBOLS USED IN COLUMN 16

AVERAGE MONTHLY: 45.7   TOTAL FOR MONTH:   2.39    1 = FOG OR MIST
DPTR FM NORMAL:   6.4   DPTR FM NORMAL:   -2.04    2 = FOG REDUCING VISIBILITY
HIGHEST:    60 ON 13    GRTST 24HR  0.59 ON 17-17      TO 1/4 MILE OR LESS
LOWEST:     36 ON  6                               3 = THUNDER
                        SNOW, ICE PELLETS, HAIL    4 = ICE PELLETS
                        TOTAL MONTH:   0.0 INCH    5 = HAIL
                        GRTST 24HR     0.0         6 = FREEZING RAIN OR DRIZZLE
                        GRTST DEPTH:   0           7 = DUSTSTORM OR SANDSTORM:
                                                       VSBY 1/2 MILE OR LESS
                                                   8 = SMOKE OR HAZE
[NO. OF DAYS WITH]      [WEATHER - DAYS WITH]      9 = BLOWING SNOW
                                                   X = TORNADO
MAX 32 OR BELOW:   0    0.01 INCH OR MORE:  10
MAX 90 OR ABOVE:   0    0.10 INCH OR MORE:   6
MIN 32 OR BELOW:   0    0.50 INCH OR MORE:   3
MIN  0 OR BELOW:   0    1.00 INCH OR MORE:   0

[HDD (BASE 65) ]
TOTAL THIS MO.   399    CLEAR  (SCALE 0-3)   5
DPTR FM NORMAL  -143    PTCLDY (SCALE 4-7)   6
TOTAL FM JUL 1  2059    CLOUDY (SCALE 8-10) 10
DPTR FM NORMAL  -392

[CDD (BASE 65) ]
TOTAL THIS MO.     0
DPTR FM NORMAL     0    [PRESSURE DATA]
TOTAL FM JAN 1     0    HIGHEST SLP M ON M
DPTR FM NORMAL     0    LOWEST  SLP 29.61 ON  9

[REMARKS]
