000
CXUS54 KTSA 250940
CF6TUL
PRELIMINARY LOCAL CLIMATOLOGICAL DATA (WS FORM: F-6)

                                          STATION:   TULSA OKLAHOMA
                                          MONTH:     JANUARY
                                          YEAR:      2015
                                          LATITUDE:   36 12 N
                                          LONGITUDE:  95 54 W

  TEMPERATURE IN F:       :PCPN:    SNOW:  WIND      :SUNSHINE: SKY     :PK WND
================================================================================
1   2   3   4   5  6A  6B    7    8   9   10  11  12  13   14  15   16   17  18
                                     12Z  AVG MX 2MIN
DY MAX MIN AVG DEP HDD CDD  WTR  SNW DPTH SPD SPD DIR MIN PSBL S-S WX    SPD DR
================================================================================

 1  31  26  29  -8  36   0 0.09  0.0    0  2.9  8 110   M    M  10 16     10 140
 2  38  31  35  -2  30   0 0.15  0.0    0  3.4 10 360   M    M  10 16     13 360
 3  43  35  39   2  26   0 0.14  0.0    0  7.3 22 260   M    M  10 12     27 260
 4  38  16  27 -10  38   0    T    T    T 14.0 30 330   M    M   4 6      37 320
 5  42  15  29  -8  36   0 0.00  0.0    0  8.1 26 170   M    M   2        32 180
 6  40  23  32  -5  33   0 0.00  0.0    0  8.1 21  10   M    M   4        26  20
 7  29   7  18 -19  47   0 0.00  0.0    0 15.2 29 360   M    M   6        39 360
 8  35   7  21 -16  44   0 0.00  0.0    0 11.2 26 190   M    M   4        32 200
 9  32  14  23 -14  42   0 0.00  0.0    0 10.2 23 350   M    M   4        30 350
10  38  13  26 -11  39   0 0.00  0.0    0 11.1 24 190   M    M   6        30 190
11  37  32  35  -2  30   0 0.02  0.0    0  8.8 22 170   M    M  10 1      26 180
12  38  25  32  -5  33   0 0.01  0.0    0 12.2 23 350   M    M   9 1      26  10
13  36  16  26 -11  39   0 0.00  0.0    0  7.5 14  50   M    M   5        18  10
14  40  21  31  -7  34   0    T    T    0  4.2 13 310   M    M   9        15 310
15  57  30  44   6  21   0    T    T    0  4.5 13 270   M    M   3        16 260
16  64  27  46   8  19   0 0.00  0.0    0  7.7 16 170   M    M   1        20 160
17  67  40  54  16  11   0 0.00  0.0    0 11.6 26 340   M    M   2        33 340
18  72  28  50  12  15   0 0.00  0.0    0  8.8 24 200   M    M   4        34 250
19  70  32  51  13  14   0 0.00  0.0    0  3.2  9 180   M    M   4        11 180
20  55  35  45   7  20   0 0.00  0.0    0  5.2 20 360   M    M   8        23 350
21  53  28  41   3  24   0    T  0.0    0  5.4 15  10   M    M   9 1      18 360
22  52  30  41   3  24   0 0.00  0.0    0  8.1 17  40   M    M   8        22  40
23  51  21  36  -2  29   0 0.00  0.0    0  5.4 13 300   M    M   3        16 320
24  62  30  46   8  19   0 0.00  0.0    0  8.2 16 240   M    M   2        21 250
================================================================================
SM 1120  582       703   0  0.41    T    192.3          M      137
================================================================================
AV 46.7 24.2                               8.0 FASTST   M    M   6    MAX(MPH)
                                 MISC ---->  # 30 330               # 39  360
================================================================================
NOTES:
# LAST OF SEVERAL OCCURRENCES

COLUMN 17 PEAK WIND IN M.P.H.

PRELIMINARY LOCAL CLIMATOLOGICAL DATA (WS FORM: F-6) , PAGE 2

                                          STATION:  TULSA OKLAHOMA
                                          MONTH:    JANUARY
                                          YEAR:     2015
                                          LATITUDE:   36 12 N
                                          LONGITUDE:  95 54 W

[TEMPERATURE DATA]      [PRECIPITATION DATA]       SYMBOLS USED IN COLUMN 16

AVERAGE MONTHLY: 35.5   TOTAL FOR MONTH:   0.41    1 = FOG OR MIST
DPTR FM NORMAL:  -2.0   DPTR FM NORMAL:   -0.85    2 = FOG REDUCING VISIBILITY
HIGHEST:    72 ON 18    GRTST 24HR  0.29 ON  2- 3      TO 1/4 MILE OR LESS
LOWEST:      7 ON  8, 7                            3 = THUNDER
                        SNOW, ICE PELLETS, HAIL    4 = ICE PELLETS
                        TOTAL MONTH:    T          5 = HAIL
                        GRTST 24HR    T  ON 15-15  6 = FREEZING RAIN OR DRIZZLE
                        GRTST DEPTH:   T           7 = DUSTSTORM OR SANDSTORM:
                                                       VSBY 1/2 MILE OR LESS
                                                   8 = SMOKE OR HAZE
[NO. OF DAYS WITH]      [WEATHER - DAYS WITH]      9 = BLOWING SNOW
                                                   X = TORNADO
MAX 32 OR BELOW:   3    0.01 INCH OR MORE:   5
MAX 90 OR ABOVE:   0    0.10 INCH OR MORE:   2
MIN 32 OR BELOW:  21    0.50 INCH OR MORE:   0
MIN  0 OR BELOW:   0    1.00 INCH OR MORE:   0

[HDD (BASE 65) ]
TOTAL THIS MO.   703    CLEAR  (SCALE 0-3)   6
DPTR FM NORMAL    40    PTCLDY (SCALE 4-7)  11
TOTAL FM JUL 1  2096    CLOUDY (SCALE 8-10)  7
DPTR FM NORMAL     5

[CDD (BASE 65) ]
TOTAL THIS MO.     0
DPTR FM NORMAL     0    [PRESSURE DATA]
TOTAL FM JAN 1     0    HIGHEST SLP M ON M
DPTR FM NORMAL     0    LOWEST  SLP 29.81 ON 24

[REMARKS]
