000
CXUS54 KTSA 230840
CF6TUL
PRELIMINARY LOCAL CLIMATOLOGICAL DATA (WS FORM: F-6)

                                          STATION:   TULSA OKLAHOMA
                                          MONTH:     JULY
                                          YEAR:      2017
                                          LATITUDE:   36 12 N
                                          LONGITUDE:  95 54 W

  TEMPERATURE IN F:       :PCPN:    SNOW:  WIND      :SUNSHINE: SKY     :PK WND
================================================================================
1   2   3   4   5  6A  6B    7    8   9   10  11  12  13   14  15   16   17  18
                                     12Z  AVG MX 2MIN
DY MAX MIN AVG DEP HDD CDD  WTR  SNW DPTH SPD SPD DIR MIN PSBL S-S WX    SPD DR
================================================================================

 1  88  71  80  -1   0  15 0.03  0.0    0  4.4 10 340   M    M   7 1      13 340
 2  90  69  80  -2   0  15 0.47  0.0    0  7.4 32 240   M    M   6 138    39 230
 3  85  68  77  -5   0  12 0.22  0.0    0  7.4 20 310   M    M  10 13     22 320
 4  85  69  77  -5   0  12 0.39  0.0    0  5.0 12 330   M    M   7 13     15 130
 5  88  68  78  -4   0  13 0.00  0.0    0  5.4 12 320   M    M   5 1      14 310
 6  93  71  82   0   0  17 0.00  0.0    0  3.9  9 140   M    M   1        12 320
 7  97  72  85   3   0  20 0.00  0.0    0  6.9 13 250   M    M   3        16 280
 8  85  70  78  -4   0  13 0.86  0.0    0  6.7 29 320   M    M   6 13     45  10
 9  91  72  82   0   0  17 0.00  0.0    0  9.5 18 150   M    M   2 1      22 150
10  93  74  84   1   0  19 0.00  0.0    0 12.3 21 180   M    M   1        26 170
11  96  77  87   4   0  22 0.00  0.0    0 12.6 20 180   M    M   2        25 180
12  97  79  88   5   0  23 0.00  0.0    0 13.2 20 180   M    M   2        26 160
13  97  79  88   5   0  23 0.00  0.0    0  9.0 20 180   M    M   2        23 170
14  88  76  82  -1   0  17    T  0.0    0  7.4 15 110   M    M   8        21  60
15  92  75  84   1   0  19 0.03  0.0    0  3.9 12 170   M    M   7 13     14 140
16  95  74  85   2   0  20 0.00  0.0    0  4.6 12  50   M    M   7        16  20
17  94  72  83   0   0  18 0.00  0.0    0  6.5 14 140   M    M   3        16 110
18  95  72  84   1   0  19 0.00  0.0    0  7.2 15 180   M    M   3        19 180
19  98  79  89   6   0  24 0.00  0.0    0 10.1 16 150   M    M   2        21 150
20 100  81  91   8   0  26 0.00  0.0    0 11.4 20 170   M    M   1        25 200
21 101  80  91   8   0  26 0.00  0.0    0 13.0 21 180   M    M   1        27 140
22 101  80  91   8   0  26 0.00  0.0    0 11.4 20 160   M    M   1        25 180
================================================================================
SM 2049 1628         0 416  2.00     0.0 179.2          M       87
================================================================================
AV 93.1 74.0                               8.1 FASTST   M    M   4    MAX(MPH)
                                 MISC ---->  # 32 240               # 45   10
================================================================================
NOTES:
# LAST OF SEVERAL OCCURRENCES

COLUMN 17 PEAK WIND IN M.P.H.

PRELIMINARY LOCAL CLIMATOLOGICAL DATA (WS FORM: F-6) , PAGE 2

                                          STATION:  TULSA OKLAHOMA
                                          MONTH:    JULY
                                          YEAR:     2017
                                          LATITUDE:   36 12 N
                                          LONGITUDE:  95 54 W

[TEMPERATURE DATA]      [PRECIPITATION DATA]       SYMBOLS USED IN COLUMN 16

AVERAGE MONTHLY: 83.6   TOTAL FOR MONTH:   2.00    1 = FOG OR MIST
DPTR FM NORMAL:   1.0   DPTR FM NORMAL:   -0.50    2 = FOG REDUCING VISIBILITY
HIGHEST:   101 ON 22,21 GRTST 24HR  1.15 ON 30- 1      TO 1/4 MILE OR LESS
LOWEST:     68 ON  5, 3                            3 = THUNDER
                        SNOW, ICE PELLETS, HAIL    4 = ICE PELLETS
                        TOTAL MONTH:   0.0 INCH    5 = HAIL
                        GRTST 24HR     0.0         6 = FREEZING RAIN OR DRIZZLE
                        GRTST DEPTH:   0           7 = DUSTSTORM OR SANDSTORM:
                                                       VSBY 1/2 MILE OR LESS
                                                   8 = SMOKE OR HAZE
[NO. OF DAYS WITH]      [WEATHER - DAYS WITH]      9 = BLOWING SNOW
                                                   X = TORNADO
MAX 32 OR BELOW:   0    0.01 INCH OR MORE:   6
MAX 90 OR ABOVE:  16    0.10 INCH OR MORE:   4
MIN 32 OR BELOW:   0    0.50 INCH OR MORE:   1
MIN  0 OR BELOW:   0    1.00 INCH OR MORE:   0

[HDD (BASE 65) ]
TOTAL THIS MO.     0    CLEAR  (SCALE 0-3)  13
DPTR FM NORMAL     0    PTCLDY (SCALE 4-7)   8
TOTAL FM JUL 1     0    CLOUDY (SCALE 8-10)  1
DPTR FM NORMAL     0

[CDD (BASE 65) ]
TOTAL THIS MO.   416
DPTR FM NORMAL    30    [PRESSURE DATA]
TOTAL FM JAN 1  1103    HIGHEST SLP M ON M
DPTR FM NORMAL   104    LOWEST  SLP 29.75 ON 22

[REMARKS]
