000
CXUS54 KMEG 250634
CF6TUP
PRELIMINARY LOCAL CLIMATOLOGICAL DATA (WS FORM: F-6)

                                          STATION:   TUPELO
                                          MONTH:     AUGUST
                                          YEAR:      2016
                                          LATITUDE:   34 16 N
                                          LONGITUDE:  88 46 W

  TEMPERATURE IN F:       :PCPN:    SNOW:  WIND      :SUNSHINE: SKY     :PK WND
================================================================================
1   2   3   4   5  6A  6B    7    8   9   10  11  12  13   14  15   16   17  18
                                     12Z  AVG MX 2MIN
DY MAX MIN AVG DEP HDD CDD  WTR  SNW DPTH SPD SPD DIR MIN PSBL S-S WX    SPD DR
================================================================================

 1  97  74  86   4   0  21 0.00  0.0    0  2.5 10 240   M    M   0        13 230
 2  94  75  85   3   0  20 0.42  0.0    0  3.5 21 340   M    M   1 38     27 340
 3  97  74  86   4   0  21 0.66  0.0    0  4.5 28 300   M    M   2 138    38 300
 4  98  74  86   4   0  21 0.00  0.0    0  4.5 18 190   M    M   1 3      27 200
 5  97  74  86   4   0  21 0.00  0.0    0  2.7 17 210   M    M   0 38     24 210
 6  96  74  85   3   0  20 0.04  0.0    0  3.5 31 330   M    M   1 13     41 330
 7  91  76  84   2   0  19 0.00  0.0    0  6.5 16 350   M    M   6        19 340
 8  92  74  83   2   0  18 0.00  0.0    0  6.8 17 340   M    M   3        22 350
 9  96  75  86   5   0  21 0.04  0.0    0  4.4 22  10   M    M   1 3      27  10
10  92  77  85   4   0  20 0.00  0.0    0  6.7 18  30   M    M   6 18     23  30
11  92  78  85   4   0  20 0.21  0.0    0  6.9 22 100   M    M   8 138    30  90
12  91  77  84   3   0  19 0.02  0.0    0  9.5 20 100   M    M   7 18     25 100
13  87  75  81   0   0  16 0.17  0.0    0  8.1 20 160   M    M   7 18     25 160
14  91  74  83   2   0  18 0.37  0.0    0  9.0 18 140   M    M   5 13     24 140
15  92  74  83   2   0  18 0.01  0.0    0  9.5 20 150   M    M   5 3      25 150
16  92  73  83   2   0  18 1.11  0.0    0  5.7 28 180   M    M   3 13     38 190
17  91  73  82   1   0  17 0.00  0.0    0  3.2 10 300   M    M   2        15 150
18  90  75  83   2   0  18 0.84  0.0    0  3.3 20 330   M    M   2 13     30 330
19  89  75  82   1   0  17 0.03  0.0    0  4.9 15 170   M    M   6        18 170
20  90  74  82   1   0  17 0.00  0.0    0  7.6 17 230   M    M   5        23 220
21  87  73  80  -1   0  15 0.10  0.0    0  5.6 14 350   M    M   6 13     16 360
22  84  72  78  -2   0  13 0.01  0.0    0  4.2  9 360   M    M   6        10  10
23  92  73  83   3   0  18 0.00  0.0    0  2.3  9 180   M    M   1        13 160
24  96  73  85   5   0  20 0.00  0.0    0  2.3 10 180   M    M   1        14 160
================================================================================
SM 2214 1786         0 446  4.03     0.0 127.7          M       85
================================================================================
AV 92.2 74.4                               5.3 FASTST   M    M   4    MAX(MPH)
                                 MISC ---->  # 31 330               # 41  330
================================================================================
NOTES:
# LAST OF SEVERAL OCCURRENCES

COLUMN 17 PEAK WIND IN M.P.H.

PRELIMINARY LOCAL CLIMATOLOGICAL DATA (WS FORM: F-6) , PAGE 2

                                          STATION:  TUPELO
                                          MONTH:    AUGUST
                                          YEAR:     2016
                                          LATITUDE:   34 16 N
                                          LONGITUDE:  88 46 W

[TEMPERATURE DATA]      [PRECIPITATION DATA]       SYMBOLS USED IN COLUMN 16

AVERAGE MONTHLY: 83.3   TOTAL FOR MONTH:   4.03    1 = FOG OR MIST
DPTR FM NORMAL:   2.2   DPTR FM NORMAL:    1.23    2 = FOG REDUCING VISIBILITY
HIGHEST:    98 ON  4    GRTST 24HR  1.11 ON 16-16      TO 1/4 MILE OR LESS
LOWEST:     72 ON 22                               3 = THUNDER
                        SNOW, ICE PELLETS, HAIL    4 = ICE PELLETS
                        TOTAL MONTH:   0.0 INCH    5 = HAIL
                        GRTST 24HR     0.0         6 = FREEZING RAIN OR DRIZZLE
                        GRTST DEPTH:   0           7 = DUSTSTORM OR SANDSTORM:
                                                       VSBY 1/2 MILE OR LESS
                                                   8 = SMOKE OR HAZE
[NO. OF DAYS WITH]      [WEATHER - DAYS WITH]      9 = BLOWING SNOW
                                                   X = TORNADO
MAX 32 OR BELOW:   0    0.01 INCH OR MORE:  14
MAX 90 OR ABOVE:  20    0.10 INCH OR MORE:   8
MIN 32 OR BELOW:   0    0.50 INCH OR MORE:   3
MIN  0 OR BELOW:   0    1.00 INCH OR MORE:   1

[HDD (BASE 65) ]
TOTAL THIS MO.     0    CLEAR  (SCALE 0-3)  13
DPTR FM NORMAL     0    PTCLDY (SCALE 4-7)  11
TOTAL FM JUL 1     0    CLOUDY (SCALE 8-10)  0
DPTR FM NORMAL     0

[CDD (BASE 65) ]
TOTAL THIS MO.   446
DPTR FM NORMAL    60    [PRESSURE DATA]
TOTAL FM JAN 1  1792    HIGHEST SLP M ON M
DPTR FM NORMAL   224    LOWEST  SLP 29.76 ON 12

[REMARKS]
