000
CXUS55 KTWC 220855
CF6TUS
PRELIMINARY LOCAL CLIMATOLOGICAL DATA (WS FORM: F-6)

                                          STATION:   TUCSON AZ
                                          MONTH:     SEPTEMBER
                                          YEAR:      2017
                                          LATITUDE:   32  7 N
                                          LONGITUDE: 110 56 W

  TEMPERATURE IN F:       :PCPN:    SNOW:  WIND      :SUNSHINE: SKY     :PK WND
================================================================================
1   2   3   4   5  6A  6B    7    8   9   10  11  12  13   14  15   16   17  18
                                     12Z  AVG MX 2MIN
DY MAX MIN AVG DEP HDD CDD  WTR  SNW DPTH SPD SPD DIR MIN PSBL S-S WX    SPD DR
================================================================================

 1 103  67  85   0   0  20 0.00  0.0    0  9.4 22 140   M    M   0        32 120
 2  96  75  86   1   0  21    T  0.0    0  6.1 24 170   M    M   0        32 150
 3 101  73  87   3   0  22 0.00  0.0    0  5.2 15 250   M    M   0        20 280
 4 103  73  88   4   0  23 0.00  0.0    0  6.0 20 350   M    M   0 3      25 360
 5 105  75  90   6   0  25 0.00  0.0    0  6.7 16  60   M    M   0        23  90
 6 102  72  87   3   0  22 0.00  0.0    0  8.9 21 130   M    M   0        27 130
 7 101  75  88   4   0  23 0.00  0.0    0  7.1 18 340   M    M   0 3      27 280
 8  95  73  84   0   0  19 0.03  0.0    0  6.9 25 180   M    M   0 3      32 190
 9  94  73  84   0   0  19 0.00  0.0    0  6.6 15 290   M    M   3        21 340
10 102  71  87   4   0  22 0.00  0.0    0  7.0 20 130   M    M   1        27 130
11 103  78  91   8   0  26 0.00  0.0    0  6.1 18 140   M    M   M        23 170
12 106  75  91   8   0  26 0.00  0.0    0  4.7 12 200   M    M   M        18 200
13 102  76  89   6   0  24    T  0.0    0  5.8 21 160   M    M   M 3      31 200
14  98  77  88   6   0  23 0.00  0.0    0 10.0 22 240   M    M   M        40 240
15  95  74  85   3   0  20 0.00  0.0    0  8.9 24 200   M    M   M        37 200
16  95  70  83   1   0  18 0.00  0.0    0  7.6 20 240   M    M   M        29 240
17  96  71  84   2   0  19 0.00  0.0    0  8.1 21 190   M    M   M        32 250
18  98  67  83   2   0  18 0.00  0.0    0  7.8 20 270   M    M   M        30 280
19  96  74  85   4   0  20 0.00  0.0    0 10.3 24 230   M    M   1        34 260
20  96  71  84   3   0  19 0.00  0.0    0  8.9 22 240   M    M   1        32 200
21  96  72  84   4   0  19 0.00  0.0    0  8.2 21 230   M    M   0        32 240
================================================================================
SM 2083 1532         0 448  0.03     0.0 156.3          M        6
================================================================================
AV 99.2 73.0                               7.4 FASTST   M    M   0    MAX(MPH)
                                 MISC ---->  # 25 180               # 40  240
================================================================================
NOTES:
# LAST OF SEVERAL OCCURRENCES

COLUMN 17 PEAK WIND IN M.P.H.

PRELIMINARY LOCAL CLIMATOLOGICAL DATA (WS FORM: F-6) , PAGE 2

                                          STATION:  TUCSON AZ
                                          MONTH:    SEPTEMBER
                                          YEAR:     2017
                                          LATITUDE:   32  7 N
                                          LONGITUDE: 110 56 W

[TEMPERATURE DATA]      [PRECIPITATION DATA]       SYMBOLS USED IN COLUMN 16

AVERAGE MONTHLY: 86.1   TOTAL FOR MONTH:   0.03    1 = FOG OR MIST
DPTR FM NORMAL:   3.2   DPTR FM NORMAL:   -0.95    2 = FOG REDUCING VISIBILITY
HIGHEST:   106 ON 12    GRTST 24HR  0.03 ON  8- 8      TO 1/4 MILE OR LESS
LOWEST:     67 ON 18, 1                            3 = THUNDER
                        SNOW, ICE PELLETS, HAIL    4 = ICE PELLETS
                        TOTAL MONTH:   0.0 INCH    5 = HAIL
                        GRTST 24HR     0.0         6 = FREEZING RAIN OR DRIZZLE
                        GRTST DEPTH:   0           7 = DUSTSTORM OR SANDSTORM:
                                                       VSBY 1/2 MILE OR LESS
                                                   8 = SMOKE OR HAZE
[NO. OF DAYS WITH]      [WEATHER - DAYS WITH]      9 = BLOWING SNOW
                                                   X = TORNADO
MAX 32 OR BELOW:   0    0.01 INCH OR MORE:   1
MAX 90 OR ABOVE:  21    0.10 INCH OR MORE:   0
MIN 32 OR BELOW:   0    0.50 INCH OR MORE:   0
MIN  0 OR BELOW:   0    1.00 INCH OR MORE:   0

[HDD (BASE 65) ]
TOTAL THIS MO.     0    CLEAR  (SCALE 0-3)  13
DPTR FM NORMAL     0    PTCLDY (SCALE 4-7)   0
TOTAL FM JUL 1     0    CLOUDY (SCALE 8-10)  0
DPTR FM NORMAL     0

[CDD (BASE 65) ]
TOTAL THIS MO.   448
DPTR FM NORMAL    71    [PRESSURE DATA]
TOTAL FM JAN 1  3287    HIGHEST SLP M ON M
DPTR FM NORMAL   500    LOWEST  SLP 29.63 ON 21

[REMARKS]
