000
CXUS55 KTWC 310855
CF6TUS
PRELIMINARY LOCAL CLIMATOLOGICAL DATA (WS FORM: F-6)

                                          STATION:   TUCSON AZ
                                          MONTH:     AUGUST
                                          YEAR:      2015
                                          LATITUDE:   32  7 N
                                          LONGITUDE: 110 56 W

  TEMPERATURE IN F:       :PCPN:    SNOW:  WIND      :SUNSHINE: SKY     :PK WND
================================================================================
1   2   3   4   5  6A  6B    7    8   9   10  11  12  13   14  15   16   17  18
                                     12Z  AVG MX 2MIN
DY MAX MIN AVG DEP HDD CDD  WTR  SNW DPTH SPD SPD DIR MIN PSBL S-S WX    SPD DR
================================================================================

 1  99  74  87   1   0  22 0.34  0.0    0  8.6 30 350   M    M   2 3      44 360
 2 101  75  88   2   0  23 0.00  0.0    0  6.7 13 310   M    M   1        19 310
 3 104  79  92   6   0  27 0.00  0.0    0  5.7 14 340   M    M   1        20 360
 4 106  77  92   6   0  27 0.00  0.0    0  5.9 18 340   M    M   0        22 350
 5 106  79  93   7   0  28 0.00  0.0    0  6.5 17 350   M    M   0        31 330
 6  95  82  89   3   0  24    T  0.0    0  7.3 21 200   M    M   M 3      26 200
 7 100  76  88   2   0  23 0.34  0.0    0  6.4 25  20   M    M   M 3      30  30
 8  97  74  86   1   0  21    T  0.0    0  8.1 40 190   M    M   M 3      54 180
 9  99  74  87   2   0  22    T  0.0    0  8.6 24 200   M    M   M 3      36 180
10  99  73  86   1   0  21 0.03  0.0    0  5.2 18 150   M    M   1 3      22 140
11  99  74  87   2   0  22 0.19  0.0    0  9.8 32 120   M    M   3 38     43  80
12 102  77  90   5   0  25    T  0.0    0  7.6 38 160   M    M   0 3      45 160
13 107  72  90   5   0  25 0.00  0.0    0  7.2 17 130   M    M   0        21 130
14 107  81  94   9   0  29 0.00  0.0    0  5.7 25 200   M    M   0        32 200
15 110  79  95  10   0  30 0.00  0.0    0  5.9 15 260   M    M   0        21 250
16 106  84  95  10   0  30    T  0.0    0  9.2 20 190   M    M   1        26 190
17 103  80  92   7   0  27 0.00  0.0    0  8.8 20 280   M    M   0        27 290
18 102  78  90   5   0  25 0.00  0.0    0  7.4 20 310   M    M   0        26 320
19 102  78  90   5   0  25 0.00  0.0    0  5.4 16 270   M    M   0        20 280
20 102  80  91   6   0  26    T  0.0    0  8.0 29 200   M    M   0 3      35 190
21  99  78  89   4   0  24    T  0.0    0  7.3 17 270   M    M   1 3      23 150
22  98  76  87   2   0  22 0.18  0.0    0  9.2 32 190   M    M   2 3      39 190
23 102  73  88   3   0  23    T  0.0    0  6.8 26 320   M    M   1 3      32 340
24 100  74  87   2   0  22 0.35  0.0    0 10.1 28  90   M    M   2 13     38  60
25  93  72  83  -2   0  18 0.08  0.0    0  5.8 23 170   M    M   3 3      28 170
26 100  74  87   2   0  22 0.00  0.0    0  8.0 24 160   M    M   0 3      28 160
27 101  75  88   3   0  23    T  0.0    0  8.0 30  80   M    M   0 3      38  80
28 102  75  89   4   0  24 0.00  0.0    0  3.9 13 130   M    M   0        20 120
29 105  78  92   7   0  27    T  0.0    0  8.3 25 170   M    M   1 3      31 170
30  99  79  89   4   0  24 0.00  0.0    0  8.7 22 180   M    M   0 3      26 170
================================================================================
SM 3045 2300         0 731  1.51     0.0 220.1          M       19
================================================================================
AV101.5 76.7                               7.3 FASTST   M    M   1    MAX(MPH)
                                 MISC ---->  # 40 190               # 54  180
================================================================================
NOTES:
# LAST OF SEVERAL OCCURRENCES

COLUMN 17 PEAK WIND IN M.P.H.

PRELIMINARY LOCAL CLIMATOLOGICAL DATA (WS FORM: F-6) , PAGE 2

                                          STATION:  TUCSON AZ
                                          MONTH:    AUGUST
                                          YEAR:     2015
                                          LATITUDE:   32  7 N
                                          LONGITUDE: 110 56 W

[TEMPERATURE DATA]      [PRECIPITATION DATA]       SYMBOLS USED IN COLUMN 16

AVERAGE MONTHLY: 89.1   TOTAL FOR MONTH:   1.51    1 = FOG OR MIST
DPTR FM NORMAL:   3.8   DPTR FM NORMAL:   -0.82    2 = FOG REDUCING VISIBILITY
HIGHEST:   110 ON 15    GRTST 24HR  0.43 ON 24-25      TO 1/4 MILE OR LESS
LOWEST:     72 ON 25,13                            3 = THUNDER
                        SNOW, ICE PELLETS, HAIL    4 = ICE PELLETS
                        TOTAL MONTH:   0.0 INCH    5 = HAIL
                        GRTST 24HR     0.0         6 = FREEZING RAIN OR DRIZZLE
                        GRTST DEPTH:   0           7 = DUSTSTORM OR SANDSTORM:
                                                       VSBY 1/2 MILE OR LESS
                                                   8 = SMOKE OR HAZE
[NO. OF DAYS WITH]      [WEATHER - DAYS WITH]      9 = BLOWING SNOW
                                                   X = TORNADO
MAX 32 OR BELOW:   0    0.01 INCH OR MORE:   7
MAX 90 OR ABOVE:  30    0.10 INCH OR MORE:   5
MIN 32 OR BELOW:   0    0.50 INCH OR MORE:   0
MIN  0 OR BELOW:   0    1.00 INCH OR MORE:   0

[HDD (BASE 65) ]
TOTAL THIS MO.     0    CLEAR  (SCALE 0-3)  26
DPTR FM NORMAL     0    PTCLDY (SCALE 4-7)   0
TOTAL FM JUL 1     0    CLOUDY (SCALE 8-10)  0
DPTR FM NORMAL     0

[CDD (BASE 65) ]
TOTAL THIS MO.   731
DPTR FM NORMAL   125    [PRESSURE DATA]
TOTAL FM JAN 1  2659    HIGHEST SLP M ON M
DPTR FM NORMAL   274    LOWEST  SLP 29.66 ON 18

[REMARKS]
