000
CXUS55 KTWC 240855
CF6TUS
PRELIMINARY LOCAL CLIMATOLOGICAL DATA (WS FORM: F-6)

                                          STATION:   TUCSON AZ
                                          MONTH:     SEPTEMBER
                                          YEAR:      2016
                                          LATITUDE:   32  7 N
                                          LONGITUDE: 110 56 W

  TEMPERATURE IN F:       :PCPN:    SNOW:  WIND      :SUNSHINE: SKY     :PK WND
================================================================================
1   2   3   4   5  6A  6B    7    8   9   10  11  12  13   14  15   16   17  18
                                     12Z  AVG MX 2MIN
DY MAX MIN AVG DEP HDD CDD  WTR  SNW DPTH SPD SPD DIR MIN PSBL S-S WX    SPD DR
================================================================================

 1  99  77  88   3   0  23 0.00    M    M  7.3 20 280   M    M   1        26 290
 2  99  77  88   3   0  23 0.00    M    M  7.4 16 110   M    M   1        20 100
 3 101  71  86   2   0  21 0.00    M    M  8.1 22 200   M    M   1        25 200
 4 101  69  85   1   0  20 0.00    M    M  7.8 17 190   M    M   0        24 200
 5 104  68  86   2   0  21 0.00    M    M  8.0 22 220   M    M   0        27 220
 6  94  73  84   0   0  19    T    M    M  7.8 23 190   M    M   3 3      27 190
 7  77  69  73 -11   0   8 1.25    M    M  8.5 23 140   M    M   9 18     26 140
 8  87  69  78  -6   0  13 0.02    M    M  4.6 14 340   M    M   4 1      21 270
 9  94  69  82  -2   0  17 0.00    M    M  5.0 14 350   M    M   0        17 330
10  98  69  84   1   0  19 0.00    M    M  4.7 10 120   M    M   0        19 200
11  98  74  86   3   0  21 0.00    M    M  8.7 20 130   M    M   1        23 140
12  91  72  82  -1   0  17 0.02    M    M 10.0 22 110   M    M   2 3      27 120
13  92  71  82  -1   0  17 0.00    M    M 11.9 22 200   M    M   1        29 220
14  95  72  84   2   0  19 0.00    M    M  5.9 16 260   M    M   0        20 260
15  93  66  80  -2   0  15 0.00    M    M  4.9 14 300   M    M   0        21 310
16  93  63  78  -4   0  13 0.00    M    M  5.0 14 140   M    M   0        17 280
17  95  65  80  -2   0  15 0.00    M    M  6.5 15 150   M    M   0        23 200
18 101  65  83   2   0  18 0.00    M    M  6.3 13 360   M    M   0        15 360
19  95  67  81   0   0  16 0.00    M    M  8.1 16 300   M    M   0        21 300
20  92  74  83   2   0  18 0.00    M    M  5.1 14 330   M    M   0        17 330
21  97  73  85   5   0  20 0.00    M    M  6.1 18 240   M    M   0        24 260
22  93  69  81   1   0  16 0.00    M    M  6.8 21 220   M    M   1        26 230
23  85  66  76  -4   0  11 0.01    M    M  9.2 24 340   M    M   4        32 340
================================================================================
SM 2174 1608         0 400  1.30    M    163.7          M       28
================================================================================
AV 94.5 69.9                               7.1 FASTST   M    M   1    MAX(MPH)
                                 MISC ---->  # 24 340               # 32  340
================================================================================
NOTES:
# LAST OF SEVERAL OCCURRENCES

COLUMN 17 PEAK WIND IN M.P.H.

PRELIMINARY LOCAL CLIMATOLOGICAL DATA (WS FORM: F-6) , PAGE 2

                                          STATION:  TUCSON AZ
                                          MONTH:    SEPTEMBER
                                          YEAR:     2016
                                          LATITUDE:   32  7 N
                                          LONGITUDE: 110 56 W

[TEMPERATURE DATA]      [PRECIPITATION DATA]       SYMBOLS USED IN COLUMN 16

AVERAGE MONTHLY: 82.2   TOTAL FOR MONTH:   1.30    1 = FOG OR MIST
DPTR FM NORMAL:  -0.4   DPTR FM NORMAL:    0.25    2 = FOG REDUCING VISIBILITY
HIGHEST:   104 ON  5    GRTST 24HR  1.27 ON  7- 8      TO 1/4 MILE OR LESS
LOWEST:     63 ON 16                               3 = THUNDER
                        SNOW, ICE PELLETS, HAIL    4 = ICE PELLETS
                        TOTAL MONTH:    M          5 = HAIL
                        GRTST 24HR    M  ON   M    6 = FREEZING RAIN OR DRIZZLE
                        GRTST DEPTH:  M  ON   M    7 = DUSTSTORM OR SANDSTORM:
                                                       VSBY 1/2 MILE OR LESS
                                                   8 = SMOKE OR HAZE
[NO. OF DAYS WITH]      [WEATHER - DAYS WITH]      9 = BLOWING SNOW
                                                   X = TORNADO
MAX 32 OR BELOW:   0    0.01 INCH OR MORE:   4
MAX 90 OR ABOVE:  20    0.10 INCH OR MORE:   1
MIN 32 OR BELOW:   0    0.50 INCH OR MORE:   1
MIN  0 OR BELOW:   0    1.00 INCH OR MORE:   1

[HDD (BASE 65) ]
TOTAL THIS MO.     0    CLEAR  (SCALE 0-3)  19
DPTR FM NORMAL     0    PTCLDY (SCALE 4-7)   3
TOTAL FM JUL 1     0    CLOUDY (SCALE 8-10)  1
DPTR FM NORMAL     0

[CDD (BASE 65) ]
TOTAL THIS MO.   400
DPTR FM NORMAL    -7    [PRESSURE DATA]
TOTAL FM JAN 1  3110    HIGHEST SLP M ON M
DPTR FM NORMAL   293    LOWEST  SLP 29.57 ON  5

[REMARKS]
