000
CXUS55 KBOI 301002
CF6TWF
PRELIMINARY LOCAL CLIMATOLOGICAL DATA (WS FORM: F-6)

                                          STATION:   TWIN FALLS ID
                                          MONTH:     AUGUST
                                          YEAR:      2015
                                          LATITUDE:   42 28 N
                                          LONGITUDE: 114 29 W

  TEMPERATURE IN F:       :PCPN:    SNOW:  WIND      :SUNSHINE: SKY     :PK WND
================================================================================
1   2   3   4   5  6A  6B    7    8   9   10  11  12  13   14  15   16   17  18
                                     12Z  AVG MX 2MIN
DY MAX MIN AVG DEP HDD CDD  WTR  SNW DPTH SPD SPD DIR MIN PSBL S-S WX    SPD DR
================================================================================

 1 100  61  81   6   0  16 0.00    M    M  8.3 16 180   M    M   0 8      20 180
 2  99  69  84   9   0  19 0.00    M    M  9.2 16 190   M    M   0        20 190
 3  87  73  80   5   0  15    T    M    M 12.2 22 150   M    M   1        27 160
 4  91  62  77   3   0  12    T    M    M  9.7 22 110   M    M   0        31 190
 5  77  59  68  -6   0   3 0.05    M    M  7.4 21 280   M    M   1 3      27 280
 6  84  53  69  -5   0   4 0.00    M    M  8.0 15 300   M    M   1        21 180
 7  78  61  70  -4   0   5 0.03    M    M  8.2 21 170   M    M   3        27 180
 8  80  59  70  -4   0   5 0.11    M    M  7.4 16 290   M    M   5        21 290
 9  87  53  70  -4   0   5 0.02    M    M  8.2 23 100   M    M   0 3      27 100
10  95  54  75   1   0  10 0.18    M    M  9.6 24 230   M    M   1 38     33 240
11  97  57  77   4   0  12    T    M    M  9.2 26 180   M    M   0 3      33 180
12  95  74  85  12   0  20    T    M    M 14.0 28 160   M    M   1        34 160
13  99  66  83  10   0  18    T    M    M 11.1 24 180   M    M   1 3      33 170
14 101  71  86  13   0  21 0.01    M    M 15.3 41 190   M    M   1 38     61 190
15  81  60  71  -1   0   6 0.00    M    M 10.5 20 230   M    M   3 8      25 220
16  87  57  72   0   0   7 0.00    M    M  9.0 15 190   M    M   0 8      20 220
17  86  59  73   1   0   8 0.00    M    M 14.2 24 280   M    M   0        30 270
18  85  57  71  -1   0   6 0.00    M    M 12.4 21 270   M    M   0 8      26 280
19  86  50  68  -4   0   3 0.00    M    M  8.7 17 190   M    M   0 8      21 190
20  89  64  77   6   0  12 0.00    M    M  9.0 16 190   M    M   3 8      19 180
21  88  65  77   6   0  12 0.00    M    M 12.8 20 290   M    M   0 8      24 220
22  79  54  67  -4   0   2 0.00    M    M 10.9 21 250   M    M   2 8      26 220
23  90  41  66  -4   0   1 0.00    M    M  7.4 15 150   M    M   0 8      17 150
24  94  57  76   6   0  11 0.00    M    M  6.5 15 180   M    M   0        20 180
25  92  60  76   6   0  11 0.00    M    M  8.5 14 300   M    M   0        17 300
26  96  66  81  11   0  16    T    M    M 11.2 24 360   M    M   1        32  10
27  91  59  75   6   0  10 0.00    M    M  9.0 17 270   M    M   0        23 270
28  94  60  77   8   0  12 0.00    M    M  7.2 21 140   M    M   0        26 130
29  92  66  79  10   0  14    T    M    M 10.8 23 160   M    M   0        31 170
================================================================================
SM 2600 1747         0 296  0.40    M    285.9          M       24
================================================================================
AV 89.7 60.2                               9.9 FASTST   M    M   1    MAX(MPH)
                                 MISC ---->  # 41 190               # 61  190
================================================================================
NOTES:
# LAST OF SEVERAL OCCURRENCES

COLUMN 17 PEAK WIND IN M.P.H.

PRELIMINARY LOCAL CLIMATOLOGICAL DATA (WS FORM: F-6) , PAGE 2

                                          STATION:  TWIN FALLS ID
                                          MONTH:    AUGUST
                                          YEAR:     2015
                                          LATITUDE:   42 28 N
                                          LONGITUDE: 114 29 W

[TEMPERATURE DATA]      [PRECIPITATION DATA]       SYMBOLS USED IN COLUMN 16

AVERAGE MONTHLY: 74.9   TOTAL FOR MONTH:   0.40    1 = FOG OR MIST
DPTR FM NORMAL:   2.7   DPTR FM NORMAL:    0.11    2 = FOG REDUCING VISIBILITY
HIGHEST:   101 ON 14    GRTST 24HR  0.18 ON 10-10      TO 1/4 MILE OR LESS
LOWEST:     41 ON 23                               3 = THUNDER
                        SNOW, ICE PELLETS, HAIL    4 = ICE PELLETS
                        TOTAL MONTH:    M          5 = HAIL
                        GRTST 24HR    M  ON   M    6 = FREEZING RAIN OR DRIZZLE
                        GRTST DEPTH:  M  ON   M    7 = DUSTSTORM OR SANDSTORM:
                                                       VSBY 1/2 MILE OR LESS
                                                   8 = SMOKE OR HAZE
[NO. OF DAYS WITH]      [WEATHER - DAYS WITH]      9 = BLOWING SNOW
                                                   X = TORNADO
MAX 32 OR BELOW:   0    0.01 INCH OR MORE:   6
MAX 90 OR ABOVE:  15    0.10 INCH OR MORE:   2
MIN 32 OR BELOW:   0    0.50 INCH OR MORE:   0
MIN  0 OR BELOW:   0    1.00 INCH OR MORE:   0

[HDD (BASE 65) ]
TOTAL THIS MO.     0    CLEAR  (SCALE 0-3)  27
DPTR FM NORMAL    -7    PTCLDY (SCALE 4-7)   2
TOTAL FM JUL 1     3    CLOUDY (SCALE 8-10)  0
DPTR FM NORMAL   -10

[CDD (BASE 65) ]
TOTAL THIS MO.   296
DPTR FM NORMAL    74    [PRESSURE DATA]
TOTAL FM JAN 1   870    HIGHEST SLP M ON M
DPTR FM NORMAL   262    LOWEST  SLP 29.65 ON  2

[REMARKS]
