000
CXUS54 KSHV 281300
CF6TXK
PRELIMINARY LOCAL CLIMATOLOGICAL DATA (WS FORM: F-6)

                                          STATION:   TEXARKANA
                                          MONTH:     MARCH
                                          YEAR:      2017
                                          LATITUDE:   33 27 N
                                          LONGITUDE:  94  0 W

  TEMPERATURE IN F:       :PCPN:    SNOW:  WIND      :SUNSHINE: SKY     :PK WND
================================================================================
1   2   3   4   5  6A  6B    7    8   9   10  11  12  13   14  15   16   17  18
                                     12Z  AVG MX 2MIN
DY MAX MIN AVG DEP HDD CDD  WTR  SNW DPTH SPD SPD DIR MIN PSBL S-S WX    SPD DR
================================================================================

 1  71  44  58   6   7   0 0.00  0.0    0 12.4 25 310   M    M   2        33 300
 2  63  35  49  -3  16   0 0.00  0.0    0  2.8 13  40   M    M   0        17  40
 3  67  37  52   0  13   0 0.00  0.0    0  4.0 13 150   M    M   0        16 150
 4  67  38  53   0  12   0    T    M    0  8.0 17 150   M    M   3        23 140
 5  63  48  56   3   9   0 0.17    M    0  8.8 16 160   M    M  10 1      22 170
 6  72  59  66  13   0   1 0.13  0.0    0 14.9 25 180   M    M  10 1      37 170
 7  69  43  56   2   9   0 0.12    M    0  9.2 24 190   M    M   6 13     35 200
 8  73  38  56   2   9   0 0.00  0.0    0  6.2 18 160   M    M   1        24 190
 9  74  57  66  12   0   1 0.00  0.0    0  7.5 16 210   M    M   9 1      24 210
10  70  50  60   6   5   0 0.00  0.0    0  8.4 21  60   M    M   3        27  60
11  50  38  44 -11  21   0 0.06    M    0  9.0 16  50   M    M  10 1      22  50
12  56  35  46  -9  19   0 0.00  0.0    0  8.0 18  50   M    M   4        25  50
13  60  38  49  -6  16   0 0.19    M    0  7.0 23 320   M    M   6 1      30 330
14  57  30  44 -12  21   0 0.00  0.0    0  3.9 15  60   M    M   3        20  60
15  53  34  44 -12  21   0 0.00  0.0    0  6.2 14  60   M    M   2        18  50
16  65  42  54  -2  11   0 0.00  0.0    0  8.4 17 170   M    M   9        24 160
17  74  60  67  11   0   2 0.00  0.0    0 10.4 21 190   M    M  10        28 180
18  79  60  70  14   0   5 0.00  0.0    0  5.6 15 220   M    M   5        19 230
19  83  56  70  13   0   5 0.00  0.0    0  5.9 14 200   M    M   1 1      18 200
20  86  62  74  17   0   9 0.00  0.0    0 10.8 21 230   M    M   3        27 220
21  84  58  71  14   0   6 0.00  0.0    0  8.8 20 240   M    M   0        25 230
22  75  54  65   7   0   0 0.00  0.0    0  7.3 14  40   M    M   3        20  60
23  83  52  68  10   0   3 0.00  0.0    0 10.3 20 150   M    M   2        29 180
24  78  59  69  11   0   4 1.67  0.0    0 13.8 32 160   M    M   6 13     41 150
25  71  53  62   4   3   0    T  0.0    0  8.8 17 280   M    M   3        23 210
26  80  47  64   5   1   0 0.00  0.0    0  6.2 22 190   M    M   0        31 180
27  80  60  70  11   0   5 0.01  0.0    0  9.8 18 240   M    M   4 3      25 210
================================================================================
SM 1903 1287       193  41  2.35     0.0 222.4          M      115
================================================================================
AV 70.5 47.7                               8.2 FASTST   M    M   4    MAX(MPH)
                                 MISC ---->  # 32 160               # 41  150
================================================================================
NOTES:
# LAST OF SEVERAL OCCURRENCES

COLUMN 17 PEAK WIND IN M.P.H.

PRELIMINARY LOCAL CLIMATOLOGICAL DATA (WS FORM: F-6) , PAGE 2

                                          STATION:  TEXARKANA
                                          MONTH:    MARCH
                                          YEAR:     2017
                                          LATITUDE:   33 27 N
                                          LONGITUDE:  94  0 W

[TEMPERATURE DATA]      [PRECIPITATION DATA]       SYMBOLS USED IN COLUMN 16

AVERAGE MONTHLY: 59.1   TOTAL FOR MONTH:   2.35    1 = FOG OR MIST
DPTR FM NORMAL:   3.6   DPTR FM NORMAL:   -1.31    2 = FOG REDUCING VISIBILITY
HIGHEST:    86 ON 20    GRTST 24HR  1.67 ON 24-24      TO 1/4 MILE OR LESS
LOWEST:     30 ON 14                               3 = THUNDER
                        SNOW, ICE PELLETS, HAIL    4 = ICE PELLETS
                        TOTAL MONTH:   0.0 INCH    5 = HAIL
                        GRTST 24HR     0.0         6 = FREEZING RAIN OR DRIZZLE
                        GRTST DEPTH:   0           7 = DUSTSTORM OR SANDSTORM:
                                                       VSBY 1/2 MILE OR LESS
                                                   8 = SMOKE OR HAZE
[NO. OF DAYS WITH]      [WEATHER - DAYS WITH]      9 = BLOWING SNOW
                                                   X = TORNADO
MAX 32 OR BELOW:   0    0.01 INCH OR MORE:   7
MAX 90 OR ABOVE:   0    0.10 INCH OR MORE:   5
MIN 32 OR BELOW:   1    0.50 INCH OR MORE:   1
MIN  0 OR BELOW:   0    1.00 INCH OR MORE:   1

[HDD (BASE 65) ]
TOTAL THIS MO.   193    CLEAR  (SCALE 0-3)  13
DPTR FM NORMAL   -81    PTCLDY (SCALE 4-7)   8
TOTAL FM JUL 1  1644    CLOUDY (SCALE 8-10)  6
DPTR FM NORMAL  -824

[CDD (BASE 65) ]
TOTAL THIS MO.    41
DPTR FM NORMAL    26    [PRESSURE DATA]
TOTAL FM JAN 1    73    HIGHEST SLP M ON M
DPTR FM NORMAL    54    LOWEST  SLP 29.81 ON M

[REMARKS]
