000
CXUS53 KLSX 181600
CF6UIN
PRELIMINARY LOCAL CLIMATOLOGICAL DATA (WS FORM: F-6)

                                          STATION:   QUINCY IL
                                          MONTH:     DECEMBER
                                          YEAR:      2014
                                          LATITUDE:   39 57 N
                                          LONGITUDE:  91 12 W

  TEMPERATURE IN F:       :PCPN:    SNOW:  WIND      :SUNSHINE: SKY     :PK WND
================================================================================
1   2   3   4   5  6A  6B    7    8   9   10  11  12  13   14  15   16   17  18
                                     12Z  AVG MX 2MIN
DY MAX MIN AVG DEP HDD CDD  WTR  SNW DPTH SPD SPD DIR MIN PSBL S-S WX    SPD DR
================================================================================

 1  25  14  20 -15  45   0 0.00  0.0    0 11.6 20  10   M    M   0        24  10
 2  31  13  22 -12  43   0 0.00  0.0    0  6.6 14 190   M    M   6        18 200
 3  41  24  33  -1  32   0 0.00  0.0    0  6.9 14  20   M    M   0        19  10
 4  35  27  31  -2  34   0 0.00  0.0    0  8.4 13 120   M    M   9 128    17 120
 5  40  34  37   4  28   0 0.50  0.0    0  7.7 14  30   M    M  10 12     17  30
 6  36  27  32  -1  33   0 0.00  0.0    0  8.7 17 350   M    M   8 18     21 340
 7  36  26  31  -1  34   0 0.00  0.0    0  8.3 17 140   M    M   3 18     20 140
 8  46  33  40   8  25   0    T  0.0    0 10.8 20 350   M    M   9 1      24 330
 9  34  30  32   1  33   0 0.00  0.0    0  9.2 20 340   M    M  10        24 340
10  34  31  33   2  32   0 0.00  0.0    0  4.1  8  90   M    M  10        12 340
11  35  29  32   1  33   0 0.00  0.0    0  2.0  9 200   M    M   7 18     12 220
12  46  32  39   9  26   0 0.00  0.0    0  4.6 12 200   M    M   9 18     14 200
13  50  33  42  12  23   0 0.00  0.0    0  7.1 13 180   M    M   6 18     16 170
14  58  46  52  22  13   0 0.00  0.0    0  9.2 15 120   M    M   6 128    18 120
15  50  41  46  16  19   0 0.31  0.0    0 13.8 30 120   M    M   9 1      40 120
16  42  27  35   6  30   0 0.06  0.0    0 18.9 29 300   M    M   9 168    37 300
17  27  21  24  -5  41   0 0.00  0.0    0  6.3 14 320   M    M   6        16 330
================================================================================
SM  666  488       524   0  0.87     0.0 144.2          M      117
================================================================================
AV 39.2 28.7                               8.5 FASTST   M    M   7    MAX(MPH)
                                 MISC ---->  # 30 120               # 40  120
================================================================================
NOTES:
# LAST OF SEVERAL OCCURRENCES

COLUMN 17 PEAK WIND IN M.P.H.

PRELIMINARY LOCAL CLIMATOLOGICAL DATA (WS FORM: F-6) , PAGE 2

                                          STATION:  QUINCY IL
                                          MONTH:    DECEMBER
                                          YEAR:     2014
                                          LATITUDE:   39 57 N
                                          LONGITUDE:  91 12 W

[TEMPERATURE DATA]      [PRECIPITATION DATA]       SYMBOLS USED IN COLUMN 16

AVERAGE MONTHLY: 33.9   TOTAL FOR MONTH:   0.87    1 = FOG OR MIST
DPTR FM NORMAL:   2.4   DPTR FM NORMAL:   -0.50    2 = FOG REDUCING VISIBILITY
HIGHEST:    58 ON 14    GRTST 24HR  0.50 ON  5- 5      TO 1/4 MILE OR LESS
LOWEST:     13 ON  2                               3 = THUNDER
                        SNOW, ICE PELLETS, HAIL    4 = ICE PELLETS
                        TOTAL MONTH:   0.0 INCH    5 = HAIL
                        GRTST 24HR     0.0         6 = FREEZING RAIN OR DRIZZLE
                        GRTST DEPTH:   0           7 = DUSTSTORM OR SANDSTORM:
                                                       VSBY 1/2 MILE OR LESS
                                                   8 = SMOKE OR HAZE
[NO. OF DAYS WITH]      [WEATHER - DAYS WITH]      9 = BLOWING SNOW
                                                   X = TORNADO
MAX 32 OR BELOW:   3    0.01 INCH OR MORE:   3
MAX 90 OR ABOVE:   0    0.10 INCH OR MORE:   2
MIN 32 OR BELOW:  12    0.50 INCH OR MORE:   1
MIN  0 OR BELOW:   0    1.00 INCH OR MORE:   0

[HDD (BASE 65) ]
TOTAL THIS MO.   524    CLEAR  (SCALE 0-3)   3
DPTR FM NORMAL   -44    PTCLDY (SCALE 4-7)   6
TOTAL FM JUL 1  1801    CLOUDY (SCALE 8-10)  8
DPTR FM NORMAL   133

[CDD (BASE 65) ]
TOTAL THIS MO.     0
DPTR FM NORMAL     0    [PRESSURE DATA]
TOTAL FM JAN 1  1021    HIGHEST SLP M ON M
DPTR FM NORMAL   -73    LOWEST  SLP 29.65 ON 15

[REMARKS]
