000
CXUS56 KEKA 231230
CF6UKI
PRELIMINARY LOCAL CLIMATOLOGICAL DATA (WS FORM: F-6)

                                          STATION:   UKIAH CA
                                          MONTH:     FEBRUARY
                                          YEAR:      2018
                                          LATITUDE:   39  7 N
                                          LONGITUDE: 123 12 W

  TEMPERATURE IN F:       :PCPN:    SNOW:  WIND      :SUNSHINE: SKY     :PK WND
================================================================================
1   2   3   4   5  6A  6B    7    8   9   10  11  12  13   14  15   16   17  18
                                     12Z  AVG MX 2MIN
DY MAX MIN AVG DEP HDD CDD  WTR  SNW DPTH SPD SPD DIR MIN PSBL S-S WX    SPD DR
================================================================================

 1  77  41  59  11   6   0 0.00  0.0    0  1.3  9 280   M    M   0        13 290
 2  77  42  60  12   5   0 0.00  0.0    0  1.7  7 270   M    M   0         9 340
 3  84  39  62  14   3   0 0.00  0.0    0  2.0 13 320   M    M   0        17 350
 4  78  42  60  12   5   0 0.00  0.0    0  0.7  6 330   M    M   0         6 350
 5  77  42  60  12   5   0 0.00  0.0    0  2.3 18 290   M    M   0        25 300
 6  75  38  57   8   8   0 0.00  0.0    0  0.8  6 320   M    M   0         8 310
 7  77  36  57   8   8   0 0.00  0.0    0  1.0  8 280   M    M   0        10 270
 8  77  37  57   8   8   0 0.00  0.0    0  0.3  7 280   M    M   0         7 270
 9  80  39  60  11   5   0 0.00  0.0    0  3.0 15 310   M    M   0        21 320
10  70  37  54   5  11   0 0.00  0.0    0  3.3 12 310   M    M   0        17 320
11  55  29  42  -7  23   0    T    M    0  5.8 22 300   M    M   1        30 280
12  60  36  48  -1  17   0    T    M    0  4.0 14 320   M    M   1        18 320
13  66  30  48  -1  17   0 0.00  0.0    0  1.9  8 310   M    M   0        11 320
14  60  30  45  -5  20   0 0.00  0.0    0  3.1 20 320   M    M   1        26 320
15  66  30  48  -2  17   0 0.00  0.0    0  1.7 10 330   M    M   0        13 320
16  68  30  49  -1  16   0 0.00  0.0    0  1.5  9 300   M    M   0        12 310
17  71  34  53   3  12   0 0.00  0.0    0  4.1 16 330   M    M   0        21 340
18  50  36  43  -7  22   0 0.05    M    0  9.1 26 300   M    M   5 1      35 320
19  51  31  41  -9  24   0    T    M    0  8.0 23 320   M    M   1        31 310
20  51  24  38 -12  27   0 0.00  0.0    0  1.8 10 320   M    M   3        14 320
21  54  31  43  -7  22   0    T    M    0  2.7 12 360   M    M   3        17 280
22  48  35  42  -8  23   0 0.06    M    0  8.9 22 300   M    M   4        35 290
================================================================================
SM 1472  769       304   0  0.11     0.0  69.0          M       19
================================================================================
AV 66.9 35.0                               3.1 FASTST   M    M   1    MAX(MPH)
                                 MISC ---->  # 26 300               # 35  320
================================================================================
NOTES:
# LAST OF SEVERAL OCCURRENCES

COLUMN 17 PEAK WIND IN M.P.H.

PRELIMINARY LOCAL CLIMATOLOGICAL DATA (WS FORM: F-6) , PAGE 2

                                          STATION:  UKIAH CA
                                          MONTH:    FEBRUARY
                                          YEAR:     2018
                                          LATITUDE:   39  7 N
                                          LONGITUDE: 123 12 W

[TEMPERATURE DATA]      [PRECIPITATION DATA]       SYMBOLS USED IN COLUMN 16

AVERAGE MONTHLY: 50.9   TOTAL FOR MONTH:   0.11    1 = FOG OR MIST
DPTR FM NORMAL:   1.7   DPTR FM NORMAL:   -4.92    2 = FOG REDUCING VISIBILITY
HIGHEST:    84 ON  3    GRTST 24HR  0.06 ON 22-22      TO 1/4 MILE OR LESS
LOWEST:     24 ON 20                               3 = THUNDER
                        SNOW, ICE PELLETS, HAIL    4 = ICE PELLETS
                        TOTAL MONTH:   0.0 INCH    5 = HAIL
                        GRTST 24HR     0.0         6 = FREEZING RAIN OR DRIZZLE
                        GRTST DEPTH:   0           7 = DUSTSTORM OR SANDSTORM:
                                                       VSBY 1/2 MILE OR LESS
                                                   8 = SMOKE OR HAZE
[NO. OF DAYS WITH]      [WEATHER - DAYS WITH]      9 = BLOWING SNOW
                                                   X = TORNADO
MAX 32 OR BELOW:   0    0.01 INCH OR MORE:   2
MAX 90 OR ABOVE:   0    0.10 INCH OR MORE:   0
MIN 32 OR BELOW:   8    0.50 INCH OR MORE:   0
MIN  0 OR BELOW:   0    1.00 INCH OR MORE:   0

[HDD (BASE 65) ]
TOTAL THIS MO.   304    CLEAR  (SCALE 0-3)  20
DPTR FM NORMAL   -44    PTCLDY (SCALE 4-7)   2
TOTAL FM JUL 1  1899    CLOUDY (SCALE 8-10)  0
DPTR FM NORMAL  -249

[CDD (BASE 65) ]
TOTAL THIS MO.     0
DPTR FM NORMAL     0    [PRESSURE DATA]
TOTAL FM JAN 1     0    HIGHEST SLP M ON M
DPTR FM NORMAL     0    LOWEST  SLP 29.94 ON M

[REMARKS]
