000
CXUS53 KUNR 250945
CF6UNR
PRELIMINARY LOCAL CLIMATOLOGICAL DATA (WS FORM: F-6)

                                          STATION:   EAST RAPID CITY SD
                                          MONTH:     JUNE
                                          YEAR:      2017
                                          LATITUDE:   44  4 N
                                          LONGITUDE: 103 13 W

  TEMPERATURE IN F:       :PCPN:    SNOW:  WIND      :SUNSHINE: SKY     :PK WND
================================================================================
1   2   3   4   5  6A  6B    7    8   9   10  11  12  13   14  15   16   17  18
                                     12Z  AVG MX 2MIN
DY MAX MIN AVG DEP HDD CDD  WTR  SNW DPTH SPD SPD DIR MIN PSBL S-S WX    SPD DR
================================================================================

 1  86  53  70  10   0   5 0.00  0.0    0 10.2 23 140   M    M   M        35 170
 2  87  59  73  12   0   8 0.23  0.0    0  9.5 28 320   M    M   M 3      37 310
 3  83  60  72  11   0   7 0.00  0.0    0  6.7 18 330   M    M   M        24  10
 4  86  60  73  12   0   8 0.00  0.0    0  6.7 20 140   M    M   M        32 140
 5  91  57  74  12   0   9 0.02  0.0    0  8.6 28 300   M    M   M 3      37 300
 6  75  58  67   5   0   2    T  0.0    0 11.1 22 320   M    M   M        31 320
 7  80  58  69   7   0   4    T  0.0    0  6.2 17 140   M    M   M        22 160
 8  87  59  73  11   0   8 0.00  0.0    0  7.7 18 140   M    M   M        25 170
 9  96  61  79  16   0  14 0.00  0.0    0  7.5 18  20   M    M   M        28 320
10  87  57  72   9   0   7 0.03  0.0    0 12.9 34 320   M    M   M 3      49 320
11  76  57  67   3   0   2 0.02  0.0    0  8.9 22 290   M    M   M        30 290
12  82  56  69   5   0   4 0.53  0.0    0  9.4 23 100   M    M   M 3      32 120
13  79  56  68   4   0   3 0.04  0.0    0  6.0 18 200   M    M   M 3      32 230
14  79  54  67   3   0   2 0.01  0.0    0  6.9 22 350   M    M   M        36 350
15  82  60  71   6   0   6 0.00  0.0    0  6.9 15  10   M    M   M        20 120
16  77  63  70   5   0   5    T  0.0    0  6.2 17 300   M    M   M        26 290
17  72  55  64  -2   1   0 0.04  0.0    0 11.8 32 320   M    M   M        47 350
18  72  54  63  -3   2   0 0.00  0.0    0  6.3 16 360   M    M   M        20 350
19  80  57  69   3   0   4 0.00  0.0    0   M   M   M   M    M   M        35  10
20  95  61  78  11   0  13 0.01  0.0    0  8.0 22 110   M    M   M        28 110
21  89  61  75   8   0  10 0.00  0.0    0   M   M   M   M    M   M        35 350
22  75  58  67   0   0   2 0.00  0.0    0   M   M   M   M    M   M        39 350
23  67  53  60  -8   5   0 0.00  0.0    0 14.7 29 360   M    M   M        39 360
24  73  50  62  -6   3   0 0.00  0.0    0 11.3 24 360   M    M   M        37 340
================================================================================
SM 1956 1377        11 123  0.93     0.0 183.5          M        M
================================================================================
AV 81.5 57.4                               8.7 FASTST   M    M   2    MAX(MPH)
                                 MISC ---->  # 34 320               # 49  320
================================================================================
NOTES:
# LAST OF SEVERAL OCCURRENCES

COLUMN 17 PEAK WIND IN M.P.H.

PRELIMINARY LOCAL CLIMATOLOGICAL DATA (WS FORM: F-6) , PAGE 2

                                          STATION:  EAST RAPID CITY SD
                                          MONTH:    JUNE
                                          YEAR:     2017
                                          LATITUDE:   44  4 N
                                          LONGITUDE: 103 13 W

[TEMPERATURE DATA]      [PRECIPITATION DATA]       SYMBOLS USED IN COLUMN 16

AVERAGE MONTHLY: 69.4   TOTAL FOR MONTH:   0.93    1 = FOG OR MIST
DPTR FM NORMAL:   5.4   DPTR FM NORMAL:   -1.82    2 = FOG REDUCING VISIBILITY
HIGHEST:    96 ON  9    GRTST 24HR  0.53 ON 12-12      TO 1/4 MILE OR LESS
LOWEST:     50 ON 24                               3 = THUNDER
                        SNOW, ICE PELLETS, HAIL    4 = ICE PELLETS
                        TOTAL MONTH:   0.0 INCH    5 = HAIL
                        GRTST 24HR     0.0         6 = FREEZING RAIN OR DRIZZLE
                        GRTST DEPTH:   0           7 = DUSTSTORM OR SANDSTORM:
                                                       VSBY 1/2 MILE OR LESS
                                                   8 = SMOKE OR HAZE
[NO. OF DAYS WITH]      [WEATHER - DAYS WITH]      9 = BLOWING SNOW
                                                   X = TORNADO
MAX 32 OR BELOW:   0    0.01 INCH OR MORE:   9
MAX 90 OR ABOVE:   3    0.10 INCH OR MORE:   2
MIN 32 OR BELOW:   0    0.50 INCH OR MORE:   1
MIN  0 OR BELOW:   0    1.00 INCH OR MORE:   0

[HDD (BASE 65) ]
TOTAL THIS MO.    11    CLEAR  (SCALE 0-3)   0
DPTR FM NORMAL   -70    PTCLDY (SCALE 4-7)   0
TOTAL FM JUL 1  6187    CLOUDY (SCALE 8-10)  0
DPTR FM NORMAL  -666

[CDD (BASE 65) ]
TOTAL THIS MO.   123
DPTR FM NORMAL    65    [PRESSURE DATA]
TOTAL FM JAN 1   136    HIGHEST SLP M ON M
DPTR FM NORMAL    60    LOWEST  SLP 29.08 ON  9

[REMARKS]
