000
CXUS56 KSTO 281355
CF6VCB
PRELIMINARY LOCAL CLIMATOLOGICAL DATA (WS FORM: F-6)

                                          STATION:   VACAVILLE AIRPORT CA
                                          MONTH:     JULY
                                          YEAR:      2016
                                          LATITUDE:   38 22 N
                                          LONGITUDE: 121 58 W

  TEMPERATURE IN F:       :PCPN:    SNOW:  WIND      :SUNSHINE: SKY     :PK WND
================================================================================
1   2   3   4   5  6A  6B    7    8   9   10  11  12  13   14  15   16   17  18
                                     12Z  AVG MX 2MIN
DY MAX MIN AVG DEP HDD CDD  WTR  SNW DPTH SPD SPD DIR MIN PSBL S-S WX    SPD DR
================================================================================

 1  96  63  80   5   0  15 0.00  0.0    0  7.1 13 230   M    M   0        17 190
 2  91  63  77   1   0  12 0.00  0.0    0 10.0 16 220   M    M   0        22 220
 3  93  61  77   1   0  12 0.00  0.0    0  8.8 18 180   M    M   0        24 200
 4  91  62  77   1   0  12 0.00  0.0    0  9.3 17 220   M    M   0        23 220
 5  86  57  72  -4   0   7 0.00  0.0    0  9.0 15 210   M    M   0        20 220
 6  88  57  73  -3   0   8 0.00  0.0    0  7.4 17 220   M    M   0        23 230
 7  86  57  72  -4   0   7 0.00  0.0    0  8.2 17 210   M    M   0        24 210
 8  94  58  76   0   0  11 0.00  0.0    0  7.8 21 240   M    M   0        26 240
 9  85  58  72  -4   0   7 0.00  0.0    0 10.1 23 220   M    M   0        30 230
10  88  52  70  -6   0   5 0.00  0.0    0  4.9 18 210   M    M   0        25 210
11  93  56  75  -1   0  10 0.00  0.0    0  4.9 16 240   M    M   0        26 180
12  91  60  76   0   0  11 0.00  0.0    0  5.8 12 220   M    M   0        18 180
13  99  59  79   3   0  14 0.00  0.0    0  3.5 14 220   M    M   0        20 210
14 103  59  81   5   0  16 0.00  0.0    0  4.6 14 240   M    M   0        20 190
15  97  58  78   2   0  13 0.00  0.0    0  7.4 14 210   M    M   0        19 200
16  92  59  76   0   0  11 0.00  0.0    0  8.7 16 220   M    M   0        21 210
17  86  57  72  -4   0   7 0.00  0.0    0 11.0 21 240   M    M   0        26 220
18  87  56  72  -4   0   7 0.00  0.0    0 12.2 21 220   M    M   0        29 220
19  89  58  74  -2   0   9 0.00  0.0    0  9.1 18 220   M    M   0        22 210
20  93  55  74  -2   0   9 0.00  0.0    0  5.8 16 240   M    M   0        21 240
21  93  59  76   0   0  11 0.00  0.0    0  8.7 17 200   M    M   0        24 200
22  96  52  74  -2   0   9 0.00  0.0    0  3.3 13 180   M    M   0        16 190
23 102  59  81   5   0  16 0.00  0.0    0  3.4 12 190   M    M   0 8      17 150
24 105  61  83   7   0  18 0.00  0.0    0  4.8 15 230   M    M   0        19 180
25 100  60  80   4   0  15 0.00  0.0    0  6.0 15 180   M    M   0        19 180
26 106  58  82   6   0  17 0.00  0.0    0  4.0 14 270   M    M   0        16 270
27 107  64  86  10   0  21 0.00  0.0    0  4.6 15 180   M    M   0        19 180
================================================================================
SM 2537 1578         0 310  0.00     0.0 190.4          M        0
================================================================================
AV 94.0 58.4                               7.1 FASTST   M    M   0    MAX(MPH)
                                 MISC ---->  # 23 220               # 30  230
================================================================================
NOTES:
# LAST OF SEVERAL OCCURRENCES

COLUMN 17 PEAK WIND IN M.P.H.

PRELIMINARY LOCAL CLIMATOLOGICAL DATA (WS FORM: F-6) , PAGE 2

                                          STATION:  VACAVILLE AIRPORT CA
                                          MONTH:    JULY
                                          YEAR:     2016
                                          LATITUDE:   38 22 N
                                          LONGITUDE: 121 58 W

[TEMPERATURE DATA]      [PRECIPITATION DATA]       SYMBOLS USED IN COLUMN 16

AVERAGE MONTHLY: 76.2   TOTAL FOR MONTH:   0.00    1 = FOG OR MIST
DPTR FM NORMAL:   0.2   DPTR FM NORMAL:    0.00    2 = FOG REDUCING VISIBILITY
HIGHEST:   107 ON 27    GRTST 24HR  0.00 ON 27-27      TO 1/4 MILE OR LESS
LOWEST:     52 ON 22,10                            3 = THUNDER
                        SNOW, ICE PELLETS, HAIL    4 = ICE PELLETS
                        TOTAL MONTH:   0.0 INCH    5 = HAIL
                        GRTST 24HR     0.0         6 = FREEZING RAIN OR DRIZZLE
                        GRTST DEPTH:   0           7 = DUSTSTORM OR SANDSTORM:
                                                       VSBY 1/2 MILE OR LESS
                                                   8 = SMOKE OR HAZE
[NO. OF DAYS WITH]      [WEATHER - DAYS WITH]      9 = BLOWING SNOW
                                                   X = TORNADO
MAX 32 OR BELOW:   0    0.01 INCH OR MORE:   0
MAX 90 OR ABOVE:  19    0.10 INCH OR MORE:   0
MIN 32 OR BELOW:   0    0.50 INCH OR MORE:   0
MIN  0 OR BELOW:   0    1.00 INCH OR MORE:   0

[HDD (BASE 65) ]
TOTAL THIS MO.     0    CLEAR  (SCALE 0-3)  27
DPTR FM NORMAL     0    PTCLDY (SCALE 4-7)   0
TOTAL FM JUL 1     0    CLOUDY (SCALE 8-10)  0
DPTR FM NORMAL     0

[CDD (BASE 65) ]
TOTAL THIS MO.   310
DPTR FM NORMAL    14    [PRESSURE DATA]
TOTAL FM JAN 1   780    HIGHEST SLP M ON M
DPTR FM NORMAL   132    LOWEST  SLP 29.73 ON  1

[REMARKS]
