000
CXUS54 KCRP 011705
CF6VCT
PRELIMINARY LOCAL CLIMATOLOGICAL DATA (WS FORM: F-6)

                                          STATION:   VICTORIA
                                          MONTH:     FEBRUARY
                                          YEAR:      2015
                                          LATITUDE:   28 51 N
                                          LONGITUDE:  96 55 W

  TEMPERATURE IN F:       :PCPN:    SNOW:  WIND      :SUNSHINE: SKY     :PK WND
================================================================================
1   2   3   4   5  6A  6B    7    8   9   10  11  12  13   14  15   16   17  18
                                     12Z  AVG MX 2MIN
DY MAX MIN AVG DEP HDD CDD  WTR  SNW DPTH SPD SPD DIR MIN PSBL S-S WX    SPD DR
================================================================================

 1  79  53  66  11   0   1 0.00  0.0    0 10.2 26 360   M    M   4 12     37 360
 2  53  40  47  -8  18   0 0.00  0.0    0 10.8 26  10   M    M   1        36  20
 3  47  43  45 -10  20   0 0.57  0.0    0  5.6 13  50   M    M  10 18     15  50
 4  57  46  52  -3  13   0 0.04  0.0    0  4.4 13  10   M    M  10 18     16  10
 5  56  46  51  -5  14   0    T  0.0    0 10.1 22 360   M    M  10 1      27 360
 6  59  43  51  -5  14   0 0.00  0.0    0  5.3  9  10   M    M   8 1      12 100
 7  73  42  58   2   7   0 0.00  0.0    0  6.9 16 160   M    M   3 12     22 200
 8  80  54  67  11   0   2 0.00  0.0    0  9.2 23 210   M    M   3 12     30 210
 9  83  50  67  11   0   2 0.00  0.0    0  6.2 13  20   M    M   3 128    16  50
10  80  47  64   8   1   0 0.00  0.0    0  6.8 16 140   M    M   0 12     20 140
11  77  54  66  10   0   1 0.00  0.0    0  6.4 16 120   M    M   5 12     22 150
12  67  50  59   2   6   0 0.00  0.0    0 10.2 21 360   M    M   3 12     27 360
13  70  43  57   0   8   0 0.00  0.0    0  6.6 15 150   M    M   3        18 150
14  76  46  61   4   4   0 0.00  0.0    0  4.5 10 190   M    M   2 12     15 220
15  72  55  64   7   1   0    T  0.0    0  8.1 21 160   M    M   6 12     26 160
16  68  37  53  -4  12   0 0.09  0.0    0 14.5 28 350   M    M   9 1      36 340
17  54  34  44 -14  21   0 0.02  0.0    0 10.3 20 360   M    M   4 18     26 360
18  65  30  48 -10  17   0 0.00  0.0    0  6.5 16 160   M    M   0        19 170
19  70  39  55  -3  10   0 0.00  0.0    0 10.3 23 150   M    M   2        32 170
20  73  56  65   7   0   0    T  0.0    0 17.0 33 170   M    M  10        44 180
21  78  67  73  15   0   8    T  0.0    0 14.8 28 180   M    M  10 1      36 170
22  76  47  62   3   3   0    T  0.0    0 12.6 29 350   M    M   9 1      37 360
23  47  34  41 -18  24   0 0.01  0.0    0 15.6 24  10   M    M  10 1      33  20
24  39  36  38 -21  27   0 0.00  0.0    0  9.3 13 320   M    M  10 1      16 310
25  61  37  49 -10  16   0 0.05  0.0    0 11.1 24 310   M    M   5 1      28 310
26  61  34  48 -12  17   0 0.00  0.0    0 12.8 23  40   M    M   0 1      29  30
27  49  36  43 -17  22   0 0.00  0.0    0 14.1 23  50   M    M   8 8      27  60
28  55  44  50 -10  15   0 0.20  0.0    0 11.8 18  60   M    M  10 1      23  50
================================================================================
SM 1825 1243       290  14  0.98     0.0 272.0          M      158
================================================================================
AV 65.2 44.4                               9.7 FASTST   M    M   6    MAX(MPH)
                                 MISC ---->  # 33 170               # 44  180
================================================================================
NOTES:
# LAST OF SEVERAL OCCURRENCES

COLUMN 17 PEAK WIND IN M.P.H.

PRELIMINARY LOCAL CLIMATOLOGICAL DATA (WS FORM: F-6) , PAGE 2

                                          STATION:  VICTORIA
                                          MONTH:    FEBRUARY
                                          YEAR:     2015
                                          LATITUDE:   28 51 N
                                          LONGITUDE:  96 55 W

[TEMPERATURE DATA]      [PRECIPITATION DATA]       SYMBOLS USED IN COLUMN 16

AVERAGE MONTHLY: 54.8   TOTAL FOR MONTH:   0.98    1 = FOG OR MIST
DPTR FM NORMAL:  -2.5   DPTR FM NORMAL:   -1.10    2 = FOG REDUCING VISIBILITY
HIGHEST:    83 ON  9    GRTST 24HR  0.60 ON  3- 4      TO 1/4 MILE OR LESS
LOWEST:     30 ON 18                               3 = THUNDER
                        SNOW, ICE PELLETS, HAIL    4 = ICE PELLETS
                        TOTAL MONTH:   0.0 INCH    5 = HAIL
                        GRTST 24HR     0.0         6 = FREEZING RAIN OR DRIZZLE
                        GRTST DEPTH:   0           7 = DUSTSTORM OR SANDSTORM:
                                                       VSBY 1/2 MILE OR LESS
                                                   8 = SMOKE OR HAZE
[NO. OF DAYS WITH]      [WEATHER - DAYS WITH]      9 = BLOWING SNOW
                                                   X = TORNADO
MAX 32 OR BELOW:   0    0.01 INCH OR MORE:   7
MAX 90 OR ABOVE:   0    0.10 INCH OR MORE:   2
MIN 32 OR BELOW:   1    0.50 INCH OR MORE:   1
MIN  0 OR BELOW:   0    1.00 INCH OR MORE:   0

[HDD (BASE 65) ]
TOTAL THIS MO.   290    CLEAR  (SCALE 0-3)  10
DPTR FM NORMAL    49    PTCLDY (SCALE 4-7)   7
TOTAL FM JUL 1  1080    CLOUDY (SCALE 8-10) 11
DPTR FM NORMAL   -13

[CDD (BASE 65) ]
TOTAL THIS MO.    14
DPTR FM NORMAL   -10    [PRESSURE DATA]
TOTAL FM JAN 1    15    HIGHEST SLP 30.37 ON 27
DPTR FM NORMAL   -23    LOWEST  SLP 29.82 ON 25

[REMARKS]
#FINAL-02-15#
