000
CXUS55 KGJT 281000
CF6VEL
PRELIMINARY LOCAL CLIMATOLOGICAL DATA (WS FORM: F-6)

                                          STATION:   VERNAL UT
                                          MONTH:     FEBRUARY
                                          YEAR:      2015
                                          LATITUDE:   40 27 N
                                          LONGITUDE: 109 31 W

  TEMPERATURE IN F:       :PCPN:    SNOW:  WIND      :SUNSHINE: SKY     :PK WND
================================================================================
1   2   3   4   5  6A  6B    7    8   9   10  11  12  13   14  15   16   17  18
                                     12Z  AVG MX 2MIN
DY MAX MIN AVG DEP HDD CDD  WTR  SNW DPTH SPD SPD DIR MIN PSBL S-S WX    SPD DR
================================================================================

 1  45  22  34  13  31   0 0.00    M    M  3.3 12 220   M    M   4 1      14 230
 2  50  25  38  17  27   0 0.00    M    M  3.7  9 350   M    M   4        11 100
 3  52  28  40  19  25   0 0.00    M    M  4.2  9  80   M    M   0        11  80
 4  56  31  44  22  21   0 0.00    M    M  5.2 10 310   M    M   2        15 250
 5  53  32  43  21  22   0 0.00    M    M  3.9  9 160   M    M   0        11 160
 6  59  26  43  21  22   0 0.00    M    M  4.0 10 230   M    M   0        14 220
 7  59  30  45  22  20   0 0.00    M    M  5.0 10 200   M    M   0        14 200
 8  59  29  44  21  21   0 0.00    M    M  4.0 10 320   M    M   1        13 130
 9  61  29  45  22  20   0 0.00    M    M  5.3 17 290   M    M   0        21 290
10  54  31  43  19  22   0 0.00    M    M  5.7 20 310   M    M   5        24 330
11  53  26  40  16  25   0 0.00    M    M  5.1 10 220   M    M   0        14  40
12  53  26  40  16  25   0 0.00    M    M  3.4 12  80   M    M   1        14  90
13  58  23  41  16  24   0 0.00    M    M  3.4  8 260   M    M   0        10 130
14  54  25  40  15  25   0 0.00    M    M  3.1  9 160   M    M   0        14 300
15  57  27  42  16  23   0 0.00    M    M 11.5 25  20   M    M   1        34  10
16  43  20  32   6  33   0 0.00    M    M  8.3 28  30   M    M   1        35  50
17  43  14  29   2  36   0 0.00    M    M  3.0  8 290   M    M   0        11 150
18  50  19  35   8  30   0 0.00    M    M  4.7  8 290   M    M   0        10  90
19  56  20  38  10  27   0 0.00    M    M  3.5  8 290   M    M   0        11 110
20  54  27  41  13  24   0 0.00    M    M  8.3 25 360   M    M   4 8      31 360
21  42  24  33   5  32   0    T    M    M  6.6 18  10   M    M   8 1      23  20
22  31  19  25  -4  40   0 0.00    M    M 16.8 24  40   M    M   5        32  30
23  34  12  23  -7  42   0 0.00    M    M  5.8 18  60   M    M   2        24  70
24  44  10  27  -3  38   0 0.00    M    M  3.5  9 170   M    M   0        12 180
25  51  23  37   7  28   0 0.00    M    M  6.6 29 350   M    M   5        38  50
26  40  19  30  -1  35   0 0.00    M    M  4.0 17  40   M    M   8        17  40
27  39  20  30  -1  35   0    T    M    M  6.2 14 320   M    M   7 1      16 310
================================================================================
SM 1350  637       753   0    T     M    148.1          M       58
================================================================================
AV 50.0 23.6                               5.5 FASTST   M    M   2    MAX(MPH)
                                 MISC ---->  # 29 350               # 38   50
================================================================================
NOTES:
# LAST OF SEVERAL OCCURRENCES

COLUMN 17 PEAK WIND IN M.P.H.

PRELIMINARY LOCAL CLIMATOLOGICAL DATA (WS FORM: F-6) , PAGE 2

                                          STATION:  VERNAL UT
                                          MONTH:    FEBRUARY
                                          YEAR:     2015
                                          LATITUDE:   40 27 N
                                          LONGITUDE: 109 31 W

[TEMPERATURE DATA]      [PRECIPITATION DATA]       SYMBOLS USED IN COLUMN 16

AVERAGE MONTHLY: 36.8   TOTAL FOR MONTH:      T    1 = FOG OR MIST
DPTR FM NORMAL:  11.2   DPTR FM NORMAL:   -0.50    2 = FOG REDUCING VISIBILITY
HIGHEST:    61 ON  9    GRTST 24HR  0.02 ON 31- 1      TO 1/4 MILE OR LESS
LOWEST:     10 ON 24                               3 = THUNDER
                        SNOW, ICE PELLETS, HAIL    4 = ICE PELLETS
                        TOTAL MONTH:    M          5 = HAIL
                        GRTST 24HR    M  ON   M    6 = FREEZING RAIN OR DRIZZLE
                        GRTST DEPTH:  M  ON   M    7 = DUSTSTORM OR SANDSTORM:
                                                       VSBY 1/2 MILE OR LESS
                                                   8 = SMOKE OR HAZE
[NO. OF DAYS WITH]      [WEATHER - DAYS WITH]      9 = BLOWING SNOW
                                                   X = TORNADO
MAX 32 OR BELOW:   1    0.01 INCH OR MORE:   0
MAX 90 OR ABOVE:   0    0.10 INCH OR MORE:   0
MIN 32 OR BELOW:  27    0.50 INCH OR MORE:   0
MIN  0 OR BELOW:   0    1.00 INCH OR MORE:   0

[HDD (BASE 65) ]
TOTAL THIS MO.   753    CLEAR  (SCALE 0-3)  18
DPTR FM NORMAL  -310    PTCLDY (SCALE 4-7)   8
TOTAL FM JUL 1  4519    CLOUDY (SCALE 8-10)  1
DPTR FM NORMAL  -939

[CDD (BASE 65) ]
TOTAL THIS MO.     0
DPTR FM NORMAL     0    [PRESSURE DATA]
TOTAL FM JAN 1     0    HIGHEST SLP M ON M
DPTR FM NORMAL     0    LOWEST  SLP 29.66 ON 20

[REMARKS]
