000
CXUS52 KTAE 220800
CF6VLD
PRELIMINARY LOCAL CLIMATOLOGICAL DATA (WS FORM: F-6)

                                          STATION:   VALDOSTA
                                          MONTH:     JANUARY
                                          YEAR:      2017
                                          LATITUDE:   30 46 N
                                          LONGITUDE:  83 17 W

  TEMPERATURE IN F:       :PCPN:    SNOW:  WIND      :SUNSHINE: SKY     :PK WND
================================================================================
1   2   3   4   5  6A  6B    7    8   9   10  11  12  13   14  15   16   17  18
                                     12Z  AVG MX 2MIN
DY MAX MIN AVG DEP HDD CDD  WTR  SNW DPTH SPD SPD DIR MIN PSBL S-S WX    SPD DR
================================================================================

 1  76  53  65  14   0   0 0.00  0.0    0  5.4 15 170   M    M   5        20 180
 2  80  60  70  20   0   5 0.21  0.0    0  7.1 16 190   M    M   6 12     25 280
 3  79  52  66  16   0   1 0.86  0.0    0  4.6 13 130   M    M   6 13     20 280
 4  70  47  59   9   6   0 0.00  0.0    0  2.4 10 360   M    M   3 12      M  M
 5  67  37  52   2  13   0 0.00  0.0    0  2.5 10  10   M    M   1        15 180
 6  68  47  58   8   7   0 0.69  0.0    0  3.4 20  10   M    M   3 13     23  20
 7  50  30  40 -10  25   0 0.97  0.0    0 10.9 23 310   M    M   7 13     27 350
 8  44  22  33 -17  32   0 0.00  0.0    0  4.9 15  10   M    M   0        20 360
 9  54  25  40 -10  25   0 0.00  0.0    0  4.5 13  50   M    M   0        18  70
10  67  32  50   0  15   0 0.00  0.0    0  3.6 14 180   M    M   1 12     18 180
11  74  41  58   8   7   0 0.00  0.0    0  4.7 17 160   M    M   2 1      20 160
12  77  43  60  10   5   0 0.00  0.0    0  1.6 12 160   M    M   2 1      15 190
13  79  45  62  12   3   0 0.00  0.0    0  0.7  8  40   M    M   1 1      11  60
14  75  44  60  10   5   0 0.00  0.0    0  1.1  8 150   M    M   3 12     13 130
15  78  50  64  14   1   0 0.00  0.0    0  1.4  9 160   M    M   8 12     10 120
16  78  51  65  15   0   0 0.00  0.0    0  2.6 13 140   M    M   3 1      16 140
17  79  50  65  15   0   0 0.00  0.0    0  3.4 13 190   M    M   1 12     18 190
18  79  53  66  16   0   1 0.00  0.0    0  1.6  9 360   M    M   4 12     15 320
19  74  51  63  13   2   0 0.00  0.0    0  2.3  9 190   M    M   7 128    13 190
20  82  61  72  22   0   7 0.04  0.0    0  5.6 20 180   M    M   8 1      27 170
21  77  60  69  19   0   4 2.97  0.0    0  9.2 20 190   M    M  10 13     30 200
================================================================================
SM 1507  954       146  18  5.74     0.0  83.5          M       81
================================================================================
AV 71.8 45.4                               4.0 FASTST   M    M   4    MAX(MPH)
                                 MISC ---->  # 23 310               # 30  200
================================================================================
NOTES:
# LAST OF SEVERAL OCCURRENCES

COLUMN 17 PEAK WIND IN M.P.H.

PRELIMINARY LOCAL CLIMATOLOGICAL DATA (WS FORM: F-6) , PAGE 2

                                          STATION:  VALDOSTA
                                          MONTH:    JANUARY
                                          YEAR:     2017
                                          LATITUDE:   30 46 N
                                          LONGITUDE:  83 17 W

[TEMPERATURE DATA]      [PRECIPITATION DATA]       SYMBOLS USED IN COLUMN 16

AVERAGE MONTHLY: 58.6   TOTAL FOR MONTH:   5.74    1 = FOG OR MIST
DPTR FM NORMAL:   8.5   DPTR FM NORMAL:    2.59    2 = FOG REDUCING VISIBILITY
HIGHEST:    82 ON 20    GRTST 24HR  2.97 ON 21-21      TO 1/4 MILE OR LESS
LOWEST:     22 ON  8                               3 = THUNDER
                        SNOW, ICE PELLETS, HAIL    4 = ICE PELLETS
                        TOTAL MONTH:   0.0 INCH    5 = HAIL
                        GRTST 24HR     0.0         6 = FREEZING RAIN OR DRIZZLE
                        GRTST DEPTH:   0           7 = DUSTSTORM OR SANDSTORM:
                                                       VSBY 1/2 MILE OR LESS
                                                   8 = SMOKE OR HAZE
[NO. OF DAYS WITH]      [WEATHER - DAYS WITH]      9 = BLOWING SNOW
                                                   X = TORNADO
MAX 32 OR BELOW:   0    0.01 INCH OR MORE:   6
MAX 90 OR ABOVE:   0    0.10 INCH OR MORE:   5
MIN 32 OR BELOW:   4    0.50 INCH OR MORE:   4
MIN  0 OR BELOW:   0    1.00 INCH OR MORE:   1

[HDD (BASE 65) ]
TOTAL THIS MO.   146    CLEAR  (SCALE 0-3)  10
DPTR FM NORMAL  -169    PTCLDY (SCALE 4-7)  10
TOTAL FM JUL 1   554    CLOUDY (SCALE 8-10)  1
DPTR FM NORMAL  -374

[CDD (BASE 65) ]
TOTAL THIS MO.    18
DPTR FM NORMAL    18    [PRESSURE DATA]
TOTAL FM JAN 1    18    HIGHEST SLP M ON M
DPTR FM NORMAL    18    LOWEST  SLP 29.56 ON 21

[REMARKS]
