000
CXUS55 KLOX 241655
CF6VNY
PRELIMINARY LOCAL CLIMATOLOGICAL DATA (WS FORM: F-6)

                                          STATION:   VAN NUYS AIRPORT CA
                                          MONTH:     JUNE
                                          YEAR:      2017
                                          LATITUDE:   34 13 N
                                          LONGITUDE: 118 29 W

  TEMPERATURE IN F:       :PCPN:    SNOW:  WIND      :SUNSHINE: SKY     :PK WND
================================================================================
1   2   3   4   5  6A  6B    7    8   9   10  11  12  13   14  15   16   17  18
                                     12Z  AVG MX 2MIN
DY MAX MIN AVG DEP HDD CDD  WTR  SNW DPTH SPD SPD DIR MIN PSBL S-S WX    SPD DR
================================================================================

 1  79  60  70   2   0   5 0.00  0.0    0  5.2 14 170   M    M   4 8      18 170
 2  92  58  75   6   0  10 0.00  0.0    0  3.7 12 160   M    M   0 18     16 140
 3  92  60  76   7   0  11 0.00  0.0    0  5.5 15 160   M    M   2 18     18 160
 4  88  61  75   6   0  10 0.00  0.0    0  5.8 13 100   M    M   4 18     17 140
 5  84  60  72   3   0   7 0.00  0.0    0  6.4 14 140   M    M   4 18     17 150
 6  76  61  69   0   0   4 0.00  0.0    0  6.8 14 160   M    M   7 18     20 150
 7  77  60  69  -1   0   4 0.00  0.0    0  6.3 14 150   M    M   6 18     17 140
 8  79  59  69  -1   0   4 0.00  0.0    0   M   M   M   M    M   7 18      M  M
 9  81  57  69  -1   0   4 0.00  0.0    0  8.2 13 150   M    M   1        17 310
10  73  60  67  -3   0   2 0.00  0.0    0  6.6 13 200   M    M   8        18 150
11  72  58  65  -5   0   0 0.00  0.0    0  8.2 20 150   M    M   8 12     25 150
12  77  54  66  -4   0   1 0.00  0.0    0  6.9 17 150   M    M   1 8      22 150
13  85  57  71   0   0   6 0.00  0.0    0  4.5 14 160   M    M   0        19 150
14  92  60  76   5   0  11 0.00  0.0    0  3.2 13 120   M    M   0        17 120
15  94  62  78   7   0  13 0.00  0.0    0  3.5 12 120   M    M   0        16 140
16  97  64  81  10   0  16 0.00  0.0    0  3.1 12 130   M    M   0        17 140
17  95  64  80   8   0  15 0.00  0.0    0  5.0 14 130   M    M   0        18 150
18  95  66  81   9   0  16 0.00  0.0    0  4.3 13 150   M    M   0        17 130
19  96  67  82  10   0  17 0.00  0.0    0  4.5 13 140   M    M   0        17 150
20 100  67  84  12   0  19 0.00  0.0    0  4.0 14 130   M    M   0        19 150
21  98  69  84  12   0  19 0.00  0.0    0  6.3 17 150   M    M   0        21 150
22  87  63  75   2   0  10 0.00  0.0    0  7.3 14 150   M    M   0        19 150
23  87  63  75   2   0  10 0.00  0.0    0  4.8 13 140   M    M   3 18     16 160
================================================================================
SM 1996 1410         0 214  0.00     0.0 120.1          M       55
================================================================================
AV 86.8 61.3                               5.5 FASTST   M    M   2    MAX(MPH)
                                 MISC ---->  # 20 150               # 25  150
================================================================================
NOTES:
# LAST OF SEVERAL OCCURRENCES

COLUMN 17 PEAK WIND IN M.P.H.

PRELIMINARY LOCAL CLIMATOLOGICAL DATA (WS FORM: F-6) , PAGE 2

                                          STATION:  VAN NUYS AIRPORT CA
                                          MONTH:    JUNE
                                          YEAR:     2017
                                          LATITUDE:   34 13 N
                                          LONGITUDE: 118 29 W

[TEMPERATURE DATA]      [PRECIPITATION DATA]       SYMBOLS USED IN COLUMN 16

AVERAGE MONTHLY: 74.0   TOTAL FOR MONTH:   0.00    1 = FOG OR MIST
DPTR FM NORMAL:   3.5   DPTR FM NORMAL:   -0.08    2 = FOG REDUCING VISIBILITY
HIGHEST:   100 ON 20    GRTST 24HR  0.00 ON 23-23      TO 1/4 MILE OR LESS
LOWEST:     54 ON 12                               3 = THUNDER
                        SNOW, ICE PELLETS, HAIL    4 = ICE PELLETS
                        TOTAL MONTH:   0.0 INCH    5 = HAIL
                        GRTST 24HR     0.0         6 = FREEZING RAIN OR DRIZZLE
                        GRTST DEPTH:   0           7 = DUSTSTORM OR SANDSTORM:
                                                       VSBY 1/2 MILE OR LESS
                                                   8 = SMOKE OR HAZE
[NO. OF DAYS WITH]      [WEATHER - DAYS WITH]      9 = BLOWING SNOW
                                                   X = TORNADO
MAX 32 OR BELOW:   0    0.01 INCH OR MORE:   0
MAX 90 OR ABOVE:  10    0.10 INCH OR MORE:   0
MIN 32 OR BELOW:   0    0.50 INCH OR MORE:   0
MIN  0 OR BELOW:   0    1.00 INCH OR MORE:   0

[HDD (BASE 65) ]
TOTAL THIS MO.     0    CLEAR  (SCALE 0-3)  15
DPTR FM NORMAL    -2    PTCLDY (SCALE 4-7)   8
TOTAL FM JUL 1  1081    CLOUDY (SCALE 8-10)  0
DPTR FM NORMAL  -403

[CDD (BASE 65) ]
TOTAL THIS MO.   214
DPTR FM NORMAL    81    [PRESSURE DATA]
TOTAL FM JAN 1   505    HIGHEST SLP M ON M
DPTR FM NORMAL   215    LOWEST  SLP 29.64 ON 21

[REMARKS]
