000
CXUS52 KFFC 261110
CF6VPC
PRELIMINARY LOCAL CLIMATOLOGICAL DATA (WS FORM: F-6)

                                          STATION:   CARTERSVILLE
                                          MONTH:     JULY
                                          YEAR:      2016
                                          LATITUDE:   34  7 N
                                          LONGITUDE:  84 51 W

  TEMPERATURE IN F:       :PCPN:    SNOW:  WIND      :SUNSHINE: SKY     :PK WND
================================================================================
1   2   3   4   5  6A  6B    7    8   9   10  11  12  13   14  15   16   17  18
                                     12Z  AVG MX 2MIN
DY MAX MIN AVG DEP HDD CDD  WTR  SNW DPTH SPD SPD DIR MIN PSBL S-S WX    SPD DR
================================================================================

 1  94  70  82   5   0  17 0.00    M    M  1.5 10 360   M    M   0        16 310
 2  96  68  82   4   0  17 0.00    M    M  1.2  9 200   M    M   1        13 210
 3  96  66  81   3   0  16 0.00    M    M  1.6 12 180   M    M   1 3      17 170
 4  95  70  83   5   0  18 0.00    M    M  4.7 14 180   M    M   1 3      20 200
 5  85  73  79   1   0  14 0.12    M    M  2.3  8 220   M    M   3 13     16 220
 6  83  70  77  -1   0  12 0.85    M    M  1.8 14 180   M    M   4 13     19 180
 7  94  68  81   3   0  16 0.00  0.0    M  3.0 10 220   M    M   1        18 220
 8  96  71  84   6   0  19 0.00  0.0    M  1.5  9 230   M    M   2        17 230
 9  91  70  81   3   0  16 0.16    M    M  1.2 10  10   M    M   2 13     16  10
10  90  69  80   2   0  15 0.34    M    M  1.0 10 190   M    M   1 1      17 200
11  90  68  79   1   0  14 0.11  0.0    M  1.2 22 170   M    M   3 13     33 150
12  92  67  80   2   0  15 0.00  0.0    M  1.8 12 220   M    M   0        21 210
13  92  67  80   2   0  15 0.00    M    M  1.8  8 190   M    M   0        14 210
14  95  67  81   3   0  16 0.00    M    M  1.1 14 360   M    M   1 3      20 340
15  91  68  80   2   0  15 0.00    M    M  1.6  8 210   M    M   1        13 240
16  91  68  80   2   0  15 0.39    M    M  2.3 15 180   M    M   3 13     21 180
17  92  67  80   1   0  15 0.02    M    M  1.9  7 190   M    M   1 8      12 180
18  92  71  82   3   0  17 0.00    M    M  2.4  9 360   M    M   0 3      13 340
19  95  70  83   4   0  18    T    M    M  1.4 12 160   M    M   1 3      17 330
20  96  68  82   3   0  17 0.00    M    M  2.0  8 170   M    M   1        12 130
21  97  71  84   5   0  19 0.05    M    M  3.3 16 180   M    M   1 13     26 170
22  94  69  82   3   0  17 0.00  0.0    M  1.7  9 160   M    M   1        12 340
23  90  73  82   3   0  17 0.15  0.0    M  1.9 17 170   M    M   1 138    22 180
24  94  70  82   3   0  17    T  0.0    0  1.7 20 160   M    M   4 123    28 160
25  97  70  84   5   0  19 0.49    M    M  2.2 17 170   M    M   2 13     22 170
================================================================================
SM 2318 1729         0 406  2.68     0.0  48.1          M       36
================================================================================
AV 92.7 69.2                               1.9 FASTST   M    M   1    MAX(MPH)
                                 MISC ---->  # 22 170               # 33  150
================================================================================
NOTES:
# LAST OF SEVERAL OCCURRENCES

COLUMN 17 PEAK WIND IN M.P.H.

PRELIMINARY LOCAL CLIMATOLOGICAL DATA (WS FORM: F-6) , PAGE 2

                                          STATION:  CARTERSVILLE
                                          MONTH:    JULY
                                          YEAR:     2016
                                          LATITUDE:   34  7 N
                                          LONGITUDE:  84 51 W

[TEMPERATURE DATA]      [PRECIPITATION DATA]       SYMBOLS USED IN COLUMN 16

AVERAGE MONTHLY: 80.9   TOTAL FOR MONTH:   2.68    1 = FOG OR MIST
DPTR FM NORMAL:   2.6   DPTR FM NORMAL:   -1.35    2 = FOG REDUCING VISIBILITY
HIGHEST:    97 ON 25,21 GRTST 24HR  0.89 ON  5- 6      TO 1/4 MILE OR LESS
LOWEST:     66 ON  3                               3 = THUNDER
                        SNOW, ICE PELLETS, HAIL    4 = ICE PELLETS
                        TOTAL MONTH:   0.0 INCH    5 = HAIL
                        GRTST 24HR     0.0         6 = FREEZING RAIN OR DRIZZLE
                        GRTST DEPTH:   0           7 = DUSTSTORM OR SANDSTORM:
                                                       VSBY 1/2 MILE OR LESS
                                                   8 = SMOKE OR HAZE
[NO. OF DAYS WITH]      [WEATHER - DAYS WITH]      9 = BLOWING SNOW
                                                   X = TORNADO
MAX 32 OR BELOW:   0    0.01 INCH OR MORE:  10
MAX 90 OR ABOVE:  23    0.10 INCH OR MORE:   8
MIN 32 OR BELOW:   0    0.50 INCH OR MORE:   1
MIN  0 OR BELOW:   0    1.00 INCH OR MORE:   0

[HDD (BASE 65) ]
TOTAL THIS MO.     0    CLEAR  (SCALE 0-3)  22
DPTR FM NORMAL     0    PTCLDY (SCALE 4-7)   3
TOTAL FM JUL 1     0    CLOUDY (SCALE 8-10)  0
DPTR FM NORMAL     0

[CDD (BASE 65) ]
TOTAL THIS MO.   406
DPTR FM NORMAL    76    [PRESSURE DATA]
TOTAL FM JAN 1   983    HIGHEST SLP  0.00 ON 19
DPTR FM NORMAL   209    LOWEST  SLP 29.93 ON M

[REMARKS]
