000
CXUS51 KBTV 290700
CF6VSF
PRELIMINARY LOCAL CLIMATOLOGICAL DATA (WS FORM: F-6)

                                          STATION:   SPRINGFIELD VT
                                          MONTH:     MAY
                                          YEAR:      2016
                                          LATITUDE:   43 19 N
                                          LONGITUDE:  72 31 W

  TEMPERATURE IN F:       :PCPN:    SNOW:  WIND      :SUNSHINE: SKY     :PK WND
================================================================================
1   2   3   4   5  6A  6B    7    8   9   10  11  12  13   14  15   16   17  18
                                     12Z  AVG MX 2MIN
DY MAX MIN AVG DEP HDD CDD  WTR  SNW DPTH SPD SPD DIR MIN PSBL S-S WX    SPD DR
================================================================================

 1  48  41  45  -6  20   0 0.09    M    0  1.2  7 180   M    M   8 1      10 130
 2  48  39  44  -7  21   0 0.37    M    0  0.9  7  30   M    M  10 1      10  40
 3  54  43  49  -2  16   0    T    M    0  3.0 10  60   M    M   9 1      13  50
 4  49  44  47  -5  18   0 0.02    M    0  1.8  9 130   M    M  10 1      13 130
 5  55  42  49  -3  16   0 0.00  0.0    0  1.9  6  99   M    M  10         M  M
 6  70  44  57   5   8   0 0.09    M    0  4.2 15 140   M    M   7 1      20 140
 7  57  47  52  -1  13   0 0.07    M    0  3.1 10  60   M    M  10 1      12  60
 8  58  41  50  -3  15   0 0.05    M    0  6.9 23 280   M    M   7 1      33 280
 9  58  32  45  -8  20   0    T    M    0  7.8 22 280   M    M   5        30 240
10  68  29  49  -5  16   0 0.00  0.0    0  5.0 17 270   M    M   0        22 270
11  73  33  53  -1  12   0 0.00  0.0    0  4.2 17 280   M    M   0        23 310
12  80  37  59   5   6   0 0.00  0.0    0  2.4 13 150   M    M   0        20 150
13  66  42  54   0  11   0 0.22    M    0  2.6 15 160   M    M   6 12     20 160
14  74  46  60   5   5   0 0.70    M    0  5.0 18 260   M    M   6 12     25 270
15  54  38  46  -9  19   0 0.01    M    0 11.1 25 270   M    M   9        34 280
16  53  37  45 -10  20   0    T    M    0 10.6 26 270   M    M   7        38 270
17  68  41  55   0  10   0    T    M    0  6.6 18 290   M    M   6        26 280
18  67  36  52  -4  13   0 0.00  0.0    0  3.4 13  70   M    M   2        17  70
19  67  46  57   1   8   0 0.15    M    0  1.2 15 180   M    M   8 12     22 170
20  73  44  59   3   6   0 0.00  0.0    0  1.7  7 350   M    M   5 12      M  M
21  73  39  56   0   9   0 0.00  0.0    0  2.8 15 160   M    M   4 12     19 150
22  70  51  61   4   4   0    T  0.0    0  2.2 17  60   M    M   5        24  70
23  81  45  63   6   2   0 0.00  0.0    0  2.6 14  60   M    M   5 12     19  40
24  68  53  61   4   4   0 0.27  0.0    M  1.2 12 110   M    M   M 1      16 110
25  85  53  69  11   0   4 0.00  0.0    M  3.7 18 250   M    M   M 2      25 270
26  85  51  68  10   0   3 0.00  0.0    M  1.0  8  30   M    M   M 1      14 300
27  86  62  74  16   0   9    T  0.0    M  3.8 15 170   M    M   M 1      22 170
28  91  63  77  19   0  12 0.00  0.0    M  2.4 13 280   M    M   M 1      19 300
================================================================================
SM 1879 1219       292  28  2.04     0.0 104.3          M      139
================================================================================
AV 67.1 43.5                               3.7 FASTST   M    M   6    MAX(MPH)
                                 MISC ---->  # 26 270               # 38  270
================================================================================
NOTES:
# LAST OF SEVERAL OCCURRENCES

COLUMN 17 PEAK WIND IN M.P.H.

PRELIMINARY LOCAL CLIMATOLOGICAL DATA (WS FORM: F-6) , PAGE 2

                                          STATION:  SPRINGFIELD VT
                                          MONTH:    MAY
                                          YEAR:     2016
                                          LATITUDE:   43 19 N
                                          LONGITUDE:  72 31 W

[TEMPERATURE DATA]      [PRECIPITATION DATA]       SYMBOLS USED IN COLUMN 16

AVERAGE MONTHLY: 55.3   TOTAL FOR MONTH:   2.04    1 = FOG OR MIST
DPTR FM NORMAL:   0.6   DPTR FM NORMAL:   -1.20    2 = FOG REDUCING VISIBILITY
HIGHEST:    91 ON 28    GRTST 24HR  0.71 ON 14-15      TO 1/4 MILE OR LESS
LOWEST:     29 ON 10                               3 = THUNDER
                        SNOW, ICE PELLETS, HAIL    4 = ICE PELLETS
                        TOTAL MONTH:   0.0 INCH    5 = HAIL
                        GRTST 24HR     0.0         6 = FREEZING RAIN OR DRIZZLE
                        GRTST DEPTH:   0           7 = DUSTSTORM OR SANDSTORM:
                                                       VSBY 1/2 MILE OR LESS
                                                   8 = SMOKE OR HAZE
[NO. OF DAYS WITH]      [WEATHER - DAYS WITH]      9 = BLOWING SNOW
                                                   X = TORNADO
MAX 32 OR BELOW:   0    0.01 INCH OR MORE:  11
MAX 90 OR ABOVE:   1    0.10 INCH OR MORE:   5
MIN 32 OR BELOW:   2    0.50 INCH OR MORE:   1
MIN  0 OR BELOW:   0    1.00 INCH OR MORE:   0

[HDD (BASE 65) ]
TOTAL THIS MO.   292    CLEAR  (SCALE 0-3)   4
DPTR FM NORMAL    -4    PTCLDY (SCALE 4-7)  13
TOTAL FM JUL 1  6447    CLOUDY (SCALE 8-10)  6
DPTR FM NORMAL  -955

[CDD (BASE 65) ]
TOTAL THIS MO.    28
DPTR FM NORMAL    26    [PRESSURE DATA]
TOTAL FM JAN 1    28    HIGHEST SLP M ON M
DPTR FM NORMAL    24    LOWEST  SLP 29.52 ON M

[REMARKS]
