000
CXUS51 KBTV 160700
CF6VSF
PRELIMINARY LOCAL CLIMATOLOGICAL DATA (WS FORM: F-6)

                                          STATION:   SPRINGFIELD VT
                                          MONTH:     SEPTEMBER
                                          YEAR:      2014
                                          LATITUDE:   43 19 N
                                          LONGITUDE:  72 31 W

  TEMPERATURE IN F:       :PCPN:    SNOW:  WIND      :SUNSHINE: SKY     :PK WND
================================================================================
1   2   3   4   5  6A  6B    7    8   9   10  11  12  13   14  15   16   17  18
                                     12Z  AVG MX 2MIN
DY MAX MIN AVG DEP HDD CDD  WTR  SNW DPTH SPD SPD DIR MIN PSBL S-S WX    SPD DR
================================================================================

 1  85  64  75  10   0  10 0.00  0.0    0  2.0 10 260   M    M   5 12     15 290
 2  84  61  73   9   0   8 0.45  0.0    0  2.2 23 270   M    M   6 123    32 280
 3  79  55  67   3   0   2 0.00  0.0    0  4.7 17 270   M    M   1        27 270
 4  82  51  67   3   0   2 0.00  0.0    0  2.5 14 250   M    M   4 12     18 190
 5  88  57  73  10   0   8 0.00  0.0    0  3.1 14 150   M    M   3 12     20 150
 6  86  63  75  12   0  10    T  0.0    0  5.4 22 300   M    M   3 1      32 290
 7  74  51  63   0   2   0 0.00  0.0    0  3.6 17 280   M    M   2 1      23 280
 8  75  47  61  -1   4   0 0.00  0.0    0  1.9 12 150   M    M   4 12     16 170
 9  70  46  58  -4   7   0 0.00  0.0    0  2.2 13 110   M    M   6 12     20 130
10  71  46  59  -3   6   0 0.00  0.0    0  2.1  9 140   M    M   4 12     14 170
11  74  54  64   3   1   0 0.02  0.0    0  6.2 17 300   M    M   8 1      24 300
12  64  45  55  -6  10   0 0.00  0.0    0  7.3 14 280   M    M   6        19  10
13  53  41  47 -13  18   0 0.36    M    0  1.0 10 320   M    M   9 12     17 290
14  60  38  49 -11  16   0 0.00  0.0    0  4.0 14 280   M    M   4 12     20 280
15  64  38  51  -9  14   0    T    M    0  1.2 10 100   M    M   4 12     13 100
================================================================================
SM 1109  757        78  40  0.83     0.0  49.4          M       69
================================================================================
AV 73.9 50.5                               3.3 FASTST   M    M   5    MAX(MPH)
                                 MISC ---->  # 23 270               # 32  280
================================================================================
NOTES:
# LAST OF SEVERAL OCCURRENCES

COLUMN 17 PEAK WIND IN M.P.H.

PRELIMINARY LOCAL CLIMATOLOGICAL DATA (WS FORM: F-6) , PAGE 2

                                          STATION:  SPRINGFIELD VT
                                          MONTH:    SEPTEMBER
                                          YEAR:     2014
                                          LATITUDE:   43 19 N
                                          LONGITUDE:  72 31 W

[TEMPERATURE DATA]      [PRECIPITATION DATA]       SYMBOLS USED IN COLUMN 16

AVERAGE MONTHLY: 62.2   TOTAL FOR MONTH:   0.83    1 = FOG OR MIST
DPTR FM NORMAL:  -0.1   DPTR FM NORMAL:   -0.82    2 = FOG REDUCING VISIBILITY
HIGHEST:    88 ON  5    GRTST 24HR  0.45 ON  1- 2      TO 1/4 MILE OR LESS
LOWEST:     38 ON 15,14                            3 = THUNDER
                        SNOW, ICE PELLETS, HAIL    4 = ICE PELLETS
                        TOTAL MONTH:   0.0 INCH    5 = HAIL
                        GRTST 24HR     0.0         6 = FREEZING RAIN OR DRIZZLE
                        GRTST DEPTH:   0           7 = DUSTSTORM OR SANDSTORM:
                                                       VSBY 1/2 MILE OR LESS
                                                   8 = SMOKE OR HAZE
[NO. OF DAYS WITH]      [WEATHER - DAYS WITH]      9 = BLOWING SNOW
                                                   X = TORNADO
MAX 32 OR BELOW:   0    0.01 INCH OR MORE:   3
MAX 90 OR ABOVE:   0    0.10 INCH OR MORE:   2
MIN 32 OR BELOW:   0    0.50 INCH OR MORE:   0
MIN  0 OR BELOW:   0    1.00 INCH OR MORE:   0

[HDD (BASE 65) ]
TOTAL THIS MO.    78    CLEAR  (SCALE 0-3)   4
DPTR FM NORMAL    18    PTCLDY (SCALE 4-7)  10
TOTAL FM JUL 1   127    CLOUDY (SCALE 8-10)  1
DPTR FM NORMAL    12

[CDD (BASE 65) ]
TOTAL THIS MO.    40
DPTR FM NORMAL    19    [PRESSURE DATA]
TOTAL FM JAN 1   277    HIGHEST SLP M ON M
DPTR FM NORMAL   -65    LOWEST  SLP 29.71 ON  2

[REMARKS]
