000
CXUS55 KLBF 010949
CF6VTN
PRELIMINARY LOCAL CLIMATOLOGICAL DATA (WS FORM: F-6)

                                          STATION:   VALENTINE NE
                                          MONTH:     JULY
                                          YEAR:      2015
                                          LATITUDE:   42 52 N
                                          LONGITUDE: 100 33 W

  TEMPERATURE IN F:       :PCPN:    SNOW:  WIND      :SUNSHINE: SKY     :PK WND
================================================================================
1   2   3   4   5  6A  6B    7    8   9   10  11  12  13   14  15   16   17  18
                                     12Z  AVG MX 2MIN
DY MAX MIN AVG DEP HDD CDD  WTR  SNW DPTH SPD SPD DIR MIN PSBL S-S WX    SPD DR
================================================================================

 1  88  58  73   1   0   8 0.00  0.0    0  7.7 18 330   M    M   1 1      25 330
 2  82  61  72  -1   0   7 0.03  0.0    0  9.1 23 320   M    M   2        30 320
 3  84  55  70  -3   0   5 0.00  0.0    0  4.8 13 150   M    M   2 1      17 140
 4  92  61  77   4   0  12 0.00  0.0    0 13.7 46 200   M    M   0        62 200
 5  96  65  81   8   0  16 1.69  0.0    0 14.6 38  10   M    M   1 13     54  10
 6  75  57  66  -8   0   1 0.38  0.0    0 11.4 23 350   M    M   7 18     27  10
 7  76  51  64 -10   1   0 0.00  0.0    0  6.5 17 130   M    M   4 1      21 140
 8  70  57  64 -10   1   0 0.03  0.0    0  8.3 23 260   M    M   6        27 260
 9  80  55  68  -6   0   3 0.00  0.0    0  6.1 15 170   M    M   3 1      19 180
10  84  61  73  -1   0   8 0.97  0.0    0 11.2 31 290   M    M   4 13     36 290
11  94  65  80   6   0  15 0.00  0.0    0  8.9 17 190   M    M   0        22 200
12  94  68  81   6   0  16    T  0.0    0 10.9 28 210   M    M   0 3      41 230
13  93  57  75   0   0  10 0.00  0.0    0  5.3 14 320   M    M   0        19 320
14  90  60  75   0   0  10 0.00  0.0    0  8.9 18  80   M    M   0        24  70
15  79  66  73  -2   0   8    T  0.0    0  7.6 20 120   M    M   4        23 120
16  88  60  74  -1   0   9 0.00  0.0    0  5.9 15 290   M    M   0        21 270
17  87  60  74  -1   0   9 0.04  0.0    0  7.5 23 290   M    M   1 3      35 280
18  83  57  70  -5   0   5 0.00  0.0    0  8.1 21 310   M    M   0        25 320
19  89  54  72  -3   0   7 0.11  0.0    0  5.9 21 190   M    M   3 3      28 190
20  83  60  72  -3   0   7 0.00  0.0    0  5.5 10 360   M    M   0        18  10
21  82  57  70  -5   0   5    T  0.0    0  6.9 20 180   M    M   2        24 170
22  86  67  77   2   0  12 0.00  0.0    0   M   M   M   M    M   7         M  M
23 102  63  83   8   0  18 0.00  0.0    0   M  25 180   M    M   0        36 200
24  92  63  78   3   0  13 0.00  0.0    0  8.1 15  40   M    M   0        19 250
25  96  65  81   6   0  16 0.00  0.0    0  8.3 21 190   M    M   0 3      27 180
26  96  60  78   3   0  13    T  0.0    0  9.9 25  30   M    M   0 3      34 360
27  93  60  77   2   0  12    T  0.0    0 13.8 28 160   M    M   0        34 160
28  85  55  70  -5   0   5    T  0.0    0 11.9 23 280   M    M   0        32 290
29  88  46  67  -8   0   2 0.00  0.0    0  8.4 18 250   M    M   1        25 260
30  93  55  74  -1   0   9 0.00  0.0    0  6.7 16 250   M    M   0        21 330
31  96  56  76   1   0  11 0.00  0.0    0  6.2 17  70   M    M   0        20 360
================================================================================
SM 2716 1835         2 272  3.25     0.0 248.1          M       48
================================================================================
AV 87.6 59.2                               8.6 FASTST   M    M   2    MAX(MPH)
                                 MISC ---->  # 46 200               # 62  200
================================================================================
NOTES:
# LAST OF SEVERAL OCCURRENCES

COLUMN 17 PEAK WIND IN M.P.H.

PRELIMINARY LOCAL CLIMATOLOGICAL DATA (WS FORM: F-6) , PAGE 2

                                          STATION:  VALENTINE NE
                                          MONTH:    JULY
                                          YEAR:     2015
                                          LATITUDE:   42 52 N
                                          LONGITUDE: 100 33 W

[TEMPERATURE DATA]      [PRECIPITATION DATA]       SYMBOLS USED IN COLUMN 16

AVERAGE MONTHLY: 73.4   TOTAL FOR MONTH:   3.25    1 = FOG OR MIST
DPTR FM NORMAL:  -1.1   DPTR FM NORMAL:    0.04    2 = FOG REDUCING VISIBILITY
HIGHEST:   102 ON 23    GRTST 24HR  2.07 ON  5- 6      TO 1/4 MILE OR LESS
LOWEST:     46 ON 29                               3 = THUNDER
                        SNOW, ICE PELLETS, HAIL    4 = ICE PELLETS
                        TOTAL MONTH:   0.0 INCH    5 = HAIL
                        GRTST 24HR     0.0         6 = FREEZING RAIN OR DRIZZLE
                        GRTST DEPTH:   0           7 = DUSTSTORM OR SANDSTORM:
                                                       VSBY 1/2 MILE OR LESS
                                                   8 = SMOKE OR HAZE
[NO. OF DAYS WITH]      [WEATHER - DAYS WITH]      9 = BLOWING SNOW
                                                   X = TORNADO
MAX 32 OR BELOW:   0    0.01 INCH OR MORE:   7
MAX 90 OR ABOVE:  13    0.10 INCH OR MORE:   4
MIN 32 OR BELOW:   0    0.50 INCH OR MORE:   2
MIN  0 OR BELOW:   0    1.00 INCH OR MORE:   1

[HDD (BASE 65) ]
TOTAL THIS MO.     2    CLEAR  (SCALE 0-3)  24
DPTR FM NORMAL    -6    PTCLDY (SCALE 4-7)   7
TOTAL FM JUL 1     2    CLOUDY (SCALE 8-10)  0
DPTR FM NORMAL    -6

[CDD (BASE 65) ]
TOTAL THIS MO.   272
DPTR FM NORMAL   -32    [PRESSURE DATA]
TOTAL FM JAN 1   418    HIGHEST SLP 30.23 ON 29
DPTR FM NORMAL   -57    LOWEST  SLP 29.57 ON 27

[REMARKS]
#FINAL-07-15#
