000
CXUS56 KLKN 011730
CF6WMC
PRELIMINARY LOCAL CLIMATOLOGICAL DATA (WS FORM: F-6)

                                          STATION:   WINNEMUCCA AIRPORT NV
                                          MONTH:     AUGUST
                                          YEAR:      2015
                                          LATITUDE:   40 54 N
                                          LONGITUDE: 117 48 W

  TEMPERATURE IN F:       :PCPN:    SNOW:  WIND      :SUNSHINE: SKY     :PK WND
================================================================================
1   2   3   4   5  6A  6B    7    8   9   10  11  12  13   14  15   16   17  18
                                     12Z  AVG MX 2MIN
DY MAX MIN AVG DEP HDD CDD  WTR  SNW DPTH SPD SPD DIR MIN PSBL S-S WX    SPD DR
================================================================================

 1 101  50  76   3   0  11 0.00  0.0    0  6.3 29 120   M    M   0 8      38 110
 2  90  67  79   6   0  14    T  0.0    0 11.8 23 240   M    M   3        28 250
 3  94  56  75   2   0  10 0.00  0.0    0  6.5 18 230   M    M   0        24 230
 4  93  54  74   1   0   9    T  0.0    0  7.0 28 270   M    M   1        33 270
 5  86  55  71  -2   0   6    T  0.0    0  7.6 23 240   M    M   3 3      30 250
 6  91  44  68  -4   0   3 0.00  0.0    0  5.9 22 230   M    M   0        31 220
 7  72  55  64  -8   1   0 0.23  0.0    0  8.0 30 230   M    M   7 1      40 220
 8  80  53  67  -5   0   2 0.00  0.0    0  6.8 14 270   M    M   2        18 170
 9  91  47  69  -3   0   4 0.00  0.0    0  5.2 22 190   M    M   1        26 180
10  92  50  71  -1   0   6 0.00  0.0    0  6.1 25 190   M    M   0        32 190
11  95  43  69  -3   0   4 0.00  0.0    0  6.8 22 160   M    M   0 8      31 140
12  94  46  70  -1   0   5 0.00  0.0    0  5.6 21 170   M    M   0 8      30 180
13  98  47  73   2   0   8 0.00  0.0    0  7.3 23 150   M    M   0        31 150
14  95  54  75   4   0  10 0.00  0.0    0  9.5 28 270   M    M   0        37 290
15  91  45  68  -3   0   3 0.00  0.0    0  5.6 15 280   M    M   0        20 270
16  94  41  68  -2   0   3 0.00  0.0    0  3.9 16 280   M    M   0        20 290
17  93  45  69  -1   0   4 0.00  0.0    0  5.4 17 290   M    M   0        21 220
18  92  42  67  -3   0   2 0.00  0.0    0  4.9 15 310   M    M   0        22 280
19  95  45  70   0   0   5 0.00  0.0    0  6.6 21 280   M    M   0        32 280
20  94  49  72   3   0   7 0.00  0.0    0  6.2 18 280   M    M   3 8      25 280
21  91  46  69   0   0   4 0.00  0.0    0  7.0 21 270   M    M   4 8      29 280
22  90  54  72   3   0   7 0.00  0.0    0 10.0 20  20   M    M   0        25  30
23  96  47  72   4   0   7 0.00  0.0    0  6.9 22 230   M    M   0        27 230
24  95  55  75   7   0  10 0.00  0.0    0  4.9 16 250   M    M   0        21 220
25  94  48  71   3   0   6 0.00  0.0    0  5.1 13 250   M    M   0        19 270
26  92  48  70   2   0   5 0.00  0.0    0  7.0 18 220   M    M   0        24 210
27  92  51  72   5   0   7 0.00  0.0    0  5.5 16 200   M    M   0        23 230
28  93  53  73   6   0   8 0.00  0.0    0  5.0 18 240   M    M   0        25 270
29  91  54  73   6   0   8 0.00  0.0    0 12.2 29 240   M    M   1        37 220
30  82  43  63  -3   2   0 0.00  0.0    0  7.7 21 270   M    M   0        25 260
31  88  37  63  -3   2   0 0.00  0.0    0  4.4 15 260   M    M   0        18 190
================================================================================
SM 2835 1524         5 178  0.23     0.0 208.7          M       25
================================================================================
AV 91.5 49.2                               6.7 FASTST   M    M   1    MAX(MPH)
                                 MISC ---->  # 30 230               # 40  220
================================================================================
NOTES:
# LAST OF SEVERAL OCCURRENCES

COLUMN 17 PEAK WIND IN M.P.H.

PRELIMINARY LOCAL CLIMATOLOGICAL DATA (WS FORM: F-6) , PAGE 2

                                          STATION:  WINNEMUCCA AIRPORT NV
                                          MONTH:    AUGUST
                                          YEAR:     2015
                                          LATITUDE:   40 54 N
                                          LONGITUDE: 117 48 W

[TEMPERATURE DATA]      [PRECIPITATION DATA]       SYMBOLS USED IN COLUMN 16

AVERAGE MONTHLY: 70.3   TOTAL FOR MONTH:   0.23    1 = FOG OR MIST
DPTR FM NORMAL:   0.3   DPTR FM NORMAL:    0.05    2 = FOG REDUCING VISIBILITY
HIGHEST:   101 ON  1    GRTST 24HR  0.23 ON  7- 7      TO 1/4 MILE OR LESS
LOWEST:     37 ON 31                               3 = THUNDER
                        SNOW, ICE PELLETS, HAIL    4 = ICE PELLETS
                        TOTAL MONTH:   0.0 INCH    5 = HAIL
                        GRTST 24HR     0.0         6 = FREEZING RAIN OR DRIZZLE
                        GRTST DEPTH:   0           7 = DUSTSTORM OR SANDSTORM:
                                                       VSBY 1/2 MILE OR LESS
                                                   8 = SMOKE OR HAZE
[NO. OF DAYS WITH]      [WEATHER - DAYS WITH]      9 = BLOWING SNOW
                                                   X = TORNADO
MAX 32 OR BELOW:   0    0.01 INCH OR MORE:   1
MAX 90 OR ABOVE:  26    0.10 INCH OR MORE:   1
MIN 32 OR BELOW:   0    0.50 INCH OR MORE:   0
MIN  0 OR BELOW:   0    1.00 INCH OR MORE:   0

[HDD (BASE 65) ]
TOTAL THIS MO.     5    CLEAR  (SCALE 0-3)  29
DPTR FM NORMAL   -15    PTCLDY (SCALE 4-7)   2
TOTAL FM JUL 1    10    CLOUDY (SCALE 8-10)  0
DPTR FM NORMAL   -20

[CDD (BASE 65) ]
TOTAL THIS MO.   178
DPTR FM NORMAL     1    [PRESSURE DATA]
TOTAL FM JAN 1   587    HIGHEST SLP 30.18 ON 27
DPTR FM NORMAL    77    LOWEST  SLP 29.64 ON 21

[REMARKS]
#FINAL-08-15#
