000
CXUS56 KMTR 011000
CF6WVI
PRELIMINARY LOCAL CLIMATOLOGICAL DATA (WS FORM: F-6)

                                          STATION:   WATSONVILLE AIRPORT
                                          MONTH:     JANUARY
                                          YEAR:      2015
                                          LATITUDE:   36 55 N
                                          LONGITUDE: 121 47 W

  TEMPERATURE IN F:       :PCPN:    SNOW:  WIND      :SUNSHINE: SKY     :PK WND
================================================================================
1   2   3   4   5  6A  6B    7    8   9   10  11  12  13   14  15   16   17  18
                                     12Z  AVG MX 2MIN
DY MAX MIN AVG DEP HDD CDD  WTR  SNW DPTH SPD SPD DIR MIN PSBL S-S WX    SPD DR
================================================================================

 1  58  30  44  -6  21   0 0.00  0.0    0  2.7  9 100   M    M   0 8      12  80
 2  57  32  45  -5  20   0 0.00  0.0    0  2.5  8 210   M    M   0        17 220
 3  60  32  46  -4  19   0 0.00  0.0    0  2.5  9 210   M    M   0        11 200
 4  63  37  50   0  15   0 0.00  0.0    0  2.6  8 250   M    M   0 8       9  70
 5  72  41  57   7   8   0 0.00  0.0    0  4.1 10  90   M    M   0        14 100
 6  74  44  59   9   6   0 0.00  0.0    0  2.6  8 100   M    M   0        10 100
 7  77  46  62  12   3   0 0.00  0.0    0  2.4  9  80   M    M   0        14  20
 8  69  48  59   9   6   0 0.00  0.0    0  2.3  8 300   M    M   0         9 290
 9  66  50  58   8   7   0 0.00  0.0    0  2.3  9 210   M    M   0 1      12 210
10  69  46  58   8   7   0 0.00  0.0    0  3.4 10 240   M    M   1 1      13 130
11  63  43  53   3  12   0 0.00  0.0    0  3.8 10 200   M    M   0        14 240
12  63  45  54   4  11   0 0.00  0.0    M  2.2  7 330   M    M   2 12     10 320
13  68  40  54   4  11   0 0.00  0.0    0  2.7  8 330   M    M   1 12     15 220
14  69  40  55   5  10   0 0.00  0.0    0  3.6  8 300   M    M   0        14  90
15  71  41  56   6   9   0 0.00  0.0    0  1.9  8  80   M    M   0        10 260
16  68  45  57   7   8   0 0.00  0.0    0  2.0  8 240   M    M   2         9 310
17  72  48  60  10   5   0 0.00  0.0    0  2.2  8 240   M    M   0 1      14  90
18  70  47  59   9   6   0 0.00  0.0    0  2.2 10 100   M    M   0 18     13 110
19  69  49  59   9   6   0 0.00  0.0    0  2.2 10 160   M    M   0 1      15 190
20  63  46  55   4  10   0 0.00  0.0    0  2.2  5 170   M    M   0         M  M
21  68  40  54   3  11   0 0.00  0.0    0  4.4 13  80   M    M   0 1      19 100
22  66  39  53   2  12   0 0.00  0.0    0  3.2 10 100   M    M   0        14  60
23  71  40  56   5   9   0 0.00  0.0    0  2.8  9  80   M    M   0        14  10
24  77  42  60   9   5   0 0.00  0.0    0  3.9 10 100   M    M   0        14  90
25  82  41  62  11   3   0 0.00  0.0    0  2.9 12  80   M    M   0        14  80
26  72  42  57   6   8   0 0.00  0.0    0  3.1  8 300   M    M   0 8      10 150
27  68  50  59   8   6   0    T  0.0    0  2.9 15 240   M    M   5        18 240
28  70  42  56   5   9   0 0.00  0.0    0  3.2 10  90   M    M   0        22  30
29  75  43  59   8   6   0 0.00  0.0    0  1.6  9 240   M    M   0        13 200
30  64  44  54   3  11   0 0.00  0.0    0  4.0 12 240   M    M   2 1      13 210
31  70  45  58   7   7   0 0.00  0.0    0  3.2 12 230   M    M   4 12     15 250
================================================================================
SM 2124 1318       287   0    T      0.0  87.6          M       17
================================================================================
AV 68.5 42.5                               2.8 FASTST   M    M   1    MAX(MPH)
                                 MISC ---->  # 15 240               # 22   30
================================================================================
NOTES:
# LAST OF SEVERAL OCCURRENCES

COLUMN 17 PEAK WIND IN M.P.H.

PRELIMINARY LOCAL CLIMATOLOGICAL DATA (WS FORM: F-6) , PAGE 2

                                          STATION:  WATSONVILLE AIRPORT
                                          MONTH:    JANUARY
                                          YEAR:     2015
                                          LATITUDE:   36 55 N
                                          LONGITUDE: 121 47 W

[TEMPERATURE DATA]      [PRECIPITATION DATA]       SYMBOLS USED IN COLUMN 16

AVERAGE MONTHLY: 55.5   TOTAL FOR MONTH:      T    1 = FOG OR MIST
DPTR FM NORMAL:   5.1   DPTR FM NORMAL:   -3.81    2 = FOG REDUCING VISIBILITY
HIGHEST:    82 ON 25    GRTST 24HR    T  ON 27-27      TO 1/4 MILE OR LESS
LOWEST:     30 ON  1                               3 = THUNDER
                        SNOW, ICE PELLETS, HAIL    4 = ICE PELLETS
                        TOTAL MONTH:   0.0 INCH    5 = HAIL
                        GRTST 24HR     0.0         6 = FREEZING RAIN OR DRIZZLE
                        GRTST DEPTH:   0           7 = DUSTSTORM OR SANDSTORM:
                                                       VSBY 1/2 MILE OR LESS
                                                   8 = SMOKE OR HAZE
[NO. OF DAYS WITH]      [WEATHER - DAYS WITH]      9 = BLOWING SNOW
                                                   X = TORNADO
MAX 32 OR BELOW:   0    0.01 INCH OR MORE:   0
MAX 90 OR ABOVE:   0    0.10 INCH OR MORE:   0
MIN 32 OR BELOW:   3    0.50 INCH OR MORE:   0
MIN  0 OR BELOW:   0    1.00 INCH OR MORE:   0

[HDD (BASE 65) ]
TOTAL THIS MO.   287    CLEAR  (SCALE 0-3)  29
DPTR FM NORMAL  -166    PTCLDY (SCALE 4-7)   2
TOTAL FM JUL 1   790    CLOUDY (SCALE 8-10)  0
DPTR FM NORMAL  -820

[CDD (BASE 65) ]
TOTAL THIS MO.     0
DPTR FM NORMAL     0    [PRESSURE DATA]
TOTAL FM JAN 1     0    HIGHEST SLP M ON M
DPTR FM NORMAL     0    LOWEST  SLP 29.90 ON 30

[REMARKS]
#FINAL-01-15#
