000
CXUS54 KFWD 290730
CF6XBP
PRELIMINARY LOCAL CLIMATOLOGICAL DATA (WS FORM: F-6)

                                          STATION:   BRIDGEPORT
                                          MONTH:     MARCH
                                          YEAR:      2015
                                          LATITUDE:   33 10 N
                                          LONGITUDE:  96 30 W

  TEMPERATURE IN F:       :PCPN:    SNOW:  WIND      :SUNSHINE: SKY     :PK WND
================================================================================
1   2   3   4   5  6A  6B    7    8   9   10  11  12  13   14  15   16   17  18
                                     12Z  AVG MX 2MIN
DY MAX MIN AVG DEP HDD CDD  WTR  SNW DPTH SPD SPD DIR MIN PSBL S-S WX    SPD DR
================================================================================

 1  35  31  33 -16  32   0    M  0.0    0  4.1  8 360   M    M  10 16      M  M
 2  38  32  35 -14  30   0    M  0.0    M  3.0  7 360   M    M  10 1       M  M
 3  55  37  46  -3  19   0    M  0.0    0  1.3  6 120   M    M  10 12      M  M
 4  51  26  39 -11  26   0 0.24    M    0 10.1 18 360   M    M  10 12     28 360
 5  41  23  32 -18  33   0 0.00  0.0    M  5.9 14 360   M    M   1        17 360
 6  54  23  39 -11  26   0 0.00  0.0    0  4.8 10 170   M    M   0         M  M
 7  65  26  46  -4  19   0 0.00  0.0    0  4.0  9 180   M    M   3         M  M
 8  59  47  53   2  12   0 0.01  0.0    0  7.0 14 190   M    M   8 1       M  M
 9  50  47  49  -2  16   0 0.46  0.0    0  3.8  7  70   M    M  10 1       M  M
10  57  44  51   0  14   0 0.00  0.0    0  2.8  6 310   M    M   9 1       M  M
11  70  38  54   2  11   0 0.00  0.0    0  2.8 10  50   M    M   4 12     16  70
12  73  41  57   5   8   0 0.00  0.0    0  2.7 10  90   M    M   1         M  M
13  68  45  57   5   8   0 0.00  0.0    0  6.4 15 360   M    M   9 12     20 360
14  70  55  63  10   2   0 0.00  0.0    0  9.8 17 340   M    M   8        28 340
15  68  49  59   6   6   0 0.00  0.0    0  2.1  7  20   M    M   9         M  M
16  80  45  63  10   2   0 0.00  0.0    0  4.3 12 200   M    M   0 1       M  M
17  80  58  69  15   0   4 0.00  0.0    0  4.4 14 340   M    M   3        17 340
18  64  52  58   4   7   0 0.67  0.0    0  1.8  7 300   M    M   7 1       M  M
19  76  54  65  11   0   0 0.02  0.0    0  5.1 12 140   M    M   9 1      16 140
20  57  50  54  -1  11   0 0.71  0.0    0  5.2 10 360   M    M   8 3       M  M
21  60  50  55   0  10   0 0.28  0.0    0  1.7  7  20   M    M   6 1       M  M
22  67  51  59   4   6   0 0.22  0.0    0  1.4  8 160   M    M   6 1       M  M
23  76  45  61   5   4   0 0.00  0.0    0  6.5 13 170   M    M   4 12     18 150
24  87  61  74  18   0   9 0.00  0.0    0  9.1 16 210   M    M   0        21 220
25  85  56  71  15   0   6 0.00  0.0    0 10.2 21 170   M    M   1 13     29 210
26  64  44  54  -2  11   0 0.00  0.0    0 13.9 22 360   M    M   4        33 350
27  69  39  54  -3  11   0 0.00  0.0    0  5.1  9  40   M    M   0         M  M
28  84  40  62   5   3   0 0.00  0.0    0  5.1 12 120   M    M   0        16 190
================================================================================
SM 1803 1209       327  19  2.61     0.0 144.4          M      150
================================================================================
AV 64.4 43.2                               5.2 FASTST   M    M   5    MAX(MPH)
                                 MISC ---->    22   M                 33    M
================================================================================
NOTES:
# LAST OF SEVERAL OCCURRENCES

COLUMN 17 PEAK WIND IN M.P.H.

PRELIMINARY LOCAL CLIMATOLOGICAL DATA (WS FORM: F-6) , PAGE 2

                                          STATION:  BRIDGEPORT
                                          MONTH:    MARCH
                                          YEAR:     2015
                                          LATITUDE:   33 10 N
                                          LONGITUDE:  96 30 W

[TEMPERATURE DATA]      [PRECIPITATION DATA]       SYMBOLS USED IN COLUMN 16

AVERAGE MONTHLY: 53.8   TOTAL FOR MONTH:   2.61    1 = FOG OR MIST
DPTR FM NORMAL:   0.9   DPTR FM NORMAL:   -0.21    2 = FOG REDUCING VISIBILITY
HIGHEST:    87 ON 24    GRTST 24HR  0.71 ON 20-20      TO 1/4 MILE OR LESS
LOWEST:     23 ON  6, 5                            3 = THUNDER
                        SNOW, ICE PELLETS, HAIL    4 = ICE PELLETS
                        TOTAL MONTH:   0.0 INCH    5 = HAIL
                        GRTST 24HR     0.0         6 = FREEZING RAIN OR DRIZZLE
                        GRTST DEPTH:   0           7 = DUSTSTORM OR SANDSTORM:
                                                       VSBY 1/2 MILE OR LESS
                                                   8 = SMOKE OR HAZE
[NO. OF DAYS WITH]      [WEATHER - DAYS WITH]      9 = BLOWING SNOW
                                                   X = TORNADO
MAX 32 OR BELOW:   0    0.01 INCH OR MORE:   8
MAX 90 OR ABOVE:   0    0.10 INCH OR MORE:   6
MIN 32 OR BELOW:   6    0.50 INCH OR MORE:   2
MIN  0 OR BELOW:   0    1.00 INCH OR MORE:   0

[HDD (BASE 65) ]
TOTAL THIS MO.   327    CLEAR  (SCALE 0-3)  10
DPTR FM NORMAL   -24    PTCLDY (SCALE 4-7)   8
TOTAL FM JUL 1  2535    CLOUDY (SCALE 8-10) 10
DPTR FM NORMAL  -238

[CDD (BASE 65) ]
TOTAL THIS MO.    19
DPTR FM NORMAL    10    [PRESSURE DATA]
TOTAL FM JAN 1    19    HIGHEST SLP M ON M
DPTR FM NORMAL     9    LOWEST  SLP M ON M

[REMARKS]
