000
CXAK56 PAYA 280924
CF6YAK

PRELIMINARY LOCAL CLIMATOLOGICAL DATA (WS FORM: F-6)

                                          STATION:   YAKUTAT
                                          MONTH:     08
                                          YEAR:      2016
                                          LATITUDE:   59 31 N
                                          LONGITUDE: 139 40 W

  TEMPERATURE IN F:       :PCPN:    SNOW:  WIND      :SUNSHINE: SKY     :PK WND
================================================================================
1   2   3   4   5  6A  6B    7     8   9   10  11  12  13   14  15   16  17  18
                                      12Z  AVG MX 2MIN
DY MAX MIN AVG DEP HDD CDD  WTR   SNW DPTH SPD SPD DIR MIN PSBL S-S WX   SPD DR
================================================================================

 1  63  52  58   3   7   0  0.00  0.0   0  3.2 13  260   M    M   M 1     16 240
 2  62  54  58   3   7   0  0.55  0.0   0  3.6  9   70   M    M   M 1     11  70
 3  62  54  58   3   7   0  0.07  0.0   0  3.8 10  120   M    M   M 1     16 130
 4  64  54  59   4   6   0  0.00  0.0   0  2.7 10  250   M    M   M 1     13 240
 5  62  54  58   3   7   0  0.05  0.0   0  1.4  7  170   M    M   M 18    10  70
 6  64  55  60   5   5   0     T  0.0   0  1.7  9  250   M    M   M 2     12 230
 7  60  56  58   3   7   0  0.27  0.0   0  5.2 15  130   M    M   M 1     20 130
 8  60  56  58   3   7   0  0.95  0.0   0  5.7 14  120   M    M   M 1     22 100
 9  62  55  59   4   6   0  0.12  0.0   0  2.8  9  240   M    M   M 1     12 330
10  65  54  60   5   5   0  0.17  0.0   0  4.3 10   80   M    M   M 18    13  70
11  60  55  58   3   7   0  1.47  0.0   0  8.6 21  130   M    M   M 1     31 130
12  61  58  60   5   5   0  0.17  0.0   0 10.3 18  130   M    M   M 1     27 130
13  62  55  59   4   6   0  1.32  0.0   0  7.9 13  130   M    M   M 18    18 150
14  59  55  57   3   8   0  1.59  0.0   0  9.1 17  120   M    M   M 1     28 100
15  60  54  57   3   8   0  0.79  0.0   0  8.9 16  150   M    M   M 1     24 150
16  60  54  57   3   8   0  1.58  0.0   0  8.9 16  150   M    M   M 1     24 150
17  63  52  58   4   7   0  0.01  0.0   0  3.4  8  200   M    M   M       11 120
18  60  52  56   2   9   0  0.64  0.0   0  7.9 20  130   M    M   M 1     30 130
19  61  48  55   1  10   0  0.02  0.0   0  1.5 12  250   M    M   M 2     15 250
20  61  48  55   1  10   0  0.00  0.0   0  3.3 10  270   M    M   M 2     15 320
21  59  48  54   1  11   0     T  0.0   0  1.8 10  250   M    M   M 1     13 240
22  60  52  56   3   9   0  0.59  0.0   0  6.9 15   90   M    M   M 1     24 140
23  60  54  57   4   8   0  0.30  0.0   0  5.1 10  130   M    M   M 1     16 120
24  60  54  57   4   8   0  0.89  0.0   0  4.5 10   90   M    M   M 1     13  90
25  60  55  58   5   7   0  1.70  0.0   0  3.9  8  130   M    M   M 1     12 160
26  68  50  59   7   6   0  0.06  0.0   0  3.2 10  250   M    M   M 1     13 230
27  78  45  62  10   3   0  0.00  0.0   0  0.0 14   80   M    M   M 2     18  80
================================================================================
SM 1676 1433       194   0 13.31 0.0    129.6           M        M
================================================================================
AV 62.1 53.1                              4.8 FASTST  PSBL  %   M    MAX(MPH)
                                 MISC ---->     21  130                 31 130
================================================================================
NOTES:
# LAST OF SEVERAL OCCURRENCES

COLUMN 17 PEAK WIND IN M.P.H.

PRELIMINARY LOCAL CLIMATOLOGICAL DATA (WS FORM: F-6) , PAGE 2

                                          STATION:   YAKUTAT
                                          MONTH:     08
                                          YEAR:      2016
                                          LATITUDE:  59 31 N
                                          LONGITUDE: 139 40 W

[TEMPERATURE DATA]      [PRECIPITATION DATA]       SYMBOLS USED IN COLUMN 16

AVERAGE MONTHLY:57.6   TOTAL FOR MONTH:13.31       1 = FOG
DPTR FM NORMAL:  3.5   DPTR FM NORMAL: 1.38       2 = FOG REDUCING VISIBILITY
HIGHEST:    78 ON 27    GRTST 24HR   1.70 ON 25        TO 1/4 MILE OR LESS
LOWEST:     45 ON 27                               3 = THUNDER
                        SNOW, ICE PELLETS, HAIL    4 = ICE PELLETS
                        TOTAL MONTH: 0.0         5 = HAIL
                        GRTST 24HR   0.0           6 = GLAZE OR RIME
                        GRTST DEPTH:    0          7 = BLOWING DUST OR SAND:
                                                       VSBY 1/2 MILE OR LESS
                                                   8 = SMOKE OR HAZE
[NO. OF DAYS WITH]      [WEATHER - DAYS WITH]      9 = BLOWING SNOW
                                                   X = TORNADO
MAX 32 OR BELOW:   0    0.01 INCH OR MORE:  21
MAX 70 OR ABOVE:   1    0.10 INCH OR MORE:  16
MIN 32 OR BELOW:   0    0.50 INCH OR MORE:  11
MIN  0 OR BELOW:   0    1.00 INCH OR MORE:   5

[HDD (BASE 65) ]
TOTAL THIS MO.   194    CLEAR  (SCALE 0-3)   M
DPTR FM NORMAL   -99    PTCLDY (SCALE 4-7)   M
SEASONAL TOTAL   424    CLOUDY (SCALE 8-10)  M
DPTR FM NORMAL  -201

[CDD (BASE 65) ]
TOTAL THIS MO.     0
DPTR FM NORMAL     0    [PRESSURE DATA]
SEASONAL TOTAL     0    HIGHEST SLP     M
DPTR FM NORMAL     0    LOWEST  SLP     M

[REMARKS]
