000
CXAK56 PAYA 270902
CF6YAK

PRELIMINARY LOCAL CLIMATOLOGICAL DATA (WS FORM: F-6)

                                          STATION:   YAKUTAT
                                          MONTH:     05
                                          YEAR:      2016
                                          LATITUDE:   59 31 N
                                          LONGITUDE: 139 40 W

  TEMPERATURE IN F:       :PCPN:    SNOW:  WIND      :SUNSHINE: SKY     :PK WND
================================================================================
1   2   3   4   5  6A  6B    7     8   9   10  11  12  13   14  15   16  17  18
                                      12Z  AVG MX 2MIN
DY MAX MIN AVG DEP HDD CDD  WTR   SNW DPTH SPD SPD DIR MIN PSBL S-S WX   SPD DR
================================================================================

 1  47  42  45   4  20   0  0.24  0.0   0  6.9 15   80   M    M   M 1     23 110
 2  48  40  44   2  21   0  0.81  0.0   0  4.9 21  210   M    M   M 1     27 200
 3  49  34  42   0  23   0  0.19  0.0   0  4.4 12  190   M    M   M 1248  19 190
 4  48  37  43   1  22   0  0.55  0.0   0  6.9 18   90   M    M   M 1     26 120
 5  45  39  42   0  23   0  1.51  0.0   0 10.4 22  130   M    M   M 1     36 120
 6  48  41  45   2  20   0  1.99  0.0   0  9.3 22  130   M    M   M 1     34 130
 7  49  40  45   2  20   0  0.23  0.0   0  5.1 13   90   M    M   M 1     18  80
 8  49  41  45   2  20   0  0.02  0.0   0  4.1 14  240   M    M   M 1     18 250
 9  47  42  45   2  20   0  0.30  0.0   0  3.6 14  240   M    M   M 1     17 240
10  51  37  44   1  21   0  0.01  0.0   0  4.6 15  260   M    M   M 1     19 260
11  57  32  45   1  20   0  0.00  0.0   0  3.1 10  240   M    M   M 28    17 260
12  70  33  52   8  13   0  0.00  0.0   0  2.4  9  310   M    M   M 28    13 310
13  75  37  56  12   9   0  0.00  0.0   0  3.4 13  340   M    M   M 1     17 340
14  74  40  57  13   8   0  0.00  0.0   0  3.1 12  200   M    M   M 1     16 200
15  71  38  55  10  10   0  0.00  0.0   0  5.7 17  170   M    M   M 1     27 150
16  54  47  51   6  14   0  0.23  0.0   0  7.8 17  130   M    M   M 1     24 120
17  51  46  49   4  16   0  0.47  0.0   0  7.3 15  100   M    M   M 1     23 120
18  58  41  50   5  15   0  0.00  0.0   0  5.7 16  270   M    M   M       23 270
19  56  45  51   6  14   0  0.00  0.0   0  4.6 16  240   M    M   M       19 240
20  58  45  52   6  13   0     T  0.0   0  4.3 13  250   M    M   M       17 250
21  56  47  52   6  13   0  0.09  0.0   0  2.9 12  270   M    M   M 1     16 280
22  54  48  51   5  14   0  0.04  0.0   0  6.7 15  250   M    M   M 1     20 240
23  52  44  48   2  17   0  0.05  0.0   0  5.2 12  250   M    M   M 1     15 240
24  53  41  47   0  18   0     T  0.0   0  2.9 10  240   M    M   M 1     13 250
25  55  41  48   1  17   0  0.00  0.0   0  4.3 10  240   M    M   M       14 240
26  58  38  48   1  17   0  0.00  0.0   0  4.3 15  240   M    M   M 1     21 230
================================================================================
SM 1433 1056       438   0  6.73 0.0    133.9           M        M
================================================================================
AV 55.1 40.6                              5.2 FASTST  PSBL  %   M    MAX(MPH)
                                 MISC ---->  #  22  130                 36 120
================================================================================
NOTES:
# LAST OF SEVERAL OCCURRENCES

COLUMN 17 PEAK WIND IN M.P.H.

PRELIMINARY LOCAL CLIMATOLOGICAL DATA (WS FORM: F-6) , PAGE 2

                                          STATION:   YAKUTAT
                                          MONTH:     05
                                          YEAR:      2016
                                          LATITUDE:  59 31 N
                                          LONGITUDE: 139 40 W

[TEMPERATURE DATA]      [PRECIPITATION DATA]       SYMBOLS USED IN COLUMN 16

AVERAGE MONTHLY:47.9   TOTAL FOR MONTH: 6.73       1 = FOG
DPTR FM NORMAL:  3.7   DPTR FM NORMAL: -0.22       2 = FOG REDUCING VISIBILITY
HIGHEST:    75 ON 13    GRTST 24HR   1.99 ON  6        TO 1/4 MILE OR LESS
LOWEST:     32 ON 11                               3 = THUNDER
                        SNOW, ICE PELLETS, HAIL    4 = ICE PELLETS
                        TOTAL MONTH: 0.0         5 = HAIL
                        GRTST 24HR   0.0           6 = GLAZE OR RIME
                        GRTST DEPTH:    0          7 = BLOWING DUST OR SAND:
                                                       VSBY 1/2 MILE OR LESS
                                                   8 = SMOKE OR HAZE
[NO. OF DAYS WITH]      [WEATHER - DAYS WITH]      9 = BLOWING SNOW
                                                   X = TORNADO
MAX 32 OR BELOW:   0    0.01 INCH OR MORE:  15
MAX 70 OR ABOVE:   4    0.10 INCH OR MORE:  10
MIN 32 OR BELOW:   1    0.50 INCH OR MORE:   4
MIN  0 OR BELOW:   0    1.00 INCH OR MORE:   2

[HDD (BASE 65) ]
TOTAL THIS MO.   438    CLEAR  (SCALE 0-3)   M
DPTR FM NORMAL  -103    PTCLDY (SCALE 4-7)   M
SEASONAL TOTAL  7241    CLOUDY (SCALE 8-10)  M
DPTR FM NORMAL -1267

[CDD (BASE 65) ]
TOTAL THIS MO.     0
DPTR FM NORMAL     0    [PRESSURE DATA]
SEASONAL TOTAL     0    HIGHEST SLP     M
DPTR FM NORMAL     0    LOWEST  SLP     M

[REMARKS]
