000
CXUS56 KPDT 241832
CF6YKM
PRELIMINARY LOCAL CLIMATOLOGICAL DATA (WS FORM: F-6)

                                          STATION:   YAKIMA WA
                                          MONTH:     JANUARY
                                          YEAR:      2017
                                          LATITUDE:   46 34 N
                                          LONGITUDE: 120 32 W

  TEMPERATURE IN F:       :PCPN:    SNOW:  WIND      :SUNSHINE: SKY     :PK WND
================================================================================
1   2   3   4   5  6A  6B    7    8   9   10  11  12  13   14  15   16   17  18
                                     12Z  AVG MX 2MIN
DY MAX MIN AVG DEP HDD CDD  WTR  SNW DPTH SPD SPD DIR MIN PSBL S-S WX    SPD DR
================================================================================

 1  31  15  23  -5  42   0 0.29  6.0    8  8.1 26  30   M    M   8 128    33  30
 2  29  24  27  -1  38   0    T  0.1    8 14.4 28  40   M    M  10        35  30
 3  26  10  18 -10  47   0 0.00  0.0    7  9.6 21  30   M    M   9        26  10
 4  31  10  21  -8  44   0 0.00  0.0    7 10.4 25  30   M    M   1        36  20
 5  24  -2  11 -18  54   0 0.00  0.0    6  5.7 13 270   M    M   0        15 250
 6  18  -4   7 -22  58   0 0.00  0.0    6  5.0  9 260   M    M   0        11 270
 7  23  -3  10 -19  55   0 0.11  1.6    7  5.5 14 330   M    M   7 18     17 330
 8  28  10  19 -10  46   0 0.56  4.4   10  5.0 13 340   M    M  10 128    15 310
 9  31  12  22  -8  43   0 0.03  0.8   10  3.7  9 290   M    M   7 1      12 260
10  31  14  23  -7  42   0 0.07  0.3   10  5.5 18 350   M    M  10 1      29 330
11  26  11  19 -11  46   0 0.02  0.1   10  5.4 20 350   M    M  10 8      26 330
12  22   2  12 -18  53   0 0.00  0.0   10  3.7  9 300   M    M   5 18     12 230
13  16   5  11 -19  54   0    T    T   10  2.8 10 310   M    M   5 18     11 320
14  19  -1   9 -22  56   0 0.00  0.0   10  1.9  8 290   M    M   5 18      9 290
15  19  15  17 -14  48   0    T  0.1   10  1.7  7  80   M    M  10 18      8  80
16  20  11  16 -15  49   0    T  0.1   10  1.5  7 320   M    M   9 18      9 170
17  23  15  19 -12  46   0 0.12  0.0   10  1.2  7 160   M    M   7 68      8  90
18  34  23  29  -2  36   0 0.17  0.0    8  1.4  8  70   M    M   5 168    10 120
19  36  30  33   1  32   0 0.00  0.0    8  1.5  9  20   M    M  10 12     10  80
20  39  25  32   0  33   0 0.24    T    M  5.0 10 250   M    M   9 1248   13 250
21  44  33  39   7  26   0 0.04    M    M  1.0  8 250   M    M  10 18      9 250
22  38  31  35   3  30   0 0.38    M    M  4.2  9 230   M    M   9 126    11 240
23  39  25  32   0  33   0 0.00  0.0    0  5.6 13 260   M    M   7 12     14 260
================================================================================
SM  647  311      1011   0  2.03    13.5 109.8          M      163
================================================================================
AV 28.1 13.5                               4.8 FASTST   M    M   7    MAX(MPH)
                                 MISC ---->  # 28  40               # 36   20
================================================================================
NOTES:
# LAST OF SEVERAL OCCURRENCES

COLUMN 17 PEAK WIND IN M.P.H.

PRELIMINARY LOCAL CLIMATOLOGICAL DATA (WS FORM: F-6) , PAGE 2

                                          STATION:  YAKIMA WA
                                          MONTH:    JANUARY
                                          YEAR:     2017
                                          LATITUDE:   46 34 N
                                          LONGITUDE: 120 32 W

[TEMPERATURE DATA]      [PRECIPITATION DATA]       SYMBOLS USED IN COLUMN 16

AVERAGE MONTHLY: 20.8   TOTAL FOR MONTH:   2.03    1 = FOG OR MIST
DPTR FM NORMAL:  -9.3   DPTR FM NORMAL:    1.14    2 = FOG REDUCING VISIBILITY
HIGHEST:    44 ON 21    GRTST 24HR  0.56 ON  8- 8      TO 1/4 MILE OR LESS
LOWEST:     -4 ON  6                               3 = THUNDER
                        SNOW, ICE PELLETS, HAIL    4 = ICE PELLETS
                        TOTAL MONTH:  13.5 INCHES  5 = HAIL
                        GRTST 24HR   6.0 ON  1- 1  6 = FREEZING RAIN OR DRIZZLE
                        GRTST DEPTH:  10 ON 17,16  7 = DUSTSTORM OR SANDSTORM:
                                                       VSBY 1/2 MILE OR LESS
                                                   8 = SMOKE OR HAZE
[NO. OF DAYS WITH]      [WEATHER - DAYS WITH]      9 = BLOWING SNOW
                                                   X = TORNADO
MAX 32 OR BELOW:  17    0.01 INCH OR MORE:  11
MAX 90 OR ABOVE:   0    0.10 INCH OR MORE:   7
MIN 32 OR BELOW:  22    0.50 INCH OR MORE:   1
MIN  0 OR BELOW:   4    1.00 INCH OR MORE:   0

[HDD (BASE 65) ]
TOTAL THIS MO.  1011    CLEAR  (SCALE 0-3)   3
DPTR FM NORMAL   210    PTCLDY (SCALE 4-7)   8
TOTAL FM JUL 1  3231    CLOUDY (SCALE 8-10) 12
DPTR FM NORMAL  -233

[CDD (BASE 65) ]
TOTAL THIS MO.     0
DPTR FM NORMAL     0    [PRESSURE DATA]
TOTAL FM JAN 1     0    HIGHEST SLP 29.70 ON M
DPTR FM NORMAL     0    LOWEST  SLP 29.23 ON 20

[REMARKS]
