000
CXUS51 KCLE 291004
CF6YNG
PRELIMINARY LOCAL CLIMATOLOGICAL DATA (WS FORM: F-6)

                                          STATION:   YOUNGSTOWN OH
                                          MONTH:     JULY
                                          YEAR:      2014
                                          LATITUDE:   41 16 N
                                          LONGITUDE:  80 40 W

  TEMPERATURE IN F:       :PCPN:    SNOW:  WIND      :SUNSHINE: SKY     :PK WND
================================================================================
1   2   3   4   5  6A  6B    7    8   9   10  11  12  13   14  15   16   17  18
                                     12Z  AVG MX 2MIN
DY MAX MIN AVG DEP HDD CDD  WTR  SNW DPTH SPD SPD DIR MIN PSBL S-S WX    SPD DR
================================================================================

 1  89  73  81  11   0  16 0.02  0.0    0 10.3 18 230   M    M   5 1      25 220
 2  85  65  75   5   0  10 0.55  0.0    0  7.5 18 230   M    M   8 13     24 240
 3  77  58  68  -2   0   3 0.11  0.0    0  6.8 20 310   M    M   7 1      26 320
 4  72  53  63  -7   2   0 0.00  0.0    0  7.0 20 330   M    M   5 1      25 310
 5  77  47  62  -8   3   0 0.00  0.0    0  2.3 10 350   M    M   5 18     15 320
 6  77  53  65  -5   0   0 0.00  0.0    0  6.6 14 210   M    M   6        20 200
 7  81  69  75   5   0  10 0.08  0.0    0 12.4 24 230   M    M   9 13     31 230
 8  80  64  72   1   0   7 0.37  0.0    0 11.4 26 250   M    M   8 138    36 250
 9  80  61  71   0   0   6 0.04  0.0    0  7.2 22 230   M    M   6 13     29 240
10  79  53  66  -5   0   1 0.00  0.0    0  5.0 13  20   M    M   5 1      16  10
11  83  56  70  -1   0   5 0.00  0.0    0  3.4  9  20   M    M   5        14  40
12  84  58  71   0   0   6 0.00  0.0    0  4.8 14 240   M    M   8        23 300
13  84  65  75   4   0  10 0.28  0.0    0  8.0 23 230   M    M   8 13     30 230
14  82  66  74   3   0   9 0.03  0.0    0  5.4 14 170   M    M   8 13     18 150
15  77  57  67  -4   0   2 0.14  0.0    0  9.2 20 240   M    M   7 13     25 250
16  70  51  61 -10   4   0    T  0.0    0  6.2 17 320   M    M   5        22 310
17  73  50  62  -9   3   0    T  0.0    0  3.8 13 320   M    M   6 1      17 290
18  76  46  61 -10   4   0    T    M    0  4.7 10 110   M    M   7        14 140
19  68  62  65  -6   0   0 0.60  0.0    0  7.1 14 120   M    M  10 1      20 110
20  76  63  70  -1   0   5    T  0.0    0  4.3 13 240   M    M   8 1      26 320
21  85  60  73   2   0   8 0.00  0.0    0  3.4 12  10   M    M   5 1      17 150
22  87  63  75   4   0  10 0.00  0.0    0  5.2 15 240   M    M   3 1      18 240
23  79  62  71   0   0   6 0.01  0.0    0  9.0 18 330   M    M   9 18     22 330
24  74  52  63  -8   2   0 0.00  0.0    0  7.2 17 360   M    M   5        23  10
25  77  47  62  -9   3   0 0.03  0.0    0  2.5 10 220   M    M   4 1      17  30
26  82  59  71   0   0   6 0.24  0.0    0  6.8 15 220   M    M   8 13     20 230
27  82  60  71   1   0   6 0.62  0.0    0  7.2 17 360   M    M   9 138    26 270
28  68  53  61  -9   4   0 0.24  0.0    0 10.7 24 320   M    M  10 1      32 310
================================================================================
SM 2204 1626        25 126  3.36     0.0 185.4          M      189
================================================================================
AV 78.7 58.1                               6.6 FASTST   M    M   7    MAX(MPH)
                                 MISC ---->  # 26 250               # 36  250
================================================================================
NOTES:
# LAST OF SEVERAL OCCURRENCES

COLUMN 17 PEAK WIND IN M.P.H.

PRELIMINARY LOCAL CLIMATOLOGICAL DATA (WS FORM: F-6) , PAGE 2

                                          STATION:  YOUNGSTOWN OH
                                          MONTH:    JULY
                                          YEAR:     2014
                                          LATITUDE:   41 16 N
                                          LONGITUDE:  80 40 W

[TEMPERATURE DATA]      [PRECIPITATION DATA]       SYMBOLS USED IN COLUMN 16

AVERAGE MONTHLY: 68.4   TOTAL FOR MONTH:   3.36    1 = FOG OR MIST
DPTR FM NORMAL:  -2.3   DPTR FM NORMAL:   -0.57    2 = FOG REDUCING VISIBILITY
HIGHEST:    89 ON  1    GRTST 24HR  0.86 ON 27-28      TO 1/4 MILE OR LESS
LOWEST:     46 ON 18                               3 = THUNDER
                        SNOW, ICE PELLETS, HAIL    4 = ICE PELLETS
                        TOTAL MONTH:   0.0 INCH    5 = HAIL
                        GRTST 24HR     0.0         6 = FREEZING RAIN OR DRIZZLE
                        GRTST DEPTH:   0           7 = DUSTSTORM OR SANDSTORM:
                                                       VSBY 1/2 MILE OR LESS
                                                   8 = SMOKE OR HAZE
[NO. OF DAYS WITH]      [WEATHER - DAYS WITH]      9 = BLOWING SNOW
                                                   X = TORNADO
MAX 32 OR BELOW:   0    0.01 INCH OR MORE:  15
MAX 90 OR ABOVE:   0    0.10 INCH OR MORE:   9
MIN 32 OR BELOW:   0    0.50 INCH OR MORE:   3
MIN  0 OR BELOW:   0    1.00 INCH OR MORE:   0

[HDD (BASE 65) ]
TOTAL THIS MO.    25    CLEAR  (SCALE 0-3)   1
DPTR FM NORMAL    17    PTCLDY (SCALE 4-7)  21
TOTAL FM JUL 1    25    CLOUDY (SCALE 8-10)  6
DPTR FM NORMAL    17

[CDD (BASE 65) ]
TOTAL THIS MO.   126
DPTR FM NORMAL   -42    [PRESSURE DATA]
TOTAL FM JAN 1   334    HIGHEST SLP M ON M
DPTR FM NORMAL    17    LOWEST  SLP 29.61 ON 27

[REMARKS]
