000
CXUS51 KPBZ 270804
CF6ZZV
PRELIMINARY LOCAL CLIMATOLOGICAL DATA (WS FORM: F-6)

                                          STATION:   ZANESVILLE OH
                                          MONTH:     AUGUST
                                          YEAR:      2015
                                          LATITUDE:   39 56 N
                                          LONGITUDE:  81 54 W

  TEMPERATURE IN F:       :PCPN:    SNOW:  WIND      :SUNSHINE: SKY     :PK WND
================================================================================
1   2   3   4   5  6A  6B    7    8   9   10  11  12  13   14  15   16   17  18
                                     12Z  AVG MX 2MIN
DY MAX MIN AVG DEP HDD CDD  WTR  SNW DPTH SPD SPD DIR MIN PSBL S-S WX    SPD DR
================================================================================

 1  84  60  72  -1   0   7    T    M    M  5.8 14 300   M    M   1        21 310
 2  86  59  73   0   0   8 0.00    M    M  5.8 14 220   M    M   2        21 230
 3  87  65  76   3   0  11    T    M    M  7.8 17 270   M    M   3        22 250
 4  85  59  72  -1   0   7 0.00    M    M  3.7 13 270   M    M   2        19 320
 5  82  56  69  -4   0   4 0.00    M    M  2.6 12 340   M    M   0 1      16 320
 6  70  62  66  -6   0   1    T    M    M  4.8 10  80   M    M   6        15  80
 7  83  56  70  -2   0   5 0.00    M    M  4.0  9  50   M    M   3        13 350
 8  85  60  73   1   0   8 0.00    M    M  2.2 10 320   M    M   0 18     14 340
 9  85  63  74   2   0   9 0.00    M    M  1.7  9 320   M    M   4 18     11 320
10  87  68  78   6   0  13 0.56    M    M  4.5 21 270   M    M   6 138    29 280
11  82  62  72   0   0   7    T    M    M  5.4 16 330   M    M   6 18     24 330
12  81  57  69  -3   0   4 0.00    M    M  4.5 14 330   M    M   3 12     18 330
13  80  51  66  -6   0   1 0.00    M    M  1.9 10 200   M    M   1 12     16 240
14  86  55  71  -1   0   6 0.00    M    M  2.8  8 200   M    M   0        11 250
15  86  60  73   1   0   8 0.00    M    M  2.5 10 170   M    M   2 18     14 160
16  88  62  75   3   0  10 0.00    M    M  2.4 12 300   M    M   2 128    17 300
17  89  63  76   4   0  11 0.01    M    M  2.2  7  99   M    M   3 138     M  M
18  82  67  75   3   0  10 0.01    M    M  4.0 10 180   M    M   6 1      18 210
19  90  64  77   5   0  12 0.01    M    M  6.4 25 200   M    M   3 18     33 200
20  78  57  68  -4   0   3 0.13    M    M  8.1 18 250   M    M   5 1      25 240
21  80  52  66  -6   0   1 0.00    M    M  2.0 10 320   M    M   0 1      12 320
22  83  52  68  -3   0   3 0.00    M    M  2.7 12  80   M    M   0        17  60
23  86  54  70  -1   0   5 0.00    M    M  3.2 12 260   M    M   0 1      15 210
24  78  54  66  -5   0   1 0.04    M    M  6.9 17 260   M    M   4        26 220
25  73  50  62  -9   3   0 0.00    M    M  4.2 16 290   M    M   7        21 290
26  67  53  60 -11   5   0 0.00    M    M  2.1 12 290   M    M   9 1      14 280
================================================================================
SM 2143 1521         8 155  0.76    M    104.2          M       78
================================================================================
AV 82.4 58.5                               4.0 FASTST   M    M   3    MAX(MPH)
                                 MISC ---->  # 25 200               # 33  200
================================================================================
NOTES:
# LAST OF SEVERAL OCCURRENCES

COLUMN 17 PEAK WIND IN M.P.H.

PRELIMINARY LOCAL CLIMATOLOGICAL DATA (WS FORM: F-6) , PAGE 2

                                          STATION:  ZANESVILLE OH
                                          MONTH:    AUGUST
                                          YEAR:     2015
                                          LATITUDE:   39 56 N
                                          LONGITUDE:  81 54 W

[TEMPERATURE DATA]      [PRECIPITATION DATA]       SYMBOLS USED IN COLUMN 16

AVERAGE MONTHLY: 70.5   TOTAL FOR MONTH:   0.76    1 = FOG OR MIST
DPTR FM NORMAL:  -1.5   DPTR FM NORMAL:   -1.95    2 = FOG REDUCING VISIBILITY
HIGHEST:    90 ON 19    GRTST 24HR  0.56 ON 10-10      TO 1/4 MILE OR LESS
LOWEST:     50 ON 25                               3 = THUNDER
                        SNOW, ICE PELLETS, HAIL    4 = ICE PELLETS
                        TOTAL MONTH:    M          5 = HAIL
                        GRTST 24HR    M  ON   M    6 = FREEZING RAIN OR DRIZZLE
                        GRTST DEPTH:  M  ON   M    7 = DUSTSTORM OR SANDSTORM:
                                                       VSBY 1/2 MILE OR LESS
                                                   8 = SMOKE OR HAZE
[NO. OF DAYS WITH]      [WEATHER - DAYS WITH]      9 = BLOWING SNOW
                                                   X = TORNADO
MAX 32 OR BELOW:   0    0.01 INCH OR MORE:   6
MAX 90 OR ABOVE:   1    0.10 INCH OR MORE:   2
MIN 32 OR BELOW:   0    0.50 INCH OR MORE:   1
MIN  0 OR BELOW:   0    1.00 INCH OR MORE:   0

[HDD (BASE 65) ]
TOTAL THIS MO.     8    CLEAR  (SCALE 0-3)  16
DPTR FM NORMAL     8    PTCLDY (SCALE 4-7)   9
TOTAL FM JUL 1     8    CLOUDY (SCALE 8-10)  1
DPTR FM NORMAL     5

[CDD (BASE 65) ]
TOTAL THIS MO.   155
DPTR FM NORMAL   -34    [PRESSURE DATA]
TOTAL FM JAN 1   687    HIGHEST SLP  0.00 ON 17
DPTR FM NORMAL    37    LOWEST  SLP  0.00 ON 17

[REMARKS]
