000
CXUS53 KDVN 011416
CLABRL


CLIMATE REPORT
NATIONAL WEATHER SERVICE QUAD CITIES IA IL
813 AM CST FRI JAN 1 2016

...................................

...THE BURLINGTON IA CLIMATE SUMMARY FOR THE YEAR OF 2015...

CLIMATE NORMAL PERIOD 1981 TO 2010
CLIMATE RECORD PERIOD 1897 TO 2015

WEATHER         OBSERVED          NORMAL  DEPART
                 VALUE   DATE(S)  VALUE   FROM
                                          NORMAL
................................................
TEMPERATURE (F)
RECORD
 HIGH             111   07/15/1936
                        07/14/1936
 LOW              -27   02/13/1905
HIGHEST            94   09/06        87       7
LOWEST            -15   02/27        17     -32
AVG. MAXIMUM     62.2              62.8    -0.6
AVG. MINIMUM     43.1              43.1     0.0
MEAN             52.6              53.0    -0.4
DAYS MAX >= 90     13
DAYS MAX <= 32     34
DAYS MIN <= 32    107
DAYS MIN <= 0      13

PRECIPITATION (INCHES)
TOTALS          42.24             38.48    3.76
DAILY AVG.       0.12              0.11    0.01
DAYS >= .01       107
DAYS >= .10        70
DAYS >= .50        22
DAYS >= 1.00       10
GREATEST
 24 HR. TOTAL    3.02   08/09 TO 08/09

DEGREE_DAYS
HEATING TOTAL    5441              5599    -158
 SINCE 7/1       1711              2186    -475
COOLING TOTAL    1093              1209    -116
 SINCE 1/1       1093              1207    -114
.................................................

WIND (MPH)
AVERAGE WIND SPEED              8.4
HIGHEST WIND SPEED/DIRECTION    52/250    DATE  11/11
HIGHEST GUST SPEED/DIRECTION    65/250    DATE  11/11

SKY COVER
AVERAGE SKY COVER           0.40
NUMBER OF DAYS FAIR          200
NUMBER OF DAYS PC            103
NUMBER OF DAYS CLOUDY         62

AVERAGE RH (PERCENT)     73

WEATHER CONDITIONS. NUMBER OF DAYS WITH
THUNDERSTORM             45     HAIL                       0
SLEET                     1     FOG                      202
FOG W/VIS <= 1/4 MILE    31     HAZE                     110

-  INDICATES NEGATIVE NUMBERS.
R  INDICATES RECORD WAS SET OR TIED.
MM INDICATES DATA IS MISSING.
T  INDICATES TRACE AMOUNT.

$$
