000
CXUS53 KGJT 011337
CLACNY


CLIMATE REPORT
NATIONAL WEATHER SERVICE GRAND JUNCTION CO
617 AM MST FRI JAN 1 2016

...................................

...THE CANYONLANDS AIRPORT UT CLIMATE SUMMARY FOR THE YEAR OF 2015...

CLIMATE NORMAL PERIOD 1981 TO 2010
CLIMATE RECORD PERIOD 9999 TO 9999

WEATHER         OBSERVED          NORMAL  DEPART  LAST YEAR`S
                 VALUE   DATE(S)  VALUE   FROM    VALUE  DATE(S)
                                          NORMAL
................................................................
TEMPERATURE (F)
RECORD
 HIGH              MM   MM
 LOW               MM   MM
HIGHEST           106   06/30        MM      MM      105  07/23
LOWEST              1   12/28        MM      MM       -1  01/05
AVG. MAXIMUM     69.1              67.1     2.0     68.5
AVG. MINIMUM     41.3              39.4     1.9     41.4
MEAN             55.2              53.2     2.0     55.0
DAYS MAX >= 90     79              73.3     5.7       80
DAYS MAX <= 32     17              19.0    -2.0       15
DAYS MIN <= 32    137             136.6     0.4      130
DAYS MIN <= 0       0               3.4    -3.4        2

PRECIPITATION (INCHES)
RECORD
 MAXIMUM           MM   MM
 MINIMUM           MM   MM
TOTALS           8.74              8.80   -0.06     7.38
DAILY AVG.          T              0.02   -0.02        T
DAYS >= .01        63                MM      MM       43
DAYS >= .10        30                MM      MM       22
DAYS >= .50         2                MM      MM        4
DAYS >= 1.00        1                MM      MM        0
GREATEST
 24 HR. TOTAL    1.11   MM                       12/31 TO 12/31
 STORM TOTAL       MM                                 MM


SNOWFALL (INCHES)
RECORDS
 TOTAL             MM   MM
 24 HR TOTAL       MM
 SNOW DEPTH        MM   MM
TOTALS             MM                MM      MM       MM
 LIQUID EQUIV      MM                MM      MM       MM
SINCE 7/1          MM                MM      MM       MM
 LIQUID 7/1        MM                MM      MM       MM
SNOWDEPTH AVG.     MM                MM      MM       MM
DAYS >= TRACE      MM                MM      MM       MM
DAYS >= 1.0        MM                MM      MM       MM
GREATEST
 SNOW DEPTH        MM                                 MM  MM
 24 HR TOTAL       MM                                 MM
 STORM TOTAL       MM                                 MM


DEGREE_DAYS
HEATING TOTAL    4874              5578    -704     4986
 SINCE 7/1       2127              2397    -270     1994
COOLING TOTAL    1420              1288     132     1447
 SINCE 1/1       1420              1289     131     1447

FREEZE DATES
RECORD
 EARLIEST     MM
 LATEST       MM
EARLIEST                        MM
LATEST                          MM
..................................................

WIND (MPH)
AVERAGE WIND SPEED              5.6
RESULTANT WIND SPEED/DIRECTION   1/227
HIGHEST WIND SPEED/DIRECTION    44/220    DATE  09/14
HIGHEST GUST SPEED/DIRECTION    59/230    DATE  09/14

SKY COVER
POSSIBLE SUNSHINE (PERCENT)   MM
AVERAGE SKY COVER           0.20
NUMBER OF DAYS FAIR          276
NUMBER OF DAYS PC             65
NUMBER OF DAYS CLOUDY         21

AVERAGE RH (PERCENT)     49

WEATHER CONDITIONS. NUMBER OF DAYS WITH
THUNDERSTORM             46     MIXED PRECIP               0
HEAVY RAIN               13     RAIN                      29
LIGHT RAIN               97     FREEZING RAIN              0
LT FREEZING RAIN          0     HAIL                       0
HEAVY SNOW                1     SNOW                       2
LIGHT SNOW               21     SLEET                      0
FOG                      62     FOG W/VIS <= 1/4 MILE      6
HAZE                     16

-  INDICATES NEGATIVE NUMBERS.
R  INDICATES RECORD WAS SET OR TIED.
MM INDICATES DATA IS MISSING.
T  INDICATES TRACE AMOUNT.

$$
