000
CDUS41 KBTV 190601
CLI1V4


CLIMATE REPORT
NATIONAL WEATHER SERVICE BURLINGTON VT
1259 AM EST SUN NOV 19 2017


...................................

...THE ST. JOHNSBURY VT CLIMATE SUMMARY FOR NOVEMBER 18 2017...

CLIMATE NORMAL PERIOD 1981 TO 2010
CLIMATE RECORD PERIOD 1894 TO 2017


WEATHER ITEM   OBSERVED TIME   RECORD YEAR NORMAL DEPARTURE LAST
                VALUE   (LST)  VALUE       VALUE  FROM      YEAR
                                                  NORMAL
..................................................................
TEMPERATURE (F)
 YESTERDAY
  MAXIMUM         34        MM  65    1927  43     -9       57
  MINIMUM         15        MM  -2    1904  27    -12       35
  AVERAGE         25                        35    -10       46

PRECIPITATION (IN)
  YESTERDAY        0.00          0.90 1935   0.12  -0.12     0.00
  MONTH TO DATE    1.40                      2.07  -0.67     1.54
  SINCE SEP 1      9.88                      9.33   0.55     6.38
  SINCE JAN 1     39.42                     35.09   4.33    34.32

DEGREE DAYS
 HEATING
  YESTERDAY       40                        30     10       19
  MONTH TO DATE  536                       477     59      427
  SINCE SEP 1   1006                      1214   -208     1059
  SINCE JUL 1   1097                      1264   -167     1086

 COOLING
  YESTERDAY        0                         0      0        0
  MONTH TO DATE    0                         0      0        0
  SINCE SEP 1     69                        35     34       49
  SINCE JAN 1    331                       433   -102      457
..................................................................


WIND (MPH)
  HIGHEST WIND SPEED    MM   HIGHEST WIND DIRECTION    MM
  HIGHEST GUST SPEED    MM   HIGHEST GUST DIRECTION    MM
  AVERAGE WIND SPEED    MM


SKY COVER
  AVERAGE SKY COVER 0.0


WEATHER CONDITIONS
 THE FOLLOWING WEATHER WAS RECORDED YESTERDAY.
  NO SIGNIFICANT WEATHER WAS OBSERVED.


RELATIVE HUMIDITY (PERCENT)
 HIGHEST    92           500 AM
 LOWEST     58           100 PM
 AVERAGE    75

..........................................................


THE ST. JOHNSBURY VT CLIMATE NORMALS FOR TODAY
                         NORMAL    RECORD    YEAR
 MAXIMUM TEMPERATURE (F)   43        66      1941
 MINIMUM TEMPERATURE (F)   27         1      1936


SUNRISE AND SUNSET
NOVEMBER 19 2017......SUNRISE   650 AM EST   SUNSET   417 PM EST
NOVEMBER 20 2017......SUNRISE   651 AM EST   SUNSET   416 PM EST


-  INDICATES NEGATIVE NUMBERS.
R  INDICATES RECORD WAS SET OR TIED.
MM INDICATES DATA IS MISSING.
T  INDICATES TRACE AMOUNT.




$$
