000
CDUS41 KBTV 280717
CLI1V4


CLIMATE REPORT
NATIONAL WEATHER SERVICE BURLINGTON VT
316 AM EDT FRI JUL 28 2017


...................................

...THE ST. JOHNSBURY VT CLIMATE SUMMARY FOR JULY 27 2017...

CLIMATE NORMAL PERIOD 1981 TO 2010
CLIMATE RECORD PERIOD 1894 TO 2017


WEATHER ITEM   OBSERVED TIME   RECORD YEAR NORMAL DEPARTURE LAST
                VALUE   (LST)  VALUE       VALUE  FROM      YEAR
                                                  NORMAL
..................................................................
TEMPERATURE (F)
 YESTERDAY
  MAXIMUM         74        MM  95    1949  81     -7       86
  MINIMUM         62        MM  42    2001  59      3       59
                                      1923
  AVERAGE         68                        70     -2       73

PRECIPITATION (IN)
  YESTERDAY        0.05          1.45 1930   0.14  -0.09     0.00
  MONTH TO DATE    3.98                      3.53   0.45     5.12
  SINCE JUN 1     10.08                      7.54   2.54     9.75
  SINCE JAN 1     26.98                     20.95   6.03    22.33

DEGREE DAYS
 HEATING
  YESTERDAY        0                         0      0        0
  MONTH TO DATE   20                        10     10       16
  SINCE JUN 1    125                        82     43      107
  SINCE JUL 1     20                        10     10       16

 COOLING
  YESTERDAY        3                         5     -2        8
  MONTH TO DATE  107                       150    -43      138
  SINCE JUN 1    179                       240    -61      199
  SINCE JAN 1    192                       258    -66      242
..................................................................


WIND (MPH)
  HIGHEST WIND SPEED    MM   HIGHEST WIND DIRECTION    MM
  HIGHEST GUST SPEED    MM   HIGHEST GUST DIRECTION    MM
  AVERAGE WIND SPEED    MM


SKY COVER
  AVERAGE SKY COVER 0.0


WEATHER CONDITIONS
 THE FOLLOWING WEATHER WAS RECORDED YESTERDAY.
  NO SIGNIFICANT WEATHER WAS OBSERVED.


RELATIVE HUMIDITY (PERCENT)
 HIGHEST   100           200 AM
 LOWEST     78          1100 AM
 AVERAGE    89

..........................................................


THE ST. JOHNSBURY VT CLIMATE NORMALS FOR TODAY
                         NORMAL    RECORD    YEAR
 MAXIMUM TEMPERATURE (F)   81        99      1909
 MINIMUM TEMPERATURE (F)   59        40      1903


SUNRISE AND SUNSET
JULY 28 2017..........SUNRISE   531 AM EDT   SUNSET   818 PM EDT
JULY 29 2017..........SUNRISE   532 AM EDT   SUNSET   816 PM EDT


-  INDICATES NEGATIVE NUMBERS.
R  INDICATES RECORD WAS SET OR TIED.
MM INDICATES DATA IS MISSING.
T  INDICATES TRACE AMOUNT.




$$
