000
CDUS41 KBTV 310550
CLI1V4


CLIMATE REPORT
NATIONAL WEATHER SERVICE BURLINGTON VT
148 AM EDT SUN AUG 31 2014


...................................

...THE ST. JOHNSBURY VT CLIMATE SUMMARY FOR AUGUST 30 2014...

CLIMATE NORMAL PERIOD 1981 TO 2010
CLIMATE RECORD PERIOD 1894 TO 2014


WEATHER ITEM   OBSERVED TIME   RECORD YEAR NORMAL DEPARTURE LAST
                VALUE   (LST)  VALUE       VALUE  FROM      YEAR
                                                  NORMAL
..................................................................
TEMPERATURE (F)
 YESTERDAY
  MAXIMUM         76    321 PM  95    1953  76      0       83
  MINIMUM         51    201 AM  36    1986  55     -4       64
  AVERAGE         64                        66     -2       74

PRECIPITATION (IN)
  YESTERDAY        0.00          1.00 1959   0.10  -0.10     0.00
  MONTH TO DATE    1.70                      4.12  -2.42     2.45
  SINCE JUN 1     11.66                     12.25  -0.59    12.51
  SINCE JAN 1     27.36                     25.66   1.70    24.89

DEGREE DAYS
 HEATING
  YESTERDAY        1                         2     -1        0
  MONTH TO DATE   39                        35      4       51
  SINCE JUN 1    126                       122      4      173
  SINCE JUL 1     57                        50      7       60

 COOLING
  YESTERDAY        0                         3     -3        9
  MONTH TO DATE   55                       119    -64       72
  SINCE JUN 1    213                       378   -165      344
  SINCE JAN 1    217                       396   -179      360
..................................................................


WIND (MPH)
  HIGHEST WIND SPEED    MM   HIGHEST WIND DIRECTION    MM
  HIGHEST GUST SPEED    MM   HIGHEST GUST DIRECTION    MM
  AVERAGE WIND SPEED    MM


SKY COVER
  AVERAGE SKY COVER 0.0


WEATHER CONDITIONS
 THE FOLLOWING WEATHER WAS RECORDED YESTERDAY.
  NO SIGNIFICANT WEATHER WAS OBSERVED.


RELATIVE HUMIDITY (PERCENT)
 HIGHEST    96           200 AM
 LOWEST     50           300 PM
 AVERAGE    73

..........................................................


THE ST. JOHNSBURY VT CLIMATE NORMALS FOR TODAY
                         NORMAL    RECORD    YEAR
 MAXIMUM TEMPERATURE (F)   76        91      1973
 MINIMUM TEMPERATURE (F)   55        33      1965


SUNRISE AND SUNSET
AUGUST 31 2014........SUNRISE   610 AM EDT   SUNSET   726 PM EDT
SEPTEMBER  1 2014.....SUNRISE   611 AM EDT   SUNSET   725 PM EDT


-  INDICATES NEGATIVE NUMBERS.
R  INDICATES RECORD WAS SET OR TIED.
MM INDICATES DATA IS MISSING.
T  INDICATES TRACE AMOUNT.




$$
