000
CDUS41 KBTV 040535
CLI1V4


CLIMATE REPORT
NATIONAL WEATHER SERVICE BURLINGTON VT
1231 AM EST SUN DEC 4 2016


...................................

...THE ST. JOHNSBURY VT CLIMATE SUMMARY FOR DECEMBER 3 2016...

CLIMATE NORMAL PERIOD 1981 TO 2010
CLIMATE RECORD PERIOD 1894 TO 2016


WEATHER ITEM   OBSERVED TIME   RECORD YEAR NORMAL DEPARTURE LAST
                VALUE   (LST)  VALUE       VALUE  FROM      YEAR
                                                  NORMAL
..................................................................
TEMPERATURE (F)
 YESTERDAY
  MAXIMUM         39        MM  54    2009  36      3       40
                                      1970
                                      1932
  MINIMUM         31        MM  -8    1978  21     10       35
                                      1976
  AVERAGE         35                        28      7       38

PRECIPITATION (IN)
  YESTERDAY        0.08          1.25 1905   0.11  -0.03     0.12
  MONTH TO DATE    0.56                      0.32   0.24     1.31
  SINCE DEC 1      0.56                      0.32   0.24     1.31
  SINCE JAN 1     36.66                     36.74  -0.08    38.74

DEGREE DAYS
 HEATING
  YESTERDAY       30                        37     -7       27
  MONTH TO DATE   75                       109    -34       94
  SINCE DEC 1     75                       109    -34       94
  SINCE JUL 1   1535                      1765   -230     1571

 COOLING
  YESTERDAY        0                         0      0        0
  MONTH TO DATE    0                         0      0        0
  SINCE DEC 1      0                         0      0        0
  SINCE JAN 1    457                       433     24      440
..................................................................


WIND (MPH)
  HIGHEST WIND SPEED    MM   HIGHEST WIND DIRECTION    MM
  HIGHEST GUST SPEED    MM   HIGHEST GUST DIRECTION    MM
  AVERAGE WIND SPEED    MM


SKY COVER
  AVERAGE SKY COVER 0.0


WEATHER CONDITIONS
 THE FOLLOWING WEATHER WAS RECORDED YESTERDAY.
  NO SIGNIFICANT WEATHER WAS OBSERVED.


RELATIVE HUMIDITY (PERCENT)
 HIGHEST    92           600 PM
 LOWEST     64          1200 PM
 AVERAGE    78

..........................................................


THE ST. JOHNSBURY VT CLIMATE NORMALS FOR TODAY
                         NORMAL    RECORD    YEAR
 MAXIMUM TEMPERATURE (F)   36        63      1982
 MINIMUM TEMPERATURE (F)   20       -27      1940


SUNRISE AND SUNSET
DECEMBER  4 2016......SUNRISE   708 AM EST   SUNSET   409 PM EST
DECEMBER  5 2016......SUNRISE   709 AM EST   SUNSET   409 PM EST


-  INDICATES NEGATIVE NUMBERS.
R  INDICATES RECORD WAS SET OR TIED.
MM INDICATES DATA IS MISSING.
T  INDICATES TRACE AMOUNT.




$$
