000
CDUS41 KBTV 300543
CLI1V4


CLIMATE REPORT
NATIONAL WEATHER SERVICE BURLINGTON VT
138 AM EDT SUN AUG 30 2015


...................................

...THE ST. JOHNSBURY VT CLIMATE SUMMARY FOR AUGUST 29 2015...

CLIMATE NORMAL PERIOD 1981 TO 2010
CLIMATE RECORD PERIOD 1894 TO 2015


WEATHER ITEM   OBSERVED TIME   RECORD YEAR NORMAL DEPARTURE LAST
                VALUE   (LST)  VALUE       VALUE  FROM      YEAR
                                                  NORMAL
..................................................................
TEMPERATURE (F)
 YESTERDAY
  MAXIMUM         77        MM  95    1952  77      0       75
  MINIMUM         52        MM  34    1982  55     -3       52
  AVERAGE         65                        66     -1       64

PRECIPITATION (IN)
  YESTERDAY        0.00          1.92 1911   0.10  -0.10     0.00
  MONTH TO DATE    3.74                      4.02  -0.28     1.70
  SINCE JUN 1     17.12                     12.15   4.97    11.66
  SINCE JAN 1     28.49                     25.56   2.93    27.36

DEGREE DAYS
 HEATING
  YESTERDAY        0                         2     -2        1
  MONTH TO DATE    7                        33    -26       38
  SINCE JUN 1    145                       120     25      125
  SINCE JUL 1     36                        48    -12       56

 COOLING
  YESTERDAY        0                         3     -3        0
  MONTH TO DATE  136                       116     20       55
  SINCE JUN 1    310                       375    -65      213
  SINCE JAN 1    348                       393    -45      217
..................................................................


WIND (MPH)
  HIGHEST WIND SPEED    MM   HIGHEST WIND DIRECTION    MM
  HIGHEST GUST SPEED    MM   HIGHEST GUST DIRECTION    MM
  AVERAGE WIND SPEED    MM


SKY COVER
  AVERAGE SKY COVER 0.0


WEATHER CONDITIONS
 THE FOLLOWING WEATHER WAS RECORDED YESTERDAY.
  NO SIGNIFICANT WEATHER WAS OBSERVED.


RELATIVE HUMIDITY (PERCENT)
 HIGHEST    93           200 AM
 LOWEST     46           300 PM
 AVERAGE    70

..........................................................


THE ST. JOHNSBURY VT CLIMATE NORMALS FOR TODAY
                         NORMAL    RECORD    YEAR
 MAXIMUM TEMPERATURE (F)   76        95      1953
 MINIMUM TEMPERATURE (F)   55        36      1986


SUNRISE AND SUNSET
AUGUST 30 2015........SUNRISE   608 AM EDT   SUNSET   729 PM EDT
AUGUST 31 2015........SUNRISE   609 AM EDT   SUNSET   727 PM EDT


-  INDICATES NEGATIVE NUMBERS.
R  INDICATES RECORD WAS SET OR TIED.
MM INDICATES DATA IS MISSING.
T  INDICATES TRACE AMOUNT.




$$
