000
CDUS41 KBTV 300538
CLI1V4


CLIMATE REPORT
NATIONAL WEATHER SERVICE BURLINGTON VT
137 AM EDT WED JUL 30 2014


...................................

...THE ST. JOHNSBURY VT CLIMATE SUMMARY FOR JULY 29 2014...

CLIMATE NORMAL PERIOD 1981 TO 2010
CLIMATE RECORD PERIOD 1894 TO 2014


WEATHER ITEM   OBSERVED TIME   RECORD YEAR NORMAL DEPARTURE LAST
                VALUE   (LST)  VALUE       VALUE  FROM      YEAR
                                                  NORMAL
..................................................................
TEMPERATURE (F)
 YESTERDAY
  MAXIMUM         71    403 PM  97    1959  81    -10       81
  MINIMUM         52   1159 PM  42    1987  59     -7       62
  AVERAGE         62                        70     -8       72

PRECIPITATION (IN)
  YESTERDAY        0.00          1.49 1969   0.14  -0.14     0.21
  MONTH TO DATE    6.68                      3.82   2.86     5.59
  SINCE JUN 1      9.95                      7.83   2.12    10.06
  SINCE JAN 1     25.65                     21.24   4.41    22.44

DEGREE DAYS
 HEATING
  YESTERDAY        3                         0      3        0
  MONTH TO DATE   11                        10      1        9
  SINCE JUN 1     80                        82     -2      122
  SINCE JUL 1     11                        10      1        9

 COOLING
  YESTERDAY        0                         5     -5        7
  MONTH TO DATE  111                       160    -49      190
  SINCE JUN 1    158                       250    -92      270
  SINCE JAN 1    162                       268   -106      286
..................................................................


WIND (MPH)
  HIGHEST WIND SPEED    MM   HIGHEST WIND DIRECTION    MM
  HIGHEST GUST SPEED    MM   HIGHEST GUST DIRECTION    MM
  AVERAGE WIND SPEED    MM


SKY COVER
  AVERAGE SKY COVER 0.0


WEATHER CONDITIONS
 THE FOLLOWING WEATHER WAS RECORDED YESTERDAY.
  NO SIGNIFICANT WEATHER WAS OBSERVED.


RELATIVE HUMIDITY (PERCENT)
 HIGHEST    93           900 PM
 LOWEST     47           200 PM
 AVERAGE    70

..........................................................


THE ST. JOHNSBURY VT CLIMATE NORMALS FOR TODAY
                         NORMAL    RECORD    YEAR
 MAXIMUM TEMPERATURE (F)   81        97      1959
 MINIMUM TEMPERATURE (F)   59        39      1952


SUNRISE AND SUNSET
JULY 30 2014..........SUNRISE   533 AM EDT   SUNSET   815 PM EDT
JULY 31 2014..........SUNRISE   534 AM EDT   SUNSET   814 PM EDT


-  INDICATES NEGATIVE NUMBERS.
R  INDICATES RECORD WAS SET OR TIED.
MM INDICATES DATA IS MISSING.
T  INDICATES TRACE AMOUNT.




$$
