000
CDUS41 KBTV 210534
CLI1V4


CLIMATE REPORT
NATIONAL WEATHER SERVICE BURLINGTON VT
1233 AM EST SUN JAN 21 2018


...................................

...THE ST. JOHNSBURY VT CLIMATE SUMMARY FOR JANUARY 20 2018...

CLIMATE NORMAL PERIOD 1981 TO 2010
CLIMATE RECORD PERIOD 1894 TO 2018


WEATHER ITEM   OBSERVED TIME   RECORD YEAR NORMAL DEPARTURE LAST
                VALUE   (LST)  VALUE       VALUE  FROM      YEAR
                                                  NORMAL
..................................................................
TEMPERATURE (F)
 YESTERDAY
  MAXIMUM         43        MM  58    1996  27     16       36
  MINIMUM         25        MM -32    1994   6     19       32
  AVERAGE         34                        16     18       34

PRECIPITATION (IN)
  YESTERDAY        0.00          1.50 1996   0.09  -0.09     0.00
  MONTH TO DATE    2.60                      1.61   0.99     0.94
  SINCE DEC 1      5.53                      4.69   0.84     4.51
  SINCE JAN 1      2.60                      1.61   0.99     0.94

DEGREE DAYS
 HEATING
  YESTERDAY       31                        49    -18       31
  MONTH TO DATE 1024                       963     61      837
  SINCE DEC 1   2506                      2260    246     2098
  SINCE JUL 1   3979                      3916     63     3558

 COOLING
  YESTERDAY        0                         0      0        0
  MONTH TO DATE    0                         0      0        0
  SINCE DEC 1      0                         0      0        0
  SINCE JAN 1      0                         0      0        0
..................................................................


WIND (MPH)
  HIGHEST WIND SPEED    MM   HIGHEST WIND DIRECTION    MM
  HIGHEST GUST SPEED    MM   HIGHEST GUST DIRECTION    MM
  AVERAGE WIND SPEED    MM


SKY COVER
  AVERAGE SKY COVER 0.0


WEATHER CONDITIONS
 THE FOLLOWING WEATHER WAS RECORDED YESTERDAY.
  NO SIGNIFICANT WEATHER WAS OBSERVED.


RELATIVE HUMIDITY (PERCENT)
 HIGHEST    81          1200 AM
 LOWEST     59          1100 AM
 AVERAGE    70

..........................................................


THE ST. JOHNSBURY VT CLIMATE NORMALS FOR TODAY
                         NORMAL    RECORD    YEAR
 MAXIMUM TEMPERATURE (F)   27        53      2006
 MINIMUM TEMPERATURE (F)    6       -22      1936


SUNRISE AND SUNSET
JANUARY 21 2018.......SUNRISE   717 AM EST   SUNSET   442 PM EST
JANUARY 22 2018.......SUNRISE   716 AM EST   SUNSET   444 PM EST


-  INDICATES NEGATIVE NUMBERS.
R  INDICATES RECORD WAS SET OR TIED.
MM INDICATES DATA IS MISSING.
T  INDICATES TRACE AMOUNT.




$$
