000
CDUS41 KBTV 270528
CLI1V4


CLIMATE REPORT
NATIONAL WEATHER SERVICE BURLINGTON VT
125 AM EDT SAT MAY 27 2017


...................................

...THE ST. JOHNSBURY VT CLIMATE SUMMARY FOR MAY 26 2017...

CLIMATE NORMAL PERIOD 1981 TO 2010
CLIMATE RECORD PERIOD 1894 TO 2017


WEATHER ITEM   OBSERVED TIME   RECORD YEAR NORMAL DEPARTURE LAST
                VALUE   (LST)  VALUE       VALUE  FROM      YEAR
                                                  NORMAL
..................................................................
TEMPERATURE (F)
 YESTERDAY
  MAXIMUM         57        MM  89    2010  72    -15       82
  MINIMUM         50        MM  28    1956  48      2       52
  AVERAGE         54                        60     -6       67

PRECIPITATION (IN)
  YESTERDAY        0.62          4.55 2011   0.11   0.51     0.00
  MONTH TO DATE    4.30                      2.78   1.52     3.01
  SINCE MAR 1     10.62                      8.15   2.47     7.81
  SINCE JAN 1     16.36                     12.83   3.53    12.55

DEGREE DAYS
 HEATING
  YESTERDAY       11                         6      5        0
  MONTH TO DATE  332                       257     75      288
  SINCE MAR 1   2126                      1952    174     1952
  SINCE JUL 1   7139                      7676   -537     6837

 COOLING
  YESTERDAY        0                         1     -1        2
  MONTH TO DATE   12                         9      3        6
  SINCE MAR 1     13                        10      3        6
  SINCE JAN 1     13                        10      3        6
..................................................................


WIND (MPH)
  HIGHEST WIND SPEED    MM   HIGHEST WIND DIRECTION    MM
  HIGHEST GUST SPEED    MM   HIGHEST GUST DIRECTION    MM
  AVERAGE WIND SPEED    MM


SKY COVER
  AVERAGE SKY COVER 0.0


WEATHER CONDITIONS
 THE FOLLOWING WEATHER WAS RECORDED YESTERDAY.
  NO SIGNIFICANT WEATHER WAS OBSERVED.


RELATIVE HUMIDITY (PERCENT)
 HIGHEST    93           500 AM
 LOWEST     72          1200 AM
 AVERAGE    83

..........................................................


THE ST. JOHNSBURY VT CLIMATE NORMALS FOR TODAY
                         NORMAL    RECORD    YEAR
 MAXIMUM TEMPERATURE (F)   72        89      1914
 MINIMUM TEMPERATURE (F)   48        27      1969


SUNRISE AND SUNSET
MAY 27 2017...........SUNRISE   510 AM EDT   SUNSET   821 PM EDT
MAY 28 2017...........SUNRISE   509 AM EDT   SUNSET   822 PM EDT


-  INDICATES NEGATIVE NUMBERS.
R  INDICATES RECORD WAS SET OR TIED.
MM INDICATES DATA IS MISSING.
T  INDICATES TRACE AMOUNT.




$$
