000
CDUS41 KBTV 240603
CLI1V4


CLIMATE REPORT
NATIONAL WEATHER SERVICE BURLINGTON VT
201 AM EDT SUN MAY 24 2015


...................................

...THE ST. JOHNSBURY VT CLIMATE SUMMARY FOR MAY 23 2015...

CLIMATE NORMAL PERIOD 1981 TO 2010
CLIMATE RECORD PERIOD 1894 TO 2015


WEATHER ITEM   OBSERVED TIME   RECORD YEAR NORMAL DEPARTURE LAST
                VALUE   (LST)  VALUE       VALUE  FROM      YEAR
                                                  NORMAL
..................................................................
TEMPERATURE (F)
 YESTERDAY
  MAXIMUM         60        MM  92    1977  71    -11       60
  MINIMUM         34        MM  27    1935  47    -13       53
  AVERAGE         47                        59    -12       57

PRECIPITATION (IN)
  YESTERDAY        0.00          1.23 1974   0.11  -0.11     0.07
  MONTH TO DATE    1.56                      2.43  -0.87     3.14
  SINCE MAR 1      5.35                      7.80  -2.45     9.09
  SINCE JAN 1      9.91                     12.48  -2.57    14.22

DEGREE DAYS
 HEATING
  YESTERDAY       18                         7     11        8
  MONTH TO DATE  168                       237    -69      237
  SINCE MAR 1   2145                      1932    213     2334
  SINCE JUL 1   8210                      7656    554     8366

 COOLING
  YESTERDAY        0                         1     -1        0
  MONTH TO DATE   12                         6      6        4
  SINCE MAR 1     12                         7      5        4
  SINCE JAN 1     12                         7      5        4
..................................................................


WIND (MPH)
  HIGHEST WIND SPEED    MM   HIGHEST WIND DIRECTION    MM
  HIGHEST GUST SPEED    MM   HIGHEST GUST DIRECTION    MM
  AVERAGE WIND SPEED    MM


SKY COVER
  AVERAGE SKY COVER 0.0


WEATHER CONDITIONS
 THE FOLLOWING WEATHER WAS RECORDED YESTERDAY.
  NO SIGNIFICANT WEATHER WAS OBSERVED.


RELATIVE HUMIDITY (PERCENT)
 HIGHEST    70          1100 PM
 LOWEST     21           500 PM
 AVERAGE    46

..........................................................


THE ST. JOHNSBURY VT CLIMATE NORMALS FOR TODAY
                         NORMAL    RECORD    YEAR
 MAXIMUM TEMPERATURE (F)   71        91      1975
 MINIMUM TEMPERATURE (F)   47        24      1903


SUNRISE AND SUNSET
MAY 24 2015...........SUNRISE   512 AM EDT   SUNSET   818 PM EDT
MAY 25 2015...........SUNRISE   512 AM EDT   SUNSET   819 PM EDT


-  INDICATES NEGATIVE NUMBERS.
R  INDICATES RECORD WAS SET OR TIED.
MM INDICATES DATA IS MISSING.
T  INDICATES TRACE AMOUNT.




$$
