356
CDUS43 KUNR 260832
CLI2WX


CLIMATE REPORT
NATIONAL WEATHER SERVICE RAPID CITY SD
232 AM MDT FRI MAY 26 2017


...................................

...THE BUFFALO SD CLIMATE SUMMARY FOR MAY 25 2017...

CLIMATE NORMAL PERIOD 1981 TO 2010
CLIMATE RECORD PERIOD 9999 TO 9999


WEATHER ITEM   OBSERVED TIME   NORMAL DEPARTURE LAST
                VALUE   (LST)  VALUE  FROM      YEAR
                                      NORMAL
......................................................
TEMPERATURE (F)
 YESTERDAY
  MAXIMUM         68    130 PM  68      0       67
  MINIMUM         44   1137 PM  45     -1       45
  AVERAGE         56            56      0       56

PRECIPITATION (IN)
  YESTERDAY        0.00          0.15  -0.15     0.00
  MONTH TO DATE    1.64          2.25  -0.61     0.47
  SINCE MAR 1      6.35          4.57   1.78     2.87
  SINCE JAN 1      6.65          5.14   1.51     3.53

DEGREE DAYS
 HEATING
  YESTERDAY        9             9      0        9
  MONTH TO DATE  248           314    -66      252
  SINCE MAR 1   1665          1970   -305     1551
  SINCE JUL 1   7016          7767   -751     6329

 COOLING
  YESTERDAY        0             0      0        0
  MONTH TO DATE   13             0     13        2
  SINCE MAR 1     13             0     13        2
  SINCE JAN 1     13             0     13        2
......................................................


WIND (MPH)
  HIGHEST WIND SPEED    43   HIGHEST WIND DIRECTION     W (280)
  HIGHEST GUST SPEED    49   HIGHEST GUST DIRECTION     W (280)
  AVERAGE WIND SPEED    19.0




RELATIVE HUMIDITY (PERCENT)
 HIGHEST    93           300 AM
 LOWEST     31          1100 AM
 AVERAGE    62

..........................................................




SUNRISE AND SUNSET
MAY 26 2017...........SUNRISE   512 AM MDT   SUNSET   831 PM MDT
MAY 27 2017...........SUNRISE   512 AM MDT   SUNSET   832 PM MDT


-  INDICATES NEGATIVE NUMBERS.
R  INDICATES RECORD WAS SET OR TIED.
MM INDICATES DATA IS MISSING.
T  INDICATES TRACE AMOUNT.




$$
