000
CDUS43 KUNR 220840
CLI2WX


CLIMATE REPORT
NATIONAL WEATHER SERVICE RAPID CITY SD
140 AM MST SAT NOV 22 2014


...................................

...THE BUFFALO SD CLIMATE SUMMARY FOR NOVEMBER 21 2014...

CLIMATE NORMAL PERIOD 1981 TO 2010
CLIMATE RECORD PERIOD 9999 TO 9999


WEATHER ITEM   OBSERVED TIME   NORMAL DEPARTURE LAST
                VALUE   (LST)  VALUE  FROM      YEAR
                                      NORMAL
......................................................
TEMPERATURE (F)
 YESTERDAY
  MAXIMUM         51    240 PM  39     12       22
  MINIMUM         17    328 AM  18     -1        4
  AVERAGE         34            29      5       13

PRECIPITATION (IN)
  YESTERDAY        0.00          0.01  -0.01     0.00
  MONTH TO DATE    0.27          0.30  -0.03     0.00
  SINCE SEP 1      2.39          2.08   0.31     2.67
  SINCE JAN 1     16.76         14.22   2.54    12.15

DEGREE DAYS
 HEATING
  YESTERDAY       31            36     -5       52
  MONTH TO DATE  830           649    181      639
  SINCE SEP 1   1525          1498     27     1457
  SINCE JUL 1   1576          1550     26     1469

 COOLING
  YESTERDAY        0             0      0        0
  MONTH TO DATE    0             0      0        0
  SINCE SEP 1     55            42     13      100
  SINCE JAN 1    420           513    -93      587
......................................................


WIND (MPH)
  HIGHEST WIND SPEED    26   HIGHEST WIND DIRECTION     W (290)
  HIGHEST GUST SPEED    33   HIGHEST GUST DIRECTION     W (290)
  AVERAGE WIND SPEED    10.4




RELATIVE HUMIDITY (PERCENT)
 HIGHEST    84          1200 AM
 LOWEST     38           200 PM
 AVERAGE    61

..........................................................




SUNRISE AND SUNSET
NOVEMBER 22 2014......SUNRISE   703 AM MST   SUNSET   417 PM MST
NOVEMBER 23 2014......SUNRISE   704 AM MST   SUNSET   417 PM MST


-  INDICATES NEGATIVE NUMBERS.
R  INDICATES RECORD WAS SET OR TIED.
MM INDICATES DATA IS MISSING.
T  INDICATES TRACE AMOUNT.




$$
