000
CDUS43 KUNR 230837
CLI2WX


CLIMATE REPORT
NATIONAL WEATHER SERVICE RAPID CITY SD
235 AM MDT SAT JUL 23 2016


...................................

...THE BUFFALO SD CLIMATE SUMMARY FOR JULY 22 2016...

CLIMATE NORMAL PERIOD 1981 TO 2010
CLIMATE RECORD PERIOD 9999 TO 9999


WEATHER ITEM   OBSERVED TIME   NORMAL DEPARTURE LAST
                VALUE   (LST)  VALUE  FROM      YEAR
                                      NORMAL
......................................................
TEMPERATURE (F)
 YESTERDAY
  MAXIMUM        104    219 PM  86     18       97
  MINIMUM         63    429 AM  58      5       56
  AVERAGE         84            72     12       77

PRECIPITATION (IN)
  YESTERDAY       MM             0.07  MM        0.00
  MONTH TO DATE    0.22          1.51  -1.29     0.08
  SINCE JUN 1      0.87          4.14  -3.27     2.81
  SINCE JAN 1      4.63         10.18  -5.55     7.37

DEGREE DAYS
 HEATING
  YESTERDAY        0             0      0        0
  MONTH TO DATE    0            21    -21        3
  SINCE JUN 1      9           135   -126       46
  SINCE JUL 1      0            21    -21        3

 COOLING
  YESTERDAY       19             8     11       12
  MONTH TO DATE  214           137     77      157
  SINCE JUN 1    396           199    197      248
  SINCE JAN 1    398           205    193      248
......................................................


WIND (MPH)
  HIGHEST WIND SPEED    52   HIGHEST WIND DIRECTION     W (280)
  HIGHEST GUST SPEED    70   HIGHEST GUST DIRECTION     W (290)
  AVERAGE WIND SPEED    14.7




RELATIVE HUMIDITY (PERCENT)
 HIGHEST    87           500 AM
 LOWEST     19           300 PM
 AVERAGE    53

..........................................................




SUNRISE AND SUNSET
JULY 23 2016..........SUNRISE   528 AM MDT   SUNSET   832 PM MDT
JULY 24 2016..........SUNRISE   529 AM MDT   SUNSET   831 PM MDT


-  INDICATES NEGATIVE NUMBERS.
R  INDICATES RECORD WAS SET OR TIED.
MM INDICATES DATA IS MISSING.
T  INDICATES TRACE AMOUNT.




$$
