000
CDUS43 KUNR 220832
CLI2WX


CLIMATE REPORT
NATIONAL WEATHER SERVICE RAPID CITY SD
231 AM MDT MON SEP 22 2014


...................................

...THE BUFFALO SD CLIMATE SUMMARY FOR SEPTEMBER 21 2014...

CLIMATE NORMAL PERIOD 1981 TO 2010
CLIMATE RECORD PERIOD 9999 TO 9999


WEATHER ITEM   OBSERVED TIME   RECORD YEAR NORMAL DEPARTURE LAST
                VALUE   (LST)  VALUE       VALUE  FROM      YEAR
                                                  NORMAL
..................................................................
TEMPERATURE (F)
 YESTERDAY
  MAXIMUM         74    402 PM              70      4       81
  MINIMUM         40    543 AM              42     -2       46
  AVERAGE         57                        56      1       64

PRECIPITATION (IN)
  YESTERDAY        0.00         MM      MM   0.04  -0.04     0.00
  MONTH TO DATE    0.33                      0.88  -0.55     1.84
  SINCE SEP 1      0.33                      0.88  -0.55     1.84
  SINCE JAN 1     14.70                     13.02   1.68    11.32

DEGREE DAYS
 HEATING
  YESTERDAY        8                        10     -2        1
  MONTH TO DATE  187                       130     57       39
  SINCE SEP 1    187                       130     57       39
  SINCE JUL 1    238                       182     56       51

 COOLING
  YESTERDAY        0                         0      0        0
  MONTH TO DATE   14                        40    -26       96
  SINCE SEP 1     14                        40    -26       96
  SINCE JAN 1    379                       511   -132      583
..................................................................


WIND (MPH)
  HIGHEST WIND SPEED    13   HIGHEST WIND DIRECTION    SE (130)
  HIGHEST GUST SPEED    15   HIGHEST GUST DIRECTION    SE (130)
  AVERAGE WIND SPEED     5.8




RELATIVE HUMIDITY (PERCENT)
 HIGHEST    73           600 AM
 LOWEST     20           300 PM
 AVERAGE    47

..........................................................




SUNRISE AND SUNSET
SEPTEMBER 22 2014.....SUNRISE   641 AM MDT   SUNSET   652 PM MDT
SEPTEMBER 23 2014.....SUNRISE   642 AM MDT   SUNSET   650 PM MDT


-  INDICATES NEGATIVE NUMBERS.
R  INDICATES RECORD WAS SET OR TIED.
MM INDICATES DATA IS MISSING.
T  INDICATES TRACE AMOUNT.




$$
