000
CDUS43 KUNR 230832
CLI2WX


CLIMATE REPORT
NATIONAL WEATHER SERVICE RAPID CITY SD
231 AM MDT SUN JUL 23 2017


...................................

...THE BUFFALO SD CLIMATE SUMMARY FOR JULY 22 2017...

CLIMATE NORMAL PERIOD 1981 TO 2010
CLIMATE RECORD PERIOD 9999 TO 9999


WEATHER ITEM   OBSERVED TIME   NORMAL DEPARTURE LAST
                VALUE   (LST)  VALUE  FROM      YEAR
                                      NORMAL
......................................................
TEMPERATURE (F)
 YESTERDAY
  MAXIMUM         89    235 PM  86      3      104
  MINIMUM         56    502 AM  58     -2       63
  AVERAGE         73            72      1       84

PRECIPITATION (IN)
  YESTERDAY        0.00          0.07  -0.07    MM
  MONTH TO DATE    2.45          1.51   0.94     0.22
  SINCE JUN 1      3.32          4.14  -0.82     0.87
  SINCE JAN 1      9.99         10.18  -0.19     4.63

DEGREE DAYS
 HEATING
  YESTERDAY        0             0      0        0
  MONTH TO DATE    0            21    -21        0
  SINCE JUN 1     33           135   -102        9
  SINCE JUL 1      0            21    -21        0

 COOLING
  YESTERDAY        8             8      0       19
  MONTH TO DATE  291           137    154      214
  SINCE JUN 1    388           199    189      396
  SINCE JAN 1    401           205    196      398
......................................................


WIND (MPH)
  HIGHEST WIND SPEED    25   HIGHEST WIND DIRECTION    NW (310)
  HIGHEST GUST SPEED    32   HIGHEST GUST DIRECTION    NW (330)
  AVERAGE WIND SPEED    11.1




RELATIVE HUMIDITY (PERCENT)
 HIGHEST    67           600 AM
 LOWEST     18           100 PM
 AVERAGE    43

..........................................................




SUNRISE AND SUNSET
JULY 23 2017..........SUNRISE   528 AM MDT   SUNSET   833 PM MDT
JULY 24 2017..........SUNRISE   529 AM MDT   SUNSET   832 PM MDT


-  INDICATES NEGATIVE NUMBERS.
R  INDICATES RECORD WAS SET OR TIED.
MM INDICATES DATA IS MISSING.
T  INDICATES TRACE AMOUNT.




$$
