000
CDUS43 KUNR 050831
CLI2WX


CLIMATE REPORT
NATIONAL WEATHER SERVICE RAPID CITY SD
230 AM MDT THU MAY 5 2016


...................................

...THE BUFFALO SD CLIMATE SUMMARY FOR MAY 4 2016...

CLIMATE NORMAL PERIOD 1981 TO 2010
CLIMATE RECORD PERIOD 9999 TO 9999


WEATHER ITEM   OBSERVED TIME   NORMAL DEPARTURE LAST
                VALUE   (LST)  VALUE  FROM      YEAR
                                      NORMAL
......................................................
TEMPERATURE (F)
 YESTERDAY
  MAXIMUM         80    252 PM  62     18       59
  MINIMUM         48    207 AM  37     11       42
  AVERAGE         64            50     14       51

PRECIPITATION (IN)
  YESTERDAY        0.00          0.05  -0.05     0.00
  MONTH TO DATE    0.00          0.21  -0.21     0.00
  SINCE MAR 1      2.40          2.53  -0.13     1.25
  SINCE JAN 1      3.06          3.10  -0.04     1.72

DEGREE DAYS
 HEATING
  YESTERDAY        1            15    -14       14
  MONTH TO DATE   37            63    -26       34
  SINCE MAR 1   1336          1719   -383     1337
  SINCE JUL 1   6114          7516  -1402     6795

 COOLING
  YESTERDAY        0             0      0        0
  MONTH TO DATE    0             0      0        0
  SINCE MAR 1      0             0      0        0
  SINCE JAN 1      0             0      0        0
......................................................


WIND (MPH)
  HIGHEST WIND SPEED    23   HIGHEST WIND DIRECTION     S (160)
  HIGHEST GUST SPEED    28   HIGHEST GUST DIRECTION     S (160)
  AVERAGE WIND SPEED     9.2




RELATIVE HUMIDITY (PERCENT)
 HIGHEST    66          1100 PM
 LOWEST     21           300 PM
 AVERAGE    44

..........................................................




SUNRISE AND SUNSET
MAY  5 2016...........SUNRISE   535 AM MDT   SUNSET   807 PM MDT
MAY  6 2016...........SUNRISE   534 AM MDT   SUNSET   808 PM MDT


-  INDICATES NEGATIVE NUMBERS.
R  INDICATES RECORD WAS SET OR TIED.
MM INDICATES DATA IS MISSING.
T  INDICATES TRACE AMOUNT.




$$
