000
CDUS43 KABR 241033
CLI8D3


CLIMATE REPORT
NATIONAL WEATHER SERVICE ABERDEEN SD
433 AM CST FRI FEB 24 2017


...................................

...THE SISSETON SD CLIMATE SUMMARY FOR FEBRUARY 23 2017...

CLIMATE NORMAL PERIOD 1981 TO 2010
CLIMATE RECORD PERIOD 1900 TO 2017


WEATHER ITEM   OBSERVED TIME   RECORD YEAR NORMAL DEPARTURE LAST
                VALUE   (LST)  VALUE       VALUE  FROM      YEAR
                                                  NORMAL
..................................................................
TEMPERATURE (F)
 YESTERDAY
  MAXIMUM         30    401 PM  57    1958  30      0       36
  MINIMUM         23   1159 PM -15    1993  12     11       29
                                      1966
  AVERAGE         27                        21      6       33

PRECIPITATION (IN)
  YESTERDAY        0.00          0.79 1977   0.01  -0.01     0.00
  MONTH TO DATE    0.17                      0.32  -0.15     0.89
  SINCE DEC 1      2.38                      1.14   1.24     2.24
  SINCE JAN 1      0.96                      0.75   0.21     1.17

SNOWFALL (IN)
  YESTERDAY        0.0
  MONTH TO DATE    0.5
  SINCE OCT 1     23.8
  SINCE JUL 1     23.8
  SNOW DEPTH       T

DEGREE DAYS
 HEATING
  YESTERDAY       38                        44     -6       32
  MONTH TO DATE  821                      1099   -278      982
  SINCE DEC 1   3784                      4194   -410     3719
  SINCE JUL 1   5065                      6045   -980     5115

 COOLING
  YESTERDAY        0                         0      0        0
  MONTH TO DATE    0                         0      0        0
  SINCE DEC 1      0                         0      0        0
  SINCE JAN 1      0                         0      0        0
..................................................................


WIND (MPH)
  HIGHEST WIND SPEED    28   HIGHEST WIND DIRECTION    NE (30)
  HIGHEST GUST SPEED    34   HIGHEST GUST DIRECTION    NE (30)
  AVERAGE WIND SPEED    17.6


SKY COVER
  POSSIBLE SUNSHINE  MM
  AVERAGE SKY COVER 0.0


WEATHER CONDITIONS
 THE FOLLOWING WEATHER WAS RECORDED YESTERDAY.
  NO SIGNIFICANT WEATHER WAS OBSERVED.


RELATIVE HUMIDITY (PERCENT)
 HIGHEST   100           500 AM
 LOWEST     78          1000 AM
 AVERAGE    89

..........................................................


THE SISSETON SD CLIMATE NORMALS FOR TODAY
                         NORMAL    RECORD    YEAR
 MAXIMUM TEMPERATURE (F)   30        62      1976
 MINIMUM TEMPERATURE (F)   13       -24      1955


SUNRISE AND SUNSET
FEBRUARY 24 2017......SUNRISE   715 AM CST   SUNSET   608 PM CST
FEBRUARY 25 2017......SUNRISE   713 AM CST   SUNSET   610 PM CST


-  INDICATES NEGATIVE NUMBERS.
R  INDICATES RECORD WAS SET OR TIED.
MM INDICATES DATA IS MISSING.
T  INDICATES TRACE AMOUNT.




$$
