000
CDUS43 KABR 242234
CLI8D3


CLIMATE REPORT
NATIONAL WEATHER SERVICE ABERDEEN SD
533 PM CDT WED MAY 24 2017


...................................

...THE SISSETON SD CLIMATE SUMMARY FOR MAY 24 2017...
VALID TODAY AS OF 0500 PM LOCAL TIME.

CLIMATE NORMAL PERIOD 1981 TO 2010
CLIMATE RECORD PERIOD 1900 TO 2017


WEATHER ITEM   OBSERVED TIME   RECORD YEAR NORMAL DEPARTURE LAST
                VALUE   (LST)  VALUE       VALUE  FROM      YEAR
                                                  NORMAL
..................................................................
TEMPERATURE (F)
 TODAY
  MAXIMUM         64    359 PM  90    2010  72     -8       86
  MINIMUM         41    130 AM  26    2002  48              56
  AVERAGE         53                        60     -7       71

PRECIPITATION (IN)
  TODAY            0.00          2.73 1973   0.08  -0.08     0.00
  MONTH TO DATE    1.09                      2.10  -1.01     0.35
  SINCE MAR 1      2.92                      5.50  -2.58     3.35
  SINCE JAN 1      4.12                      6.36  -2.24     4.52

DEGREE DAYS
 COOLING
  TODAY            0                         1     -1        6
  MONTH TO DATE   16                        15      1       24
  SINCE MAR 1     16                        16      0       24
  SINCE JAN 1     16                        16      0       24
..................................................................


WIND (MPH)
  HIGHEST WIND SPEED    15   HIGHEST WIND DIRECTION    SE (140)
  HIGHEST GUST SPEED    21   HIGHEST GUST DIRECTION    SE (150)
  AVERAGE WIND SPEED     6.8


SKY COVER
  POSSIBLE SUNSHINE  MM
  AVERAGE SKY COVER 0.0


WEATHER CONDITIONS
 THE FOLLOWING WEATHER WAS RECORDED TODAY.
  NO SIGNIFICANT WEATHER WAS OBSERVED.


RELATIVE HUMIDITY (PERCENT)
 HIGHEST   100           200 AM
 LOWEST     48           400 PM
 AVERAGE    74

..........................................................


THE SISSETON SD CLIMATE NORMALS FOR TOMORROW
                         NORMAL    RECORD    YEAR
 MAXIMUM TEMPERATURE (F)   72        92      1959
 MINIMUM TEMPERATURE (F)   48        32      1905


SUNRISE AND SUNSET
MAY 24 2017...........SUNRISE   547 AM CDT   SUNSET   903 PM CDT
MAY 25 2017...........SUNRISE   547 AM CDT   SUNSET   904 PM CDT


-  INDICATES NEGATIVE NUMBERS.
R  INDICATES RECORD WAS SET OR TIED.
MM INDICATES DATA IS MISSING.
T  INDICATES TRACE AMOUNT.




$$
