000
CDUS43 KABR 242338
CLI8D3


CLIMATE REPORT
NATIONAL WEATHER SERVICE ABERDEEN SD
537 PM CST TUE JAN 24 2017


...................................

...THE SISSETON SD CLIMATE SUMMARY FOR JANUARY 24 2017...
VALID TODAY AS OF 0500 PM LOCAL TIME.

CLIMATE NORMAL PERIOD 1981 TO 2010
CLIMATE RECORD PERIOD 1900 TO 2017


WEATHER ITEM   OBSERVED TIME   RECORD YEAR NORMAL DEPARTURE LAST
                VALUE   (LST)  VALUE       VALUE  FROM      YEAR
                                                  NORMAL
..................................................................
TEMPERATURE (F)
 TODAY
  MAXIMUM         32    152 PM  65    1981  23      9       32
  MINIMUM         29    459 PM -37    1936   3              22
  AVERAGE         31                        13     18       27

PRECIPITATION (IN)
  TODAY            0.00          0.60 1950   0.01  -0.01     0.00
  MONTH TO DATE    0.79                      0.35   0.44     0.14
  SINCE DEC 1      2.21                      0.74   1.47     1.21
  SINCE JAN 1      0.79                      0.35   0.44     0.14

SNOWFALL (IN)
  TODAY            0.0
  MONTH TO DATE   10.5
  SINCE OCT 1     23.3
  SINCE JUL 1     23.3
  SNOW DEPTH       0

DEGREE DAYS
 HEATING
  TODAY           34                        52    -18       38
  MONTH TO DATE 1225                      1248    -23     1255
  SINCE DEC 1   2697                      2736    -39     2499
  SINCE JUL 1   3978                      4587   -609     3895
..................................................................


WIND (MPH)
  HIGHEST WIND SPEED    16   HIGHEST WIND DIRECTION    NE (30)
  HIGHEST GUST SPEED    19   HIGHEST GUST DIRECTION     N (20)
  AVERAGE WIND SPEED     5.8


SKY COVER
  POSSIBLE SUNSHINE  MM
  AVERAGE SKY COVER 0.0


WEATHER CONDITIONS
 THE FOLLOWING WEATHER WAS RECORDED TODAY.
  NO SIGNIFICANT WEATHER WAS OBSERVED.


RELATIVE HUMIDITY (PERCENT)
 HIGHEST   100           200 AM
 LOWEST     85          1200 AM
 AVERAGE    93

..........................................................


THE SISSETON SD CLIMATE NORMALS FOR TOMORROW
                         NORMAL    RECORD    YEAR
 MAXIMUM TEMPERATURE (F)   24        56      1981
 MINIMUM TEMPERATURE (F)    3       -30      1904


SUNRISE AND SUNSET
JANUARY 24 2017.......SUNRISE   758 AM CST   SUNSET   523 PM CST
JANUARY 25 2017.......SUNRISE   757 AM CST   SUNSET   525 PM CST


-  INDICATES NEGATIVE NUMBERS.
R  INDICATES RECORD WAS SET OR TIED.
MM INDICATES DATA IS MISSING.
T  INDICATES TRACE AMOUNT.




$$
