000
CDUS43 KABR 212331
CLI8D3


CLIMATE REPORT
NATIONAL WEATHER SERVICE ABERDEEN SD
528 PM CST SUN DEC 21 2014


...................................

...THE SISSETON SD CLIMATE SUMMARY FOR DECEMBER 21 2014...
VALID TODAY AS OF 0500 PM LOCAL TIME.

CLIMATE NORMAL PERIOD 1981 TO 2010
CLIMATE RECORD PERIOD 1900 TO 2014


WEATHER ITEM   OBSERVED TIME   RECORD YEAR NORMAL DEPARTURE LAST
                VALUE   (LST)  VALUE       VALUE  FROM      YEAR
                                                  NORMAL
..................................................................
TEMPERATURE (F)
 TODAY
  MAXIMUM         34    322 PM  53    1979  24     10        2
  MINIMUM         30    857 AM -27    1989   6             -13
  AVERAGE         32                        15     17       -5

PRECIPITATION (IN)
  TODAY           MM             0.50 1937   0.01  MM        0.00
  MONTH TO DATE    0.22                      0.26  -0.04     0.84
  SINCE DEC 1      0.22                      0.26  -0.04     0.84
  SINCE JAN 1     23.32                     22.20   1.12    28.27

SNOWFALL (IN)
  TODAY           MM
  MONTH TO DATE    3.0
  SINCE OCT 1     11.4
  SINCE JUL 1     11.4
  SNOW DEPTH       1

DEGREE DAYS
 HEATING
  TODAY           33                        50    -17       70
  MONTH TO DATE  857                       982   -125     1168
  SINCE DEC 1    857                       982   -125     1168
  SINCE JUL 1   2837                      2833      4     3000
..................................................................


WIND (MPH)
  HIGHEST WIND SPEED    18   HIGHEST WIND DIRECTION     S (180)
  HIGHEST GUST SPEED    22   HIGHEST GUST DIRECTION     S (180)
  AVERAGE WIND SPEED    11.7


SKY COVER
  POSSIBLE SUNSHINE  MM
  AVERAGE SKY COVER 0.0


WEATHER CONDITIONS
 THE FOLLOWING WEATHER WAS RECORDED TODAY.
  NO SIGNIFICANT WEATHER WAS OBSERVED.


RELATIVE HUMIDITY (PERCENT)
 HIGHEST   100          1000 AM
 LOWEST     89           200 PM
 AVERAGE    95

..........................................................


THE SISSETON SD CLIMATE NORMALS FOR TOMORROW
                         NORMAL    RECORD    YEAR
 MAXIMUM TEMPERATURE (F)   24        52      1986
                                             1957
 MINIMUM TEMPERATURE (F)    6       -22      2008
                                             1983


SUNRISE AND SUNSET
DECEMBER 21 2014......SUNRISE   806 AM CST   SUNSET   447 PM CST
DECEMBER 22 2014......SUNRISE   806 AM CST   SUNSET   447 PM CST


-  INDICATES NEGATIVE NUMBERS.
R  INDICATES RECORD WAS SET OR TIED.
MM INDICATES DATA IS MISSING.
T  INDICATES TRACE AMOUNT.




$$
