000
CDUS43 KABR 312228
CLI8D3


CLIMATE REPORT
NATIONAL WEATHER SERVICE ABERDEEN SD
526 PM CDT FRI JUL 31 2015


...................................

...THE SISSETON SD CLIMATE SUMMARY FOR JULY 31 2015...
VALID TODAY AS OF 0500 PM LOCAL TIME.

CLIMATE NORMAL PERIOD 1981 TO 2010
CLIMATE RECORD PERIOD 1900 TO 2015


WEATHER ITEM   OBSERVED TIME   RECORD YEAR NORMAL DEPARTURE LAST
                VALUE   (LST)  VALUE       VALUE  FROM      YEAR
                                                  NORMAL
..................................................................
TEMPERATURE (F)
 TODAY
  MAXIMUM         84    359 PM 105    1987  83      1       82
  MINIMUM         56    531 AM  48    1952  60              53
  AVERAGE         70                        71     -1       68

PRECIPITATION (IN)
  TODAY            0.00          1.77 2008   0.10  -0.10     0.00
  MONTH TO DATE    3.17                      3.58  -0.41     1.74
  SINCE JUN 1      4.55                      7.32  -2.77    10.41
  SINCE JAN 1     12.20                     14.30  -2.10    18.78

DEGREE DAYS
 COOLING
  TODAY            5                         7     -2        3
  MONTH TO DATE  208                       205      3      130
  SINCE JUN 1    332                       299     33      218
  SINCE JAN 1    349                       322     27      279
..................................................................


WIND (MPH)
  HIGHEST WIND SPEED    13   HIGHEST WIND DIRECTION    NW (300)
  HIGHEST GUST SPEED    17   HIGHEST GUST DIRECTION     W (290)
  AVERAGE WIND SPEED     7.0


SKY COVER
  POSSIBLE SUNSHINE  MM
  AVERAGE SKY COVER 0.0


WEATHER CONDITIONS
 THE FOLLOWING WEATHER WAS RECORDED TODAY.
  NO SIGNIFICANT WEATHER WAS OBSERVED.


RELATIVE HUMIDITY (PERCENT)
 HIGHEST    80           400 AM
 LOWEST     39          1200 PM
 AVERAGE    60

..........................................................


THE SISSETON SD CLIMATE NORMALS FOR TOMORROW
                         NORMAL    RECORD    YEAR
 MAXIMUM TEMPERATURE (F)   83       101      1988
 MINIMUM TEMPERATURE (F)   60        42      1973


SUNRISE AND SUNSET
JULY 31 2015..........SUNRISE   610 AM CDT   SUNSET   858 PM CDT
AUGUST  1 2015........SUNRISE   611 AM CDT   SUNSET   857 PM CDT


-  INDICATES NEGATIVE NUMBERS.
R  INDICATES RECORD WAS SET OR TIED.
MM INDICATES DATA IS MISSING.
T  INDICATES TRACE AMOUNT.




$$
