000
CDUS43 KABR 011027
CLI8D3


CLIMATE REPORT
NATIONAL WEATHER SERVICE ABERDEEN SD
526 AM CDT WED OCT 1 2014


...................................

...THE SISSETON SD CLIMATE SUMMARY FOR SEPTEMBER 30 2014...

CLIMATE NORMAL PERIOD 1981 TO 2010
CLIMATE RECORD PERIOD 1900 TO 2014


WEATHER ITEM   OBSERVED TIME   RECORD YEAR NORMAL DEPARTURE LAST
                VALUE   (LST)  VALUE       VALUE  FROM      YEAR
                                                  NORMAL
..................................................................
TEMPERATURE (F)
 YESTERDAY
  MAXIMUM         64   1159 PM  90    1976  66     -2       82
  MINIMUM         45    713 AM  26    2003  41      4       56
                                      1939
  AVERAGE         55                        53      2       69

PRECIPITATION (IN)
  YESTERDAY        0.06          1.03 1903   0.08  -0.02     0.00
  MONTH TO DATE    0.84                      2.54  -1.70     2.64
  SINCE SEP 1      0.84                      2.54  -1.70     2.64
  SINCE JAN 1     21.80                     19.28   2.52    21.31

DEGREE DAYS
 HEATING
  YESTERDAY       10                        12     -2        0
  MONTH TO DATE  166                       203    -37       97
  SINCE SEP 1    166                       202    -36       97
  SINCE JUL 1    203                       245    -42      146

 COOLING
  YESTERDAY        0                         0      0        4
  MONTH TO DATE   42                        44     -2       90
  SINCE SEP 1     42                        44     -2       90
  SINCE JAN 1    442                       523    -81      625
..................................................................


WIND (MPH)
  HIGHEST WIND SPEED    23   HIGHEST WIND DIRECTION     S (160)
  HIGHEST GUST SPEED    32   HIGHEST GUST DIRECTION     S (190)
  AVERAGE WIND SPEED    14.8


SKY COVER
  POSSIBLE SUNSHINE  MM
  AVERAGE SKY COVER 0.0


WEATHER CONDITIONS
 THE FOLLOWING WEATHER WAS RECORDED YESTERDAY.
  NO SIGNIFICANT WEATHER WAS OBSERVED.


RELATIVE HUMIDITY (PERCENT)
 HIGHEST   100           200 PM
 LOWEST     86           600 AM
 AVERAGE    93

..........................................................


THE SISSETON SD CLIMATE NORMALS FOR TODAY
                         NORMAL    RECORD    YEAR
 MAXIMUM TEMPERATURE (F)   65        90      1992
 MINIMUM TEMPERATURE (F)   41        22      2003


SUNRISE AND SUNSET
OCTOBER  1 2014.......SUNRISE   726 AM CDT   SUNSET   708 PM CDT
OCTOBER  2 2014.......SUNRISE   728 AM CDT   SUNSET   706 PM CDT


-  INDICATES NEGATIVE NUMBERS.
R  INDICATES RECORD WAS SET OR TIED.
MM INDICATES DATA IS MISSING.
T  INDICATES TRACE AMOUNT.




$$
