000
CDUS43 KABR 271029
CLI8D3


CLIMATE REPORT
NATIONAL WEATHER SERVICE ABERDEEN SD
429 AM CST THU NOV 27 2014


...................................

...THE SISSETON SD CLIMATE SUMMARY FOR NOVEMBER 26 2014...

CLIMATE NORMAL PERIOD 1981 TO 2010
CLIMATE RECORD PERIOD 1900 TO 2014


WEATHER ITEM   OBSERVED TIME   RECORD YEAR NORMAL DEPARTURE LAST
                VALUE   (LST)  VALUE       VALUE  FROM      YEAR
                                                  NORMAL
..................................................................
TEMPERATURE (F)
 YESTERDAY
  MAXIMUM         24   1224 AM  60    1998  34    -10       26
  MINIMUM         -8   1159 PM -14    1996  16    -24        4
  AVERAGE          8                        25    -17       15

PRECIPITATION (IN)
  YESTERDAY        0.01          0.50 2001   0.01   0.00     0.00
  MONTH TO DATE    0.92                      0.55   0.37     0.07
  SINCE SEP 1      2.11                      5.17  -3.06     8.76
  SINCE JAN 1     23.07                     21.91   1.16    27.43

SNOWFALL (IN)
  YESTERDAY        0.2
  MONTH TO DATE    7.9
  SINCE OCT 1      7.9
  SINCE JUL 1      7.9
  SNOW DEPTH       1

DEGREE DAYS
 HEATING
  YESTERDAY       57                        40     17       50
  MONTH TO DATE 1041                       859    182      871
  SINCE SEP 1   1712                      1643     69     1600
  SINCE JUL 1   1749                      1686     63     1649

 COOLING
  YESTERDAY        0                         0      0        0
  MONTH TO DATE    0                         0      0        0
  SINCE SEP 1     42                        48     -6       90
  SINCE JAN 1    442                       527    -85      625
..................................................................


WIND (MPH)
  HIGHEST WIND SPEED    26   HIGHEST WIND DIRECTION     N (360)
  HIGHEST GUST SPEED    31   HIGHEST GUST DIRECTION     N (360)
  AVERAGE WIND SPEED    16.8


SKY COVER
  POSSIBLE SUNSHINE  MM
  AVERAGE SKY COVER 0.0


WEATHER CONDITIONS
 THE FOLLOWING WEATHER WAS RECORDED YESTERDAY.
  NO SIGNIFICANT WEATHER WAS OBSERVED.


RELATIVE HUMIDITY (PERCENT)
 HIGHEST    96          1200 AM
 LOWEST     69           200 PM
 AVERAGE    83

..........................................................


THE SISSETON SD CLIMATE NORMALS FOR TODAY
                         NORMAL    RECORD    YEAR
 MAXIMUM TEMPERATURE (F)   34        58      1998
                                             1963
 MINIMUM TEMPERATURE (F)   15       -15      1985


SUNRISE AND SUNSET
NOVEMBER 27 2014......SUNRISE   743 AM CST   SUNSET   447 PM CST
NOVEMBER 28 2014......SUNRISE   745 AM CST   SUNSET   447 PM CST


-  INDICATES NEGATIVE NUMBERS.
R  INDICATES RECORD WAS SET OR TIED.
MM INDICATES DATA IS MISSING.
T  INDICATES TRACE AMOUNT.




$$
