000
CDUS43 KABR 231036
CLI8D3


CLIMATE REPORT
NATIONAL WEATHER SERVICE ABERDEEN SD
535 AM CDT MON OCT 23 2017


...................................

...THE SISSETON SD CLIMATE SUMMARY FOR OCTOBER 22 2017...

CLIMATE NORMAL PERIOD 1981 TO 2010
CLIMATE RECORD PERIOD 1900 TO 2017


WEATHER ITEM   OBSERVED TIME   RECORD YEAR NORMAL DEPARTURE LAST
                VALUE   (LST)  VALUE       VALUE  FROM      YEAR
                                                  NORMAL
..................................................................
TEMPERATURE (F)
 YESTERDAY
  MAXIMUM         67    232 PM  80    1992  54     13       67
  MINIMUM         41    705 AM  13    1936  34      7       33
  AVERAGE         54                        44     10       50

PRECIPITATION (IN)
  YESTERDAY        0.00          0.54 2008   0.05  -0.05     0.00
  MONTH TO DATE    1.48                      1.66  -0.18     0.86
  SINCE SEP 1      5.69                      4.20   1.49     3.06
  SINCE JAN 1     18.41                     20.94  -2.53    18.50

SNOWFALL (IN)
  YESTERDAY        0.0
  MONTH TO DATE    0.0
  SINCE OCT 1      0.0
  SINCE JUL 1      0.0
  SNOW DEPTH       0

DEGREE DAYS
 HEATING
  YESTERDAY       11                        21    -10       15
  MONTH TO DATE  259                       369   -110      309
  SINCE SEP 1    398                       571   -173      427
  SINCE JUL 1    412                       614   -202      454

 COOLING
  YESTERDAY        0                         0      0        0
  MONTH TO DATE    5                         0      5        0
  SINCE SEP 1     86                        44     42       44
  SINCE JAN 1    554                       523     31      625
..................................................................


WIND (MPH)
  HIGHEST WIND SPEED    24   HIGHEST WIND DIRECTION    SW (230)
  HIGHEST GUST SPEED    32   HIGHEST GUST DIRECTION    SW (230)
  AVERAGE WIND SPEED    13.5


SKY COVER
  POSSIBLE SUNSHINE  MM
  AVERAGE SKY COVER 0.0


WEATHER CONDITIONS
 THE FOLLOWING WEATHER WAS RECORDED YESTERDAY.
  NO SIGNIFICANT WEATHER WAS OBSERVED.


RELATIVE HUMIDITY (PERCENT)
 HIGHEST    70           400 AM
 LOWEST     26           200 PM
 AVERAGE    48

..........................................................


THE SISSETON SD CLIMATE NORMALS FOR TODAY
                         NORMAL    RECORD    YEAR
 MAXIMUM TEMPERATURE (F)   54        82      1963
 MINIMUM TEMPERATURE (F)   33        10      1936


SUNRISE AND SUNSET
OCTOBER 23 2017.......SUNRISE   756 AM CDT   SUNSET   628 PM CDT
OCTOBER 24 2017.......SUNRISE   757 AM CDT   SUNSET   626 PM CDT


-  INDICATES NEGATIVE NUMBERS.
R  INDICATES RECORD WAS SET OR TIED.
MM INDICATES DATA IS MISSING.
T  INDICATES TRACE AMOUNT.




$$
