000
CDUS43 KABR 111033
CLI8D3


CLIMATE REPORT
NATIONAL WEATHER SERVICE ABERDEEN SD
431 AM CST THU FEB 11 2016


...................................

...THE SISSETON SD CLIMATE SUMMARY FOR FEBRUARY 10 2016...

CLIMATE NORMAL PERIOD 1981 TO 2010
CLIMATE RECORD PERIOD 1900 TO 2016


WEATHER ITEM   OBSERVED TIME   RECORD YEAR NORMAL DEPARTURE LAST
                VALUE   (LST)  VALUE       VALUE  FROM      YEAR
                                                  NORMAL
..................................................................
TEMPERATURE (F)
 YESTERDAY
  MAXIMUM         12    101 AM  50    1996  26    -14       36
  MINIMUM          8   1159 PM -24    1988   7      1       16
  AVERAGE         10                        16     -6       26

PRECIPITATION (IN)
  YESTERDAY        0.12          0.83 2013   0.01   0.11     0.11
  MONTH TO DATE    0.26                      0.11   0.15     0.24
  SINCE DEC 1      1.61                      0.93   0.68     1.31
  SINCE JAN 1      0.54                      0.54   0.00     0.71

SNOWFALL (IN)
  YESTERDAY       MM
  MONTH TO DATE    1.4
  SINCE OCT 1     20.3
  SINCE JUL 1     20.3
  SNOW DEPTH       2

DEGREE DAYS
 HEATING
  YESTERDAY       55                        49      6       39
  MONTH TO DATE  441                       498    -57      499
  SINCE DEC 1   3178                      3593   -415     3257
  SINCE JUL 1   4574                      5444   -870     5237

 COOLING
  YESTERDAY        0                         0      0        0
  MONTH TO DATE    0                         0      0        0
  SINCE DEC 1      0                         0      0        0
  SINCE JAN 1      0                         0      0        0
..................................................................


WIND (MPH)
  HIGHEST WIND SPEED    16   HIGHEST WIND DIRECTION     S (160)
  HIGHEST GUST SPEED    18   HIGHEST GUST DIRECTION     S (160)
  AVERAGE WIND SPEED     8.1


SKY COVER
  POSSIBLE SUNSHINE  MM
  AVERAGE SKY COVER 0.0


WEATHER CONDITIONS
 THE FOLLOWING WEATHER WAS RECORDED YESTERDAY.
  LIGHT SNOW


RELATIVE HUMIDITY (PERCENT)
 HIGHEST    91           600 AM
 LOWEST     76          1200 AM
 AVERAGE    84

..........................................................


THE SISSETON SD CLIMATE NORMALS FOR TODAY
                         NORMAL    RECORD    YEAR
 MAXIMUM TEMPERATURE (F)   26        54      2002
                                             1987
 MINIMUM TEMPERATURE (F)    7       -28      1988


SUNRISE AND SUNSET
FEBRUARY 11 2016......SUNRISE   737 AM CST   SUNSET   548 PM CST
FEBRUARY 12 2016......SUNRISE   735 AM CST   SUNSET   550 PM CST


-  INDICATES NEGATIVE NUMBERS.
R  INDICATES RECORD WAS SET OR TIED.
MM INDICATES DATA IS MISSING.
T  INDICATES TRACE AMOUNT.




$$
