000
CDUS46 KMFR 260837
CLIAAT


CLIMATE REPORT
NATIONAL WEATHER SERVICE MEDFORD, OR
1237 AM PST SUN FEB 26 2017


...................................

...THE ALTURAS CA CLIMATE SUMMARY FOR FEBRUARY 25 2017...

CLIMATE NORMAL PERIOD 1981 TO 2010
CLIMATE RECORD PERIOD 1905 TO 2017


WEATHER ITEM   OBSERVED TIME   RECORD YEAR NORMAL DEPARTURE LAST
                VALUE   (LST)  VALUE       VALUE  FROM      YEAR
                                                  NORMAL
..................................................................
TEMPERATURE (F)
 YESTERDAY
  MAXIMUM         36    416 PM  69    1986  48    -12       65
  MINIMUM         15   1159 PM  -6    1933  23     -8       25
  AVERAGE         26                        36    -10       45

PRECIPITATION (IN)
  YESTERDAY        0.08          1.00 1957   0.05   0.03     0.00
  MONTH TO DATE    3.13                      1.28   1.85     0.45
  SINCE OCT 1     10.14                      7.44   2.70     8.43
  SINCE JAN 1      6.39                      2.93   3.46     2.45

SNOWFALL (IN)
  YESTERDAY       MM                        MM     MM       MM
  MONTH TO DATE   MM                        MM     MM       MM
  SINCE JUL 1     MM                        MM     MM       MM
  SNOW DEPTH      MM

DEGREE DAYS
 HEATING
  YESTERDAY       39                        29     10       20
  MONTH TO DATE  681                       782   -101      655
  SINCE DEC 1   3034                      2970     64     2771
  SINCE JUL 1   4542                      4780   -238     4298

 COOLING
  YESTERDAY        0                         0      0        0
  MONTH TO DATE    0                         0      0        0
  SINCE DEC 1      0                         0      0        0
  SINCE JAN 1      0                         0      0        0
..................................................................


WIND (MPH)
  HIGHEST WIND SPEED     9   HIGHEST WIND DIRECTION     S (160)
  HIGHEST GUST SPEED    10   HIGHEST GUST DIRECTION     S (170)
  AVERAGE WIND SPEED     2.0


SKY COVER
  POSSIBLE SUNSHINE  MM
  AVERAGE SKY COVER 0.4


WEATHER CONDITIONS
 THE FOLLOWING WEATHER WAS RECORDED YESTERDAY.
  LIGHT SNOW
  FOG
  HAZE


RELATIVE HUMIDITY (PERCENT)
 HIGHEST    92           300 AM
 LOWEST     47           300 PM
 AVERAGE    70

..........................................................


THE ALTURAS CA CLIMATE NORMALS FOR TODAY
                         NORMAL    RECORD    YEAR
 MAXIMUM TEMPERATURE (F)   49        69      1908
 MINIMUM TEMPERATURE (F)   24       -10      2011


SUNRISE AND SUNSET
FEBRUARY 26 2017......SUNRISE   641 AM PST   SUNSET   550 PM PST
FEBRUARY 27 2017......SUNRISE   639 AM PST   SUNSET   551 PM PST


-  INDICATES NEGATIVE NUMBERS.
R  INDICATES RECORD WAS SET OR TIED.
MM INDICATES DATA IS MISSING.
T  INDICATES TRACE AMOUNT.




$$
