000
CDUS46 KMFR 220836
CLIAAT


CLIMATE REPORT
NATIONAL WEATHER SERVICE MEDFORD, OR
136 AM PDT TUE JUL 22 2014


...................................

...THE ALTURAS CA CLIMATE SUMMARY FOR JULY 21 2014...

CLIMATE NORMAL PERIOD 1981 TO 2010
CLIMATE RECORD PERIOD 1905 TO 2014


WEATHER ITEM   OBSERVED TIME   RECORD YEAR NORMAL DEPARTURE LAST
                VALUE   (LST)  VALUE       VALUE  FROM      YEAR
                                                  NORMAL
..................................................................
TEMPERATURE (F)
 YESTERDAY
  MAXIMUM         80   1118 AM 103    1988  90    -10      101
  MINIMUM         51   1156 PM  33    1983  45      6       47
  AVERAGE         66                        67     -1       74

PRECIPITATION (IN)
  YESTERDAY        0.03          0.19 1936   0.02   0.01     0.00
  MONTH TO DATE    0.41                      0.18   0.23      T
  SINCE SEP 1      6.96                     13.65  -6.69     8.77
  SINCE JAN 1      5.82                      8.62  -2.80     4.43

SNOWFALL (IN)
  YESTERDAY       MM                        MM     MM       MM
  MONTH TO DATE   MM                        MM     MM       MM
  SINCE JUL 1     MM                        MM     MM       MM
  SNOW DEPTH      MM

DEGREE DAYS
 HEATING
  YESTERDAY        0                         1     -1        0
  MONTH TO DATE    0                        31    -31        4
  SINCE JUN 1     89                       211   -122      160
  SINCE JUL 1      0                        31    -31        4

 COOLING
  YESTERDAY        1                         3     -2        9
  MONTH TO DATE  203                        49    154      110
  SINCE JUN 1    223                        60    163      153
  SINCE JAN 1    223                        60    163      153
..................................................................


WIND (MPH)
  HIGHEST WIND SPEED    29   HIGHEST WIND DIRECTION     S (170)
  HIGHEST GUST SPEED    35   HIGHEST GUST DIRECTION    SW (240)
  AVERAGE WIND SPEED     7.5


SKY COVER
  POSSIBLE SUNSHINE  MM
  AVERAGE SKY COVER 0.6


WEATHER CONDITIONS
 THE FOLLOWING WEATHER WAS RECORDED YESTERDAY.
  THUNDERSTORM
  LIGHT RAIN


RELATIVE HUMIDITY (PERCENT)
 HIGHEST    86          1000 PM
 LOWEST     31          1000 AM
 AVERAGE    59

..........................................................


THE ALTURAS CA CLIMATE NORMALS FOR TODAY
                         NORMAL    RECORD    YEAR
 MAXIMUM TEMPERATURE (F)   90       103      2003
 MINIMUM TEMPERATURE (F)   45        34      1999


SUNRISE AND SUNSET
JULY 22 2014..........SUNRISE   548 AM PDT   SUNSET   829 PM PDT
JULY 23 2014..........SUNRISE   549 AM PDT   SUNSET   828 PM PDT


-  INDICATES NEGATIVE NUMBERS.
R  INDICATES RECORD WAS SET OR TIED.
MM INDICATES DATA IS MISSING.
T  INDICATES TRACE AMOUNT.




$$
