000
CDUS46 KMFR 180836
CLIAAT


CLIMATE REPORT
NATIONAL WEATHER SERVICE MEDFORD, OR
136 AM PDT FRI APR 18 2014


...................................

...THE ALTURAS CA CLIMATE SUMMARY FOR APRIL 17 2014...

CLIMATE NORMAL PERIOD 1981 TO 2010
CLIMATE RECORD PERIOD 1905 TO 2014


WEATHER ITEM   OBSERVED TIME   RECORD YEAR NORMAL DEPARTURE LAST
                VALUE   (LST)  VALUE       VALUE  FROM      YEAR
                                                  NORMAL
..................................................................
TEMPERATURE (F)
 YESTERDAY
  MAXIMUM         74    210 PM  83    1910  58     16       50
  MINIMUM         30    538 AM  14    1976  29      1       23
  AVERAGE         52                        43      9       37

PRECIPITATION (IN)
  YESTERDAY        0.10          0.68 2011   0.05   0.05     0.00
  MONTH TO DATE    0.20                      0.84  -0.64     1.43
  SINCE SEP 1      5.10                     10.49  -5.39     6.82
  SINCE JAN 1      3.96                      5.46  -1.50     2.48

SNOWFALL (IN)
  YESTERDAY       MM                        MM     MM       MM
  MONTH TO DATE   MM                        MM     MM       MM
  SINCE JUL 1      0.0                      MM     MM       MM
  SNOW DEPTH      MM

DEGREE DAYS
 HEATING
  YESTERDAY       13                        22     -9       28
  MONTH TO DATE  299                       398    -99      377
  SINCE MAR 1   1043                      1223   -180     1144
  SINCE JUL 1   5808                      6090   -282     5730

 COOLING
  YESTERDAY        0                         0      0        0
  MONTH TO DATE    0                         0      0        0
  SINCE MAR 1      0                         0      0        0
  SINCE JAN 1      0                         0      0        0
..................................................................


WIND (MPH)
  HIGHEST WIND SPEED    30   HIGHEST WIND DIRECTION    NW (320)
  HIGHEST GUST SPEED    38   HIGHEST GUST DIRECTION    NW (320)
  AVERAGE WIND SPEED     8.9


SKY COVER
  POSSIBLE SUNSHINE  MM
  AVERAGE SKY COVER 0.4


WEATHER CONDITIONS
 THE FOLLOWING WEATHER WAS RECORDED YESTERDAY.
  LIGHT RAIN
  FOG


RELATIVE HUMIDITY (PERCENT)
 HIGHEST    89           500 AM
 LOWEST     23           100 PM
 AVERAGE    56

..........................................................


THE ALTURAS CA CLIMATE NORMALS FOR TODAY
                         NORMAL    RECORD    YEAR
 MAXIMUM TEMPERATURE (F)   58        83      1954
 MINIMUM TEMPERATURE (F)   29        17      1982


SUNRISE AND SUNSET
APRIL 18 2014.........SUNRISE   618 AM PDT   SUNSET   746 PM PDT
APRIL 19 2014.........SUNRISE   616 AM PDT   SUNSET   747 PM PDT


-  INDICATES NEGATIVE NUMBERS.
R  INDICATES RECORD WAS SET OR TIED.
MM INDICATES DATA IS MISSING.
T  INDICATES TRACE AMOUNT.




$$
