000
CDUS46 KMFR 290037
CLIAAT


CLIMATE REPORT
NATIONAL WEATHER SERVICE MEDFORD, OR
537 PM PDT SAT MAR 28 2015


...................................

...THE ALTURAS CA CLIMATE SUMMARY FOR MARCH 28 2015...
VALID TODAY AS OF 0500 PM LOCAL TIME.

CLIMATE NORMAL PERIOD 1981 TO 2010
CLIMATE RECORD PERIOD 1905 TO 2015


WEATHER ITEM   OBSERVED TIME   RECORD YEAR NORMAL DEPARTURE LAST
                VALUE   (LST)  VALUE       VALUE  FROM      YEAR
                                                  NORMAL
..................................................................
TEMPERATURE (F)
 TODAY
  MAXIMUM         64    339 PM  77    1966  54     10       54
  MINIMUM         31    620 AM   9    1908  26      5       35
  AVERAGE         48                        40      8       45

PRECIPITATION (IN)
  TODAY            0.00          0.37 1963   0.06  -0.06     0.03
  MONTH TO DATE    0.53                      1.36  -0.83     1.44
  SINCE OCT 1      6.17                      8.97  -2.80     3.67
  SINCE JAN 1      1.66                      4.46  -2.80     3.04

SNOWFALL (IN)
  TODAY           MM                        MM     MM       MM
  MONTH TO DATE   MM                        MM     MM       MM
  SINCE JUL 1     MM                        MM     MM        0.0
  SNOW DEPTH      MM

DEGREE DAYS
 HEATING
  TODAY           17                        25     -8       20
  MONTH TO DATE  555                       749   -194      662
  SINCE MAR 1    555                       749   -194      662
  SINCE JUL 1   4182                      5616  -1434     5427

 COOLING
  TODAY            0                         0      0        0
  MONTH TO DATE    0                         0      0        0
  SINCE MAR 1      0                         0      0        0
  SINCE JAN 1      0                         0      0        0
..................................................................


WIND (MPH)
  HIGHEST WIND SPEED    17   HIGHEST WIND DIRECTION    NW (310)
  HIGHEST GUST SPEED    23   HIGHEST GUST DIRECTION    NW (310)
  AVERAGE WIND SPEED     5.6


SKY COVER
  POSSIBLE SUNSHINE  MM
  AVERAGE SKY COVER 0.2


WEATHER CONDITIONS
 THE FOLLOWING WEATHER WAS RECORDED TODAY.
  NO SIGNIFICANT WEATHER WAS OBSERVED.


RELATIVE HUMIDITY (PERCENT)
 HIGHEST    85           600 AM
 LOWEST     13           400 PM
 AVERAGE    49

..........................................................


THE ALTURAS CA CLIMATE NORMALS FOR TOMORROW
                         NORMAL    RECORD    YEAR
 MAXIMUM TEMPERATURE (F)   54        80      1966
 MINIMUM TEMPERATURE (F)   26        10      1977


SUNRISE AND SUNSET
MARCH 28 2015.........SUNRISE   652 AM PDT   SUNSET   723 PM PDT
MARCH 29 2015.........SUNRISE   651 AM PDT   SUNSET   724 PM PDT


-  INDICATES NEGATIVE NUMBERS.
R  INDICATES RECORD WAS SET OR TIED.
MM INDICATES DATA IS MISSING.
T  INDICATES TRACE AMOUNT.




$$
