632
CDUS46 KMFR 270835
CLIAAT


CLIMATE REPORT
NATIONAL WEATHER SERVICE MEDFORD, OR
135 AM PDT MON MAR 27 2017


...................................

...THE ALTURAS CA CLIMATE SUMMARY FOR MARCH 26 2017...

CLIMATE NORMAL PERIOD 1981 TO 2010
CLIMATE RECORD PERIOD 1905 TO 2017


WEATHER ITEM   OBSERVED TIME   RECORD YEAR NORMAL DEPARTURE LAST
                VALUE   (LST)  VALUE       VALUE  FROM      YEAR
                                                  NORMAL
..................................................................
TEMPERATURE (F)
 YESTERDAY
  MAXIMUM         48    208 PM  77    1960  54     -6       56
  MINIMUM         26    245 AM   8    1996  25      1       20
  AVERAGE         37                        39     -2       38

PRECIPITATION (IN)
  YESTERDAY        0.09          0.59 1971   0.05   0.04      T
  MONTH TO DATE    0.89                      1.24  -0.35     1.78
  SINCE OCT 1     11.13                      8.85   2.28    10.26
  SINCE JAN 1      7.38                      4.34   3.04     4.28

SNOWFALL (IN)
  YESTERDAY       MM                        MM     MM       MM
  MONTH TO DATE   MM                        MM     MM       MM
  SINCE JUL 1     MM                        MM     MM       MM
  SNOW DEPTH      MM

DEGREE DAYS
 HEATING
  YESTERDAY       28                        26      2       27
  MONTH TO DATE  577                       699   -122      594
  SINCE MAR 1    577                       699   -122      594
  SINCE JUL 1   5239                      5566   -327     4981

 COOLING
  YESTERDAY        0                         0      0        0
  MONTH TO DATE    0                         0      0        0
  SINCE MAR 1      0                         0      0        0
  SINCE JAN 1      0                         0      0        0
..................................................................


WIND (MPH)
  HIGHEST WIND SPEED    20   HIGHEST WIND DIRECTION     W (260)
  HIGHEST GUST SPEED    24   HIGHEST GUST DIRECTION     S (190)
  AVERAGE WIND SPEED     7.1


SKY COVER
  POSSIBLE SUNSHINE  MM
  AVERAGE SKY COVER 0.9


WEATHER CONDITIONS
 THE FOLLOWING WEATHER WAS RECORDED YESTERDAY.
  LIGHT RAIN
  LIGHT SNOW
  FOG


RELATIVE HUMIDITY (PERCENT)
 HIGHEST    92           100 AM
 LOWEST     56           100 PM
 AVERAGE    74

..........................................................


THE ALTURAS CA CLIMATE NORMALS FOR TODAY
                         NORMAL    RECORD    YEAR
 MAXIMUM TEMPERATURE (F)   54        78      1966
 MINIMUM TEMPERATURE (F)   25         6      2008


SUNRISE AND SUNSET
MARCH 27 2017.........SUNRISE   653 AM PDT   SUNSET   723 PM PDT
MARCH 28 2017.........SUNRISE   651 AM PDT   SUNSET   724 PM PDT


-  INDICATES NEGATIVE NUMBERS.
R  INDICATES RECORD WAS SET OR TIED.
MM INDICATES DATA IS MISSING.
T  INDICATES TRACE AMOUNT.




$$
