000
CDUS46 KMFR 260038
CLIAAT


CLIMATE REPORT
NATIONAL WEATHER SERVICE MEDFORD, OR
538 PM PDT SAT OCT 25 2014


...................................

...THE ALTURAS CA CLIMATE SUMMARY FOR OCTOBER 25 2014...
VALID TODAY AS OF 0500 PM LOCAL TIME.

CLIMATE NORMAL PERIOD 1981 TO 2010
CLIMATE RECORD PERIOD 1905 TO 2014


WEATHER ITEM   OBSERVED TIME   RECORD YEAR NORMAL DEPARTURE LAST
                VALUE   (LST)  VALUE       VALUE  FROM      YEAR
                                                  NORMAL
..................................................................
TEMPERATURE (F)
 TODAY
  MAXIMUM         61    248 PM  80    1990  61      0       73
  MINIMUM         45    910 AM  11    1997  27     18       22
  AVERAGE         53                        44      9       48

PRECIPITATION (IN)
  TODAY            0.02          0.73 1931   0.05  -0.03     0.00
  MONTH TO DATE    0.66                      0.72  -0.06     0.15
  SINCE SEP 1      1.02                      1.24  -0.22     0.66
  SINCE JAN 1      7.30                     10.38  -3.08     5.81

SNOWFALL (IN)
  TODAY           MM                        MM     MM       MM
  MONTH TO DATE   MM                        MM     MM       MM
  SINCE JUL 1     MM                        MM     MM       MM
  SNOW DEPTH      MM

DEGREE DAYS
 HEATING
  TODAY           12                        21     -9       17
  MONTH TO DATE  300                       431   -131      504
  SINCE SEP 1    416                       697   -281      729
  SINCE JUL 1    441                       808   -367      799

 COOLING
  TODAY            0                         0      0        0
  MONTH TO DATE    0                         0      0        0
  SINCE SEP 1     12                         5      7       25
  SINCE JAN 1    380                       156    224      280
..................................................................


WIND (MPH)
  HIGHEST WIND SPEED    36   HIGHEST WIND DIRECTION    SW (210)
  HIGHEST GUST SPEED    46   HIGHEST GUST DIRECTION    SW (210)
  AVERAGE WIND SPEED    17.1


SKY COVER
  POSSIBLE SUNSHINE  MM
  AVERAGE SKY COVER 0.3


WEATHER CONDITIONS
 THE FOLLOWING WEATHER WAS RECORDED TODAY.
  LIGHT RAIN
  FOG


RELATIVE HUMIDITY (PERCENT)
 HIGHEST    54           500 AM
 LOWEST     33           200 PM
 AVERAGE    44

..........................................................


THE ALTURAS CA CLIMATE NORMALS FOR TOMORROW
                         NORMAL    RECORD    YEAR
 MAXIMUM TEMPERATURE (F)   60        83      1966
 MINIMUM TEMPERATURE (F)   27        13      2011


SUNRISE AND SUNSET
OCTOBER 25 2014.......SUNRISE   726 AM PDT   SUNSET   606 PM PDT
OCTOBER 26 2014.......SUNRISE   727 AM PDT   SUNSET   605 PM PDT


-  INDICATES NEGATIVE NUMBERS.
R  INDICATES RECORD WAS SET OR TIED.
MM INDICATES DATA IS MISSING.
T  INDICATES TRACE AMOUNT.




$$
