000
CDUS46 KMFR 250838
CLIAAT


CLIMATE REPORT
NATIONAL WEATHER SERVICE MEDFORD, OR
138 AM PDT SUN JUN 25 2017


...................................

...THE ALTURAS CA CLIMATE SUMMARY FOR JUNE 24 2017...

CLIMATE NORMAL PERIOD 1981 TO 2010
CLIMATE RECORD PERIOD 1905 TO 2017


WEATHER ITEM   OBSERVED TIME   RECORD YEAR NORMAL DEPARTURE LAST
                VALUE   (LST)  VALUE       VALUE  FROM      YEAR
                                                  NORMAL
..................................................................
TEMPERATURE (F)
 YESTERDAY
  MAXIMUM         96        MM  98    2006  81     15       77
  MINIMUM         48        MM  23    1910  43      5       45
  AVERAGE         72                        62     10       61

PRECIPITATION (IN)
  YESTERDAY        0.00          1.15 1952   0.01  -0.01     0.00
  MONTH TO DATE    1.16                      0.85   0.31     0.56
  SINCE OCT 1     14.28                     12.90   1.38    13.37
  SINCE JAN 1     10.53                      8.39   2.14     7.39

SNOWFALL (IN)
  YESTERDAY       MM                        MM     MM       MM
  MONTH TO DATE   MM                        MM     MM       MM
  SINCE JUL 1     MM                        MM     MM       MM
  SNOW DEPTH      MM

DEGREE DAYS
 HEATING
  YESTERDAY        0                         4     -4        4
  MONTH TO DATE  109                       161    -52      115
  SINCE JUN 1    109                       161    -52      115
  SINCE JUL 1   6354                      6918   -564     5990

 COOLING
  YESTERDAY        7                         1      6        0
  MONTH TO DATE   64                         3     61       23
  SINCE JUN 1     64                         3     61       23
  SINCE JAN 1     64                         3     61       23
..................................................................


WIND (MPH)
  HIGHEST WIND SPEED     8   HIGHEST WIND DIRECTION    NE (60)
  HIGHEST GUST SPEED    MM   HIGHEST GUST DIRECTION    MM
  AVERAGE WIND SPEED     3.4


SKY COVER
  POSSIBLE SUNSHINE  MM
  AVERAGE SKY COVER  MM


WEATHER CONDITIONS
 THE FOLLOWING WEATHER WAS RECORDED YESTERDAY.
  NO SIGNIFICANT WEATHER WAS OBSERVED.


RELATIVE HUMIDITY (PERCENT)
 HIGHEST    MM
 LOWEST     MM
 AVERAGE    MM

..........................................................


THE ALTURAS CA CLIMATE NORMALS FOR TODAY
                         NORMAL    RECORD    YEAR
 MAXIMUM TEMPERATURE (F)   81       102      1961
 MINIMUM TEMPERATURE (F)   43        24      1978


SUNRISE AND SUNSET
JUNE 25 2017..........SUNRISE   530 AM PDT   SUNSET   840 PM PDT
JUNE 26 2017..........SUNRISE   530 AM PDT   SUNSET   840 PM PDT


-  INDICATES NEGATIVE NUMBERS.
R  INDICATES RECORD WAS SET OR TIED.
MM INDICATES DATA IS MISSING.
T  INDICATES TRACE AMOUNT.




$$
