000
CDUS46 KMFR 240836
CLIAAT


CLIMATE REPORT
NATIONAL WEATHER SERVICE MEDFORD, OR
136 AM PDT MON APR 24 2017


...................................

...THE ALTURAS CA CLIMATE SUMMARY FOR APRIL 23 2017...

CLIMATE NORMAL PERIOD 1981 TO 2010
CLIMATE RECORD PERIOD 1905 TO 2017


WEATHER ITEM   OBSERVED TIME   RECORD YEAR NORMAL DEPARTURE LAST
                VALUE   (LST)  VALUE       VALUE  FROM      YEAR
                                                  NORMAL
..................................................................
TEMPERATURE (F)
 YESTERDAY
  MAXIMUM         59    256 PM  85    1910  60     -1       56
  MINIMUM         41    521 AM  19    2008  30     11       37
                                      1976
  AVERAGE         50                        45      5       47

PRECIPITATION (IN)
  YESTERDAY        0.06          0.47 2005   0.05   0.01     0.03
  MONTH TO DATE    0.96                      1.18  -0.22     1.27
  SINCE OCT 1     12.38                     10.31   2.07    11.59
  SINCE JAN 1      8.63                      5.80   2.83     5.61

SNOWFALL (IN)
  YESTERDAY       MM                        MM     MM       MM
  MONTH TO DATE   MM                        MM     MM       MM
  SINCE JUL 1     MM                        MM     MM       MM
  SNOW DEPTH      MM

DEGREE DAYS
 HEATING
  YESTERDAY       15                        20     -5       18
  MONTH TO DATE  456                       521    -65      349
  SINCE MAR 1   1150                      1346   -196     1056
  SINCE JUL 1   5812                      6213   -401     5443

 COOLING
  YESTERDAY        0                         0      0        0
  MONTH TO DATE    0                         0      0        0
  SINCE MAR 1      0                         0      0        0
  SINCE JAN 1      0                         0      0        0
..................................................................


WIND (MPH)
  HIGHEST WIND SPEED    21   HIGHEST WIND DIRECTION     W (260)
  HIGHEST GUST SPEED    27   HIGHEST GUST DIRECTION    SW (240)
  AVERAGE WIND SPEED     8.5


SKY COVER
  POSSIBLE SUNSHINE  MM
  AVERAGE SKY COVER 0.7


WEATHER CONDITIONS
 THE FOLLOWING WEATHER WAS RECORDED YESTERDAY.
  LIGHT RAIN
  FOG


RELATIVE HUMIDITY (PERCENT)
 HIGHEST    96           300 AM
 LOWEST     31           300 PM
 AVERAGE    64

..........................................................


THE ALTURAS CA CLIMATE NORMALS FOR TODAY
                         NORMAL    RECORD    YEAR
 MAXIMUM TEMPERATURE (F)   60        87      1910
 MINIMUM TEMPERATURE (F)   31        14      1985


SUNRISE AND SUNSET
APRIL 24 2017.........SUNRISE   608 AM PDT   SUNSET   753 PM PDT
APRIL 25 2017.........SUNRISE   607 AM PDT   SUNSET   754 PM PDT


-  INDICATES NEGATIVE NUMBERS.
R  INDICATES RECORD WAS SET OR TIED.
MM INDICATES DATA IS MISSING.
T  INDICATES TRACE AMOUNT.




$$
