000
CDUS46 KMFR 220842
CLIAAT


CLIMATE REPORT
NATIONAL WEATHER SERVICE MEDFORD, OR
141 AM PDT FRI AUG 22 2014


...................................

...THE ALTURAS CA CLIMATE SUMMARY FOR AUGUST 21 2014...

CLIMATE NORMAL PERIOD 1981 TO 2010
CLIMATE RECORD PERIOD 1905 TO 2014


WEATHER ITEM   OBSERVED TIME   RECORD YEAR NORMAL DEPARTURE LAST
                VALUE   (LST)  VALUE       VALUE  FROM      YEAR
                                                  NORMAL
..................................................................
TEMPERATURE (F)
 YESTERDAY
  MAXIMUM         86    249 PM 102    1967  85      1       91
  MINIMUM         51    605 AM  31    1918  42      9       53
  AVERAGE         69                        64      5       72

PRECIPITATION (IN)
  YESTERDAY        0.00          0.55 2013   0.02  -0.02     0.55
  MONTH TO DATE    0.46                      0.24   0.22     0.68
  SINCE SEP 1      7.42                     14.05  -6.63     9.45
  SINCE JAN 1      6.28                      9.02  -2.74     5.11

SNOWFALL (IN)
  YESTERDAY       MM                        MM     MM       MM
  MONTH TO DATE   MM                        MM     MM       MM
  SINCE JUL 1     MM                        MM     MM       MM
  SNOW DEPTH      MM

DEGREE DAYS
 HEATING
  YESTERDAY        0                         3     -3        0
  MONTH TO DATE    5                        33    -28       39
  SINCE JUN 1    100                       254   -154      199
  SINCE JUL 1     11                        74    -63       43

 COOLING
  YESTERDAY        4                         1      3        7
  MONTH TO DATE   84                        46     38       39
  SINCE JUN 1    357                       141    216      255
  SINCE JAN 1    357                       141    216      255
..................................................................


WIND (MPH)
  HIGHEST WIND SPEED    23   HIGHEST WIND DIRECTION    NW (300)
  HIGHEST GUST SPEED    31   HIGHEST GUST DIRECTION     W (290)
  AVERAGE WIND SPEED     6.9


SKY COVER
  POSSIBLE SUNSHINE  MM
  AVERAGE SKY COVER 0.2


WEATHER CONDITIONS
 THE FOLLOWING WEATHER WAS RECORDED YESTERDAY.
  NO SIGNIFICANT WEATHER WAS OBSERVED.


RELATIVE HUMIDITY (PERCENT)
 HIGHEST    83           600 AM
 LOWEST     15           600 PM
 AVERAGE    49

..........................................................


THE ALTURAS CA CLIMATE NORMALS FOR TODAY
                         NORMAL    RECORD    YEAR
 MAXIMUM TEMPERATURE (F)   85       100      1967
 MINIMUM TEMPERATURE (F)   42        30      1973


SUNRISE AND SUNSET
AUGUST 22 2014........SUNRISE   618 AM PDT   SUNSET   751 PM PDT
AUGUST 23 2014........SUNRISE   619 AM PDT   SUNSET   750 PM PDT


-  INDICATES NEGATIVE NUMBERS.
R  INDICATES RECORD WAS SET OR TIED.
MM INDICATES DATA IS MISSING.
T  INDICATES TRACE AMOUNT.




$$
