000
CDUS46 KMFR 310036
CLIAAT


CLIMATE REPORT
NATIONAL WEATHER SERVICE MEDFORD, OR
536 PM PDT TUE AUG 30 2016


...................................

...THE ALTURAS CA CLIMATE SUMMARY FOR AUGUST 30 2016...
VALID TODAY AS OF 0500 PM LOCAL TIME.

CLIMATE NORMAL PERIOD 1981 TO 2010
CLIMATE RECORD PERIOD 1905 TO 2016


WEATHER ITEM   OBSERVED TIME   RECORD YEAR NORMAL DEPARTURE LAST
                VALUE   (LST)  VALUE       VALUE  FROM      YEAR
                                                  NORMAL
..................................................................
TEMPERATURE (F)
 TODAY
  MAXIMUM         87    213 PM  98    1950  83      4       77
  MINIMUM         47    544 AM  25    1908  40      7       37
  AVERAGE         67                        61      6       57

PRECIPITATION (IN)
  TODAY            0.00          0.40 1953   0.02  -0.02     0.00
  MONTH TO DATE    T                         0.35  -0.35     0.27
  SINCE OCT 1     13.42                     13.64  -0.22    11.35
  SINCE JAN 1      7.44                      9.13  -1.69     6.84

SNOWFALL (IN)
  TODAY           MM                        MM     MM       MM
  MONTH TO DATE   MM                        MM     MM       MM
  SINCE JUL 1     MM                        MM     MM       MM
  SNOW DEPTH      MM

DEGREE DAYS
 HEATING
  TODAY            0                         4     -4        8
  MONTH TO DATE   16                        65    -49       14
  SINCE JUN 1    174                       286   -112       67
  SINCE JUL 1     56                       106    -50       37

 COOLING
  TODAY            2                         1      1        0
  MONTH TO DATE   94                        55     39       80
  SINCE JUN 1    254                       150    104      314
  SINCE JAN 1    254                       150    104      314
..................................................................


WIND (MPH)
  HIGHEST WIND SPEED    22   HIGHEST WIND DIRECTION     W (250)
  HIGHEST GUST SPEED    33   HIGHEST GUST DIRECTION     W (270)
  AVERAGE WIND SPEED     5.8


SKY COVER
  POSSIBLE SUNSHINE  MM
  AVERAGE SKY COVER 0.0


WEATHER CONDITIONS
 THE FOLLOWING WEATHER WAS RECORDED TODAY.
  NO SIGNIFICANT WEATHER WAS OBSERVED.


RELATIVE HUMIDITY (PERCENT)
 HIGHEST    56           300 AM
 LOWEST     10           300 PM
 AVERAGE    33

..........................................................


THE ALTURAS CA CLIMATE NORMALS FOR TOMORROW
                         NORMAL    RECORD    YEAR
 MAXIMUM TEMPERATURE (F)   82        98      1998
 MINIMUM TEMPERATURE (F)   39        24      1908


SUNRISE AND SUNSET
AUGUST 30 2016........SUNRISE   627 AM PDT   SUNSET   738 PM PDT
AUGUST 31 2016........SUNRISE   628 AM PDT   SUNSET   736 PM PDT


-  INDICATES NEGATIVE NUMBERS.
R  INDICATES RECORD WAS SET OR TIED.
MM INDICATES DATA IS MISSING.
T  INDICATES TRACE AMOUNT.




$$
