000
CDUS41 KPHI 222133
CLIABE


CLIMATE REPORT
NATIONAL WEATHER SERVICE MOUNT HOLLY NJ
430 PM EST MON DEC 22 2014


...................................

...THE ALLENTOWN PA CLIMATE SUMMARY FOR DECEMBER 22 2014...
VALID TODAY AS OF 0400 PM LOCAL TIME.

CLIMATE NORMAL PERIOD 1981 TO 2010
CLIMATE RECORD PERIOD 1922 TO 2014


WEATHER ITEM   OBSERVED TIME   RECORD YEAR NORMAL DEPARTURE LAST
                VALUE   (LST)  VALUE       VALUE  FROM      YEAR
                                                  NORMAL
..................................................................
TEMPERATURE (F)
 TODAY
  MAXIMUM         42    212 PM  65    2013  38      4       65
  MINIMUM         29    112 AM  -2    1944  22      7       37
  AVERAGE         36                        30      6       51

PRECIPITATION (IN)
  TODAY            0.00          1.36 1983   0.11  -0.11     0.16
  MONTH TO DATE    2.49                      2.68  -0.19     2.48
  SINCE DEC 1      2.49                      2.68  -0.19     2.48
  SINCE JAN 1     43.56                     44.45  -0.89    44.39

SNOWFALL (IN)
  TODAY            0.0           2.3  1969   0.2   -0.2      0.0
  MONTH TO DATE    0.6                       3.2   -2.6     13.1
  SINCE DEC 1      0.6                       3.2   -2.6     13.1
  SINCE JUL 1      6.3                       3.9    2.4     13.1
  SNOW DEPTH       0

DEGREE DAYS
 HEATING
  TODAY           29                        35     -6       14
  MONTH TO DATE  630                       693    -63      723
  SINCE DEC 1    630                       693    -63      723
  SINCE JUL 1   1765                      1873   -108     1882

 COOLING
  TODAY            0                         0      0        0
  MONTH TO DATE    0                         0      0        0
  SINCE DEC 1      0                         0      0        0
  SINCE JAN 1    807                       757     50      927
..................................................................


WIND (MPH)
  HIGHEST WIND SPEED     9   HIGHEST WIND DIRECTION    NE (60)
  HIGHEST GUST SPEED    13   HIGHEST GUST DIRECTION    NE (50)
  AVERAGE WIND SPEED     2.4


SKY COVER
  POSSIBLE SUNSHINE  MM
  AVERAGE SKY COVER 1.0


WEATHER CONDITIONS
 THE FOLLOWING WEATHER WAS RECORDED TODAY.
  HAZE


RELATIVE HUMIDITY (PERCENT)
 HIGHEST    85           700 AM
 LOWEST     65           200 PM
 AVERAGE    75

..........................................................


THE ALLENTOWN PA CLIMATE NORMALS FOR TOMORROW
                         NORMAL    RECORD    YEAR
 MAXIMUM TEMPERATURE (F)   38        64      1990
 MINIMUM TEMPERATURE (F)   22        -3      1960


SUNRISE AND SUNSET
DECEMBER 22 2014......SUNRISE   723 AM EST   SUNSET   438 PM EST
DECEMBER 23 2014......SUNRISE   723 AM EST   SUNSET   439 PM EST


-  INDICATES NEGATIVE NUMBERS.
R  INDICATES RECORD WAS SET OR TIED.
MM INDICATES DATA IS MISSING.
T  INDICATES TRACE AMOUNT.




$$
