000
CDUS41 KPHI 310628
CLIABE


CLIMATE REPORT
NATIONAL WEATHER SERVICE MOUNT HOLLY NJ
228 AM EDT FRI OCT 31 2014


...................................

...THE ALLENTOWN PA CLIMATE SUMMARY FOR OCTOBER 30 2014...

CLIMATE NORMAL PERIOD 1981 TO 2010
CLIMATE RECORD PERIOD 1922 TO 2014


WEATHER ITEM   OBSERVED TIME   RECORD YEAR NORMAL DEPARTURE LAST
                VALUE   (LST)  VALUE       VALUE  FROM      YEAR
                                                  NORMAL
..................................................................
TEMPERATURE (F)
 YESTERDAY
  MAXIMUM         57    206 PM  79    1946  59     -2       60
  MINIMUM         33   1159 PM  25    1967  37     -4       40
                                      1966
                                      1962
  AVERAGE         45                        48     -3       50

PRECIPITATION (IN)
  YESTERDAY        0.00          1.50 1935   0.10  -0.10     0.00
  MONTH TO DATE    2.43                      3.77  -1.34     2.37
  SINCE SEP 1      3.96                      8.39  -4.43     4.45
  SINCE JAN 1     37.95                     38.16  -0.21    39.29

SNOWFALL (IN)
  YESTERDAY        0.0           T    2002   0.0    0.0      0.0
  MONTH TO DATE    0.0                       0.0    0.0      0.0
  SINCE SEP 1      0.0                       0.0    0.0      0.0
  SINCE JUL 1      0.0                       0.0    0.0      0.0
  SNOW DEPTH       0

DEGREE DAYS
 HEATING
  YESTERDAY       20                        17      3       15
  MONTH TO DATE  267                       379   -112      298
  SINCE SEP 1    342                       483   -141      418
  SINCE JUL 1    346                       494   -148      422

 COOLING
  YESTERDAY        0                         0      0        0
  MONTH TO DATE   12                         3      9       24
  SINCE SEP 1    120                        74     46      102
  SINCE JAN 1    807                       753     54      927
..................................................................


WIND (MPH)
  HIGHEST WIND SPEED    15   HIGHEST WIND DIRECTION     N (340)
  HIGHEST GUST SPEED    21   HIGHEST GUST DIRECTION     N (340)
  AVERAGE WIND SPEED     4.9


SKY COVER
  POSSIBLE SUNSHINE  MM
  AVERAGE SKY COVER 0.6


WEATHER CONDITIONS
 THE FOLLOWING WEATHER WAS RECORDED YESTERDAY.
  FOG
  FOG W/VISIBILITY <= 1/4 MILE


RELATIVE HUMIDITY (PERCENT)
 HIGHEST   100          1200 AM
 LOWEST     43           300 PM
 AVERAGE    72

..........................................................


THE ALLENTOWN PA CLIMATE NORMALS FOR TODAY
                         NORMAL    RECORD    YEAR
 MAXIMUM TEMPERATURE (F)   59        81      1950
 MINIMUM TEMPERATURE (F)   37        21      1988


SUNRISE AND SUNSET
OCTOBER 31 2014.......SUNRISE   731 AM EDT   SUNSET   559 PM EDT
NOVEMBER  1 2014......SUNRISE   732 AM EDT   SUNSET   558 PM EDT


-  INDICATES NEGATIVE NUMBERS.
R  INDICATES RECORD WAS SET OR TIED.
MM INDICATES DATA IS MISSING.
T  INDICATES TRACE AMOUNT.




$$
