000
CDUS41 KPHI 042130
CLIABE


CLIMATE REPORT
NATIONAL WEATHER SERVICE MOUNT HOLLY NJ
527 PM EDT TUE AUG 4 2015


...................................

...THE ALLENTOWN PA CLIMATE SUMMARY FOR AUGUST 4 2015...
VALID TODAY AS OF 0500 PM LOCAL TIME.

CLIMATE NORMAL PERIOD 1981 TO 2010
CLIMATE RECORD PERIOD 1922 TO 2015


WEATHER ITEM   OBSERVED TIME   RECORD YEAR NORMAL DEPARTURE LAST
                VALUE   (LST)  VALUE       VALUE  FROM      YEAR
                                                  NORMAL
..................................................................
TEMPERATURE (F)
 TODAY
  MAXIMUM         85    359 PM  98    1944  84      1       85
                                      1930
  MINIMUM         65    615 AM  50    1966  62      3       65
  AVERAGE         75                        73      2       75

PRECIPITATION (IN)
  TODAY            0.31          1.62 2003   0.14   0.17     0.00
  MONTH TO DATE    0.32                      0.57  -0.25     0.07
  SINCE JUN 1     13.34                      9.83   3.51     9.79
  SINCE JAN 1     24.95                     26.65  -1.70    32.09

SNOWFALL (IN)
  TODAY            0.0           0.0  2002   0.0    0.0      0.0
                                      2001
  MONTH TO DATE    0.0                       0.0    0.0      0.0
  SINCE JUN 1      0.0                       0.0    0.0      0.0
  SINCE JUL 1      0.0                       0.0    0.0      0.0
  SNOW DEPTH       0

DEGREE DAYS
 HEATING
  TODAY            0                         0      0        0
  MONTH TO DATE    0                         0      0        0
  SINCE JUN 1     21                        36    -15        4
  SINCE JUL 1      0                         3     -3        0

 COOLING
  TODAY           10                         8      2       10
  MONTH TO DATE   38                        32      6       33
  SINCE JUN 1    544                       452     92      494
  SINCE JAN 1    677                       497    180      533
..................................................................


WIND (MPH)
  HIGHEST WIND SPEED    22   HIGHEST WIND DIRECTION     W (270)
  HIGHEST GUST SPEED    29   HIGHEST GUST DIRECTION     W (270)
  AVERAGE WIND SPEED     7.8


SKY COVER
  POSSIBLE SUNSHINE  MM
  AVERAGE SKY COVER 0.1


WEATHER CONDITIONS
 THE FOLLOWING WEATHER WAS RECORDED TODAY.
  THUNDERSTORM
  HEAVY RAIN
  LIGHT RAIN
  FOG


RELATIVE HUMIDITY (PERCENT)
 HIGHEST    93           500 AM
 LOWEST     37           400 PM
 AVERAGE    65

..........................................................


THE ALLENTOWN PA CLIMATE NORMALS FOR TOMORROW
                         NORMAL    RECORD    YEAR
 MAXIMUM TEMPERATURE (F)   84       100      1955
 MINIMUM TEMPERATURE (F)   62        46      1951


SUNRISE AND SUNSET
AUGUST  4 2015........SUNRISE   601 AM EDT   SUNSET   814 PM EDT
AUGUST  5 2015........SUNRISE   602 AM EDT   SUNSET   813 PM EDT


-  INDICATES NEGATIVE NUMBERS.
R  INDICATES RECORD WAS SET OR TIED.
MM INDICATES DATA IS MISSING.
T  INDICATES TRACE AMOUNT.




$$
