000
CDUS41 KPHI 282126
CLIABE


CLIMATE REPORT
NATIONAL WEATHER SERVICE MOUNT HOLLY NJ
526 PM EDT THU APR 28 2016


...................................

...THE ALLENTOWN PA CLIMATE SUMMARY FOR APRIL 28 2016...
VALID TODAY AS OF 0500 PM LOCAL TIME.

CLIMATE NORMAL PERIOD 1981 TO 2010
CLIMATE RECORD PERIOD 1922 TO 2016


WEATHER ITEM   OBSERVED TIME   RECORD YEAR NORMAL DEPARTURE LAST
                VALUE   (LST)  VALUE       VALUE  FROM      YEAR
                                                  NORMAL
..................................................................
TEMPERATURE (F)
 TODAY
  MAXIMUM         58   1222 PM  91    1990  66     -8       69
  MINIMUM         41    252 AM  28    1947  43     -2       47
  AVERAGE         50                        54     -4       58

PRECIPITATION (IN)
  TODAY            0.06          1.70 1928   0.12  -0.06     0.00
  MONTH TO DATE    1.66                      3.33  -1.67     1.77
  SINCE MAR 1      2.62                      6.72  -4.10     6.24
  SINCE JAN 1     11.65                     12.45  -0.80    10.79

SNOWFALL (IN)
  TODAY            0.0           0.0    MM   0.0    0.0      0.0
  MONTH TO DATE    T                         1.0   -1.0       T
  SINCE MAR 1      0.3                       5.9   -5.6     17.8
  SINCE JUL 1     36.2                      32.9    3.3     50.1
  SNOW DEPTH       0

DEGREE DAYS
 HEATING
  TODAY           15                        11      4        7
  MONTH TO DATE  407                       435    -28      398
  SINCE MAR 1    977                      1238   -261     1352
  SINCE JUL 1   4434                      5547  -1113     5833

 COOLING
  TODAY            0                         0      0        0
  MONTH TO DATE    7                         0      7        0
  SINCE MAR 1      9                         0      9        0
  SINCE JAN 1      9                         0      9        0
..................................................................


WIND (MPH)
  HIGHEST WIND SPEED    12   HIGHEST WIND DIRECTION     S (190)
  HIGHEST GUST SPEED    15   HIGHEST GUST DIRECTION     E (110)
  AVERAGE WIND SPEED     4.5


SKY COVER
  POSSIBLE SUNSHINE  MM
  AVERAGE SKY COVER 0.3


WEATHER CONDITIONS
 THE FOLLOWING WEATHER WAS RECORDED TODAY.
  LIGHT RAIN
  FOG


RELATIVE HUMIDITY (PERCENT)
 HIGHEST    93          1200 AM
 LOWEST     28           100 PM
 AVERAGE    61

..........................................................


THE ALLENTOWN PA CLIMATE NORMALS FOR TOMORROW
                         NORMAL    RECORD    YEAR
 MAXIMUM TEMPERATURE (F)   66        86      1974
 MINIMUM TEMPERATURE (F)   43        29      1947


SUNRISE AND SUNSET
APRIL 28 2016.........SUNRISE   604 AM EDT   SUNSET   755 PM EDT
APRIL 29 2016.........SUNRISE   602 AM EDT   SUNSET   756 PM EDT


-  INDICATES NEGATIVE NUMBERS.
R  INDICATES RECORD WAS SET OR TIED.
MM INDICATES DATA IS MISSING.
T  INDICATES TRACE AMOUNT.




$$
