000
CDUS41 KPHI 312129
CLIABE


CLIMATE REPORT
NATIONAL WEATHER SERVICE MOUNT HOLLY NJ
528 PM EDT WED AUG 31 2016


...................................

...THE ALLENTOWN PA CLIMATE SUMMARY FOR AUGUST 31 2016...
VALID TODAY AS OF 0500 PM LOCAL TIME.

CLIMATE NORMAL PERIOD 1981 TO 2010
CLIMATE RECORD PERIOD 1922 TO 2016


WEATHER ITEM   OBSERVED TIME   RECORD YEAR NORMAL DEPARTURE LAST
                VALUE   (LST)  VALUE       VALUE  FROM      YEAR
                                                  NORMAL
..................................................................
TEMPERATURE (F)
 TODAY
  MAXIMUM         88    334 PM  99    1953  80      8       90
  MINIMUM         61    536 AM  41    1934  58      3       68
  AVERAGE         75                        69      6       79

PRECIPITATION (IN)
  TODAY            0.00          2.58 1954   0.11  -0.11     0.00
  MONTH TO DATE    1.93                      3.69  -1.76     2.56
  SINCE JUN 1     10.52                     12.95  -2.43    15.58
  SINCE JAN 1     26.35                     29.77  -3.42    27.19

SNOWFALL (IN)
  TODAY            0.0           0.0  2002   0.0    0.0      0.0
                                      2001
  MONTH TO DATE    0.0                       0.0    0.0      0.0
  SINCE JUN 1      0.0                       0.0    0.0      0.0
  SINCE JUL 1      0.0                       0.0    0.0      0.0
  SNOW DEPTH       0

DEGREE DAYS
 HEATING
  TODAY            0                         1     -1        0
  MONTH TO DATE    0                         4     -4        0
  SINCE JUN 1      9                        44    -35       21
  SINCE JUL 1      0                        11    -11        0

 COOLING
  TODAY           10                         5      5       14
  MONTH TO DATE  366                       214    152      248
  SINCE JUN 1    945                       634    311      754
  SINCE JAN 1   1032                       679    353      887
..................................................................


WIND (MPH)
  HIGHEST WIND SPEED    12   HIGHEST WIND DIRECTION     W (290)
  HIGHEST GUST SPEED    15   HIGHEST GUST DIRECTION     W (290)
  AVERAGE WIND SPEED     3.0


SKY COVER
  POSSIBLE SUNSHINE  MM
  AVERAGE SKY COVER 0.0


WEATHER CONDITIONS
 THE FOLLOWING WEATHER WAS RECORDED TODAY.
  NO SIGNIFICANT WEATHER WAS OBSERVED.


RELATIVE HUMIDITY (PERCENT)
 HIGHEST    90           500 AM
 LOWEST     46           100 PM
 AVERAGE    68

..........................................................


THE ALLENTOWN PA CLIMATE NORMALS FOR TOMORROW
                         NORMAL    RECORD    YEAR
 MAXIMUM TEMPERATURE (F)   80        97      1980
                                             1932
 MINIMUM TEMPERATURE (F)   58        42      1967


SUNRISE AND SUNSET
AUGUST 31 2016........SUNRISE   628 AM EDT   SUNSET   735 PM EDT
SEPTEMBER  1 2016.....SUNRISE   629 AM EDT   SUNSET   733 PM EDT


-  INDICATES NEGATIVE NUMBERS.
R  INDICATES RECORD WAS SET OR TIED.
MM INDICATES DATA IS MISSING.
T  INDICATES TRACE AMOUNT.




$$
