000
CDUS44 KSJT 030756
CLIABI


CLIMATE REPORT
NATIONAL WEATHER SERVICE SAN ANGELO TX
155 AM CST TUE MAR 3 2015


...................................

...THE ABILENE CLIMATE SUMMARY FOR MARCH 2 2015...

CLIMATE NORMAL PERIOD 1981 TO 2010
CLIMATE RECORD PERIOD 1886 TO 2015


WEATHER ITEM   OBSERVED TIME   RECORD YEAR NORMAL DEPARTURE LAST
                VALUE   (LST)  VALUE       VALUE  FROM      YEAR
                                                  NORMAL
..................................................................
TEMPERATURE (F)
 YESTERDAY
  MAXIMUM         38    735 PM  93    1974  64    -26       38
  MINIMUM         30   1041 AM  10    1980  41    -11       15
                                      1922
  AVERAGE         34                        52    -18       27

PRECIPITATION (IN)
  YESTERDAY        0.01          1.16 1886   0.06  -0.05     0.03
  MONTH TO DATE    0.01                      0.11  -0.10     0.03
  SINCE MAR 1      0.01                      0.11  -0.10     0.03
  SINCE JAN 1      3.52                      2.49   1.03     0.52

SNOWFALL (IN)
  YESTERDAY        0.0           0.5  1969   0.0    0.0       T
  MONTH TO DATE    0.0                       0.0    0.0       T
  SINCE NOV 1      3.1                       4.1   -1.0      3.1
  SINCE JUL 1      3.1                       4.1   -1.0      3.1

DEGREE DAYS
 HEATING
  YESTERDAY       31                        13     18       38
  MONTH TO DATE   65                        26     39       41
  SINCE MAR 1     65                        26     39       41
  SINCE JUL 1   2142                      2159    -17     2403

 COOLING
  YESTERDAY        0                         0      0        0
  MONTH TO DATE    0                         0      0        0
  SINCE MAR 1      0                         0      0        0
  SINCE JAN 1      4                         5     -1        5
..................................................................


WIND (MPH)
  HIGHEST WIND SPEED    14   HIGHEST WIND DIRECTION     N (360)
  HIGHEST GUST SPEED    16   HIGHEST GUST DIRECTION     N (10)
  AVERAGE WIND SPEED     6.0


SKY COVER
  POSSIBLE SUNSHINE  MM
  AVERAGE SKY COVER 0.9


WEATHER CONDITIONS
 THE FOLLOWING WEATHER WAS RECORDED YESTERDAY.
  LT FREEZING RAIN
  FOG


RELATIVE HUMIDITY (PERCENT)
 HIGHEST    92           200 AM
 LOWEST     85           400 PM
 AVERAGE    89

..........................................................


THE ABILENE CLIMATE NORMALS FOR TODAY
                         NORMAL    RECORD    YEAR
 MAXIMUM TEMPERATURE (F)   65        90      1974
                                             1902
 MINIMUM TEMPERATURE (F)   41        11      2014
                                             1943


SUNRISE AND SUNSET
MARCH  3 2015.........SUNRISE   704 AM CST   SUNSET   638 PM CST
MARCH  4 2015.........SUNRISE   703 AM CST   SUNSET   638 PM CST


-  INDICATES NEGATIVE NUMBERS.
R  INDICATES RECORD WAS SET OR TIED.
MM INDICATES DATA IS MISSING.
T  INDICATES TRACE AMOUNT.


$$
