000
CDUS44 KSJT 280724
CLIABI


CLIMATE REPORT
NATIONAL WEATHER SERVICE SAN ANGELO TX
223 AM CDT WED SEP 28 2016


...................................

...THE ABILENE CLIMATE SUMMARY FOR SEPTEMBER 27 2016...

CLIMATE NORMAL PERIOD 1981 TO 2010
CLIMATE RECORD PERIOD 1886 TO 2016


WEATHER ITEM   OBSERVED TIME   RECORD YEAR NORMAL DEPARTURE LAST
                VALUE   (LST)  VALUE       VALUE  FROM      YEAR
                                                  NORMAL
..................................................................
TEMPERATURE (F)
 YESTERDAY
  MAXIMUM         75    359 PM 105    1953  83     -8       89
  MINIMUM         56   1133 PM  39    1942  60     -4       61
  AVERAGE         66                        72     -6       75

PRECIPITATION (IN)
  YESTERDAY        0.01          2.53 1927   0.07  -0.06     0.00
  MONTH TO DATE    5.59                      2.03   3.56     1.09
  SINCE SEP 1      5.59                      2.03   3.56     1.09
  SINCE JAN 1     32.70                     18.99  13.71    26.26

DEGREE DAYS
 HEATING
  YESTERDAY        0                         1     -1        0
  MONTH TO DATE    0                         8     -8        0
  SINCE SEP 1      0                         8     -8        0
  SINCE JUL 1      0                         8     -8        0

 COOLING
  YESTERDAY        1                         8     -7       10
  MONTH TO DATE  344                       306     38      439
  SINCE SEP 1    344                       306     38      439
  SINCE JAN 1   2343                      2251     92     2524
..................................................................


WIND (MPH)
  HIGHEST WIND SPEED     8   HIGHEST WIND DIRECTION     S (190)
  HIGHEST GUST SPEED     9   HIGHEST GUST DIRECTION     S (200)
  AVERAGE WIND SPEED     3.2


SKY COVER
  POSSIBLE SUNSHINE  MM
  AVERAGE SKY COVER 0.2


WEATHER CONDITIONS
 THE FOLLOWING WEATHER WAS RECORDED YESTERDAY.
  LIGHT RAIN
  FOG
  HAZE


RELATIVE HUMIDITY (PERCENT)
 HIGHEST    93           500 AM
 LOWEST     33           400 PM
 AVERAGE    63

..........................................................


THE ABILENE CLIMATE NORMALS FOR TODAY
                         NORMAL    RECORD    YEAR
 MAXIMUM TEMPERATURE (F)   83       102      2005
                                             1953
 MINIMUM TEMPERATURE (F)   60        40      1996
                                             1908


SUNRISE AND SUNSET
SEPTEMBER 28 2016.....SUNRISE   731 AM CDT   SUNSET   727 PM CDT
SEPTEMBER 29 2016.....SUNRISE   732 AM CDT   SUNSET   725 PM CDT


-  INDICATES NEGATIVE NUMBERS.
R  INDICATES RECORD WAS SET OR TIED.
MM INDICATES DATA IS MISSING.
T  INDICATES TRACE AMOUNT.




$$
