000
CDUS44 KSJT 210800
CLIABI


CLIMATE REPORT
NATIONAL WEATHER SERVICE SAN ANGELO TX
158 AM CST FRI NOV 21 2014


...................................

...THE ABILENE CLIMATE SUMMARY FOR NOVEMBER 20 2014...

CLIMATE NORMAL PERIOD 1981 TO 2010
CLIMATE RECORD PERIOD 1886 TO 2014


WEATHER ITEM   OBSERVED TIME   RECORD YEAR NORMAL DEPARTURE LAST
                VALUE   (LST)  VALUE       VALUE  FROM      YEAR
                                                  NORMAL
..................................................................
TEMPERATURE (F)
 YESTERDAY
  MAXIMUM         72    434 PM  89    1996  64      8       73
  MINIMUM         47    239 AM  22    1937  41      6       57
  AVERAGE         60                        53      7       65

PRECIPITATION (IN)
  YESTERDAY        0.00          1.92 1933   0.04  -0.04     0.00
  MONTH TO DATE    2.12                      1.03   1.09     0.02
  SINCE SEP 1      3.67                      6.25  -2.58     4.60
  SINCE JAN 1     14.17                     23.21  -9.04    20.93

SNOWFALL (IN)
  YESTERDAY        0.0           0.0  2002   0.1   -0.1      0.0
  MONTH TO DATE    0.1                       0.4   -0.3      0.0
  SINCE NOV 1      0.1                       0.4   -0.3      0.0
  SINCE JUL 1      0.1                       0.4   -0.3      0.0

DEGREE DAYS
 HEATING
  YESTERDAY        5                        13     -8        0
  MONTH TO DATE  296                       182    114      152
  SINCE SEP 1    323                       286     37      231
  SINCE JUL 1    323                       286     37      231

 COOLING
  YESTERDAY        0                         0      0        0
  MONTH TO DATE    9                        15     -6       13
  SINCE SEP 1    635                       459    176      568
  SINCE JAN 1   2819                      2404    415     2722
..................................................................


WIND (MPH)
  HIGHEST WIND SPEED    23   HIGHEST WIND DIRECTION    SW (210)
  HIGHEST GUST SPEED    29   HIGHEST GUST DIRECTION    SW (220)
  AVERAGE WIND SPEED    11.8


SKY COVER
  POSSIBLE SUNSHINE  MM
  AVERAGE SKY COVER 0.1


WEATHER CONDITIONS
 THE FOLLOWING WEATHER WAS RECORDED YESTERDAY.
  NO SIGNIFICANT WEATHER WAS OBSERVED.


RELATIVE HUMIDITY (PERCENT)
 HIGHEST    80           700 AM
 LOWEST     34           400 PM
 AVERAGE    57

..........................................................


THE ABILENE CLIMATE NORMALS FOR TODAY
                         NORMAL    RECORD    YEAR
 MAXIMUM TEMPERATURE (F)   64        83      1897
 MINIMUM TEMPERATURE (F)   41        20      1906


SUNRISE AND SUNSET
NOVEMBER 21 2014......SUNRISE   714 AM CST   SUNSET   535 PM CST
NOVEMBER 22 2014......SUNRISE   714 AM CST   SUNSET   535 PM CST


-  INDICATES NEGATIVE NUMBERS.
R  INDICATES RECORD WAS SET OR TIED.
MM INDICATES DATA IS MISSING.
T  INDICATES TRACE AMOUNT.




$$
