000
CDUS44 KSJT 310701
CLIABI


CLIMATE REPORT
NATIONAL WEATHER SERVICE SAN ANGELO TX
159 AM CDT FRI JUL 31 2015


...................................

...THE ABILENE CLIMATE SUMMARY FOR JULY 30 2015...

CLIMATE NORMAL PERIOD 1981 TO 2010
CLIMATE RECORD PERIOD 1886 TO 2015


WEATHER ITEM   OBSERVED TIME   RECORD YEAR NORMAL DEPARTURE LAST
                VALUE   (LST)  VALUE       VALUE  FROM      YEAR
                                                  NORMAL
..................................................................
TEMPERATURE (F)
 YESTERDAY
  MAXIMUM        101    243 PM 106    1912  95      6       98
  MINIMUM         75    552 AM  63    1972  73      2       73
                                      1971
  AVERAGE         88                        84      4       86

PRECIPITATION (IN)
  YESTERDAY        0.04          1.81 1990   0.06  -0.02     0.06
  MONTH TO DATE    8.30                      1.81   6.49     2.46
  SINCE JUN 1     11.92                      5.37   6.55     6.21
  SINCE JAN 1     24.55                     14.31  10.24    10.20

DEGREE DAYS
 HEATING
  YESTERDAY        0                         0      0        0
  MONTH TO DATE    0                         0      0        0
  SINCE JUN 1      0                         1     -1        0
  SINCE JUL 1      0                         0      0        0

 COOLING
  YESTERDAY       23                        19      4       21
  MONTH TO DATE  582                       543     39      570
  SINCE JUN 1   1048                       978     70     1037
  SINCE JAN 1   1437                      1375     62     1551
..................................................................


WIND (MPH)
  HIGHEST WIND SPEED    17   HIGHEST WIND DIRECTION     E (80)
  HIGHEST GUST SPEED    24   HIGHEST GUST DIRECTION    NE (60)
  AVERAGE WIND SPEED     7.0


SKY COVER
  POSSIBLE SUNSHINE  MM
  AVERAGE SKY COVER 0.1


WEATHER CONDITIONS
 THE FOLLOWING WEATHER WAS RECORDED YESTERDAY.
  RAIN


RELATIVE HUMIDITY (PERCENT)
 HIGHEST    64           500 AM
 LOWEST     27           300 PM
 AVERAGE    46

..........................................................


THE ABILENE CLIMATE NORMALS FOR TODAY
                         NORMAL    RECORD    YEAR
 MAXIMUM TEMPERATURE (F)   95       105      2012
                                             1986
 MINIMUM TEMPERATURE (F)   73        54      1911


SUNRISE AND SUNSET
JULY 31 2015..........SUNRISE   652 AM CDT   SUNSET   837 PM CDT
AUGUST  1 2015........SUNRISE   653 AM CDT   SUNSET   837 PM CDT


-  INDICATES NEGATIVE NUMBERS.
R  INDICATES RECORD WAS SET OR TIED.
MM INDICATES DATA IS MISSING.
T  INDICATES TRACE AMOUNT.




$$
