000
CDUS44 KSJT 140652
CLIABI


CLIMATE REPORT
NATIONAL WEATHER SERVICE SAN ANGELO TX
151 AM CDT MON JUL 14 2014


...................................

...THE ABILENE CLIMATE SUMMARY FOR JULY 13 2014...

CLIMATE NORMAL PERIOD 1981 TO 2010
CLIMATE RECORD PERIOD 1886 TO 2014


WEATHER ITEM   OBSERVED TIME   RECORD YEAR NORMAL DEPARTURE LAST
                VALUE   (LST)  VALUE       VALUE  FROM      YEAR
                                                  NORMAL
..................................................................
TEMPERATURE (F)
 YESTERDAY
  MAXIMUM         99    243 PM 108    1933  94      5      102
  MINIMUM         71    537 AM  62    1964  72     -1       75
  AVERAGE         85                        83      2       89

PRECIPITATION (IN)
  YESTERDAY        0.00          3.66 1949   0.06  -0.06     0.00
  MONTH TO DATE    0.27                      0.84  -0.57      T
  SINCE JUN 1      4.02                      4.40  -0.38     5.13
  SINCE JAN 1      8.01                     13.34  -5.33    11.35

DEGREE DAYS
 HEATING
  YESTERDAY        0                         0      0        0
  MONTH TO DATE    0                         0      0        0
  SINCE JUN 1      0                         1     -1        0
  SINCE JUL 1      0                         0      0        0

 COOLING
  YESTERDAY       20                        18      2       24
  MONTH TO DATE  248                       227     21      248
  SINCE JUN 1    715                       662     53      772
  SINCE JAN 1   1229                      1059    170     1253
..................................................................


WIND (MPH)
  HIGHEST WIND SPEED    16   HIGHEST WIND DIRECTION     S (170)
  HIGHEST GUST SPEED    21   HIGHEST GUST DIRECTION     S (180)
  AVERAGE WIND SPEED     7.7


SKY COVER
  POSSIBLE SUNSHINE  MM
  AVERAGE SKY COVER 0.1


WEATHER CONDITIONS
 THE FOLLOWING WEATHER WAS RECORDED YESTERDAY.
  NO SIGNIFICANT WEATHER WAS OBSERVED.


RELATIVE HUMIDITY (PERCENT)
 HIGHEST    64           700 AM
 LOWEST     25           500 PM
 AVERAGE    45

..........................................................


THE ABILENE CLIMATE NORMALS FOR TODAY
                         NORMAL    RECORD    YEAR
 MAXIMUM TEMPERATURE (F)   94       109      1933
 MINIMUM TEMPERATURE (F)   72        57      1990


SUNRISE AND SUNSET
JULY 14 2014..........SUNRISE   642 AM CDT   SUNSET   847 PM CDT
JULY 15 2014..........SUNRISE   642 AM CDT   SUNSET   847 PM CDT


-  INDICATES NEGATIVE NUMBERS.
R  INDICATES RECORD WAS SET OR TIED.
MM INDICATES DATA IS MISSING.
T  INDICATES TRACE AMOUNT.




$$
