000
CDUS44 KSJT 290712
CLIABI


CLIMATE REPORT
NATIONAL WEATHER SERVICE SAN ANGELO TX
208 AM CDT MON AUG 29 2016


...................................

...THE ABILENE CLIMATE SUMMARY FOR AUGUST 28 2016...

CLIMATE NORMAL PERIOD 1981 TO 2010
CLIMATE RECORD PERIOD 1886 TO 2016


WEATHER ITEM   OBSERVED TIME   RECORD YEAR NORMAL DEPARTURE LAST
                VALUE   (LST)  VALUE       VALUE  FROM      YEAR
                                                  NORMAL
..................................................................
TEMPERATURE (F)
 YESTERDAY
  MAXIMUM         87   1226 PM 107    2011  92     -5       99
  MINIMUM         70    649 AM  50    1992  70      0       71
  AVERAGE         79                        81     -2       85

PRECIPITATION (IN)
  YESTERDAY        0.68          2.89 1974   0.09   0.59     0.00
  MONTH TO DATE    5.27                      2.32   2.95     0.62
  SINCE JUN 1      9.04                      7.75   1.29    12.54
  SINCE JAN 1     26.84                     16.69  10.15    25.17

DEGREE DAYS
 HEATING
  YESTERDAY        0                         0      0        0
  MONTH TO DATE    0                         0      0        0
  SINCE JUN 1      0                         1     -1        0
  SINCE JUL 1      0                         0      0        0

 COOLING
  YESTERDAY       14                        16     -2       20
  MONTH TO DATE  516                       506     10      575
  SINCE JUN 1   1647                      1502    145     1647
  SINCE JAN 1   1956                      1899     57     2036
..................................................................


WIND (MPH)
  HIGHEST WIND SPEED    31   HIGHEST WIND DIRECTION     E (80)
  HIGHEST GUST SPEED    37   HIGHEST GUST DIRECTION     E (80)
  AVERAGE WIND SPEED     6.6


SKY COVER
  POSSIBLE SUNSHINE  MM
  AVERAGE SKY COVER 0.2


WEATHER CONDITIONS
 THE FOLLOWING WEATHER WAS RECORDED YESTERDAY.
  HEAVY RAIN
  RAIN
  LIGHT RAIN
  FOG
  HAZE


RELATIVE HUMIDITY (PERCENT)
 HIGHEST    93          1200 AM
 LOWEST     61          1200 PM
 AVERAGE    77

..........................................................


THE ABILENE CLIMATE NORMALS FOR TODAY
                         NORMAL    RECORD    YEAR
 MAXIMUM TEMPERATURE (F)   92       104      2011
 MINIMUM TEMPERATURE (F)   70        58      1917


SUNRISE AND SUNSET
AUGUST 29 2016........SUNRISE   712 AM CDT   SUNSET   806 PM CDT
AUGUST 30 2016........SUNRISE   713 AM CDT   SUNSET   805 PM CDT


-  INDICATES NEGATIVE NUMBERS.
R  INDICATES RECORD WAS SET OR TIED.
MM INDICATES DATA IS MISSING.
T  INDICATES TRACE AMOUNT.




$$
