000
CDUS44 KSJT 300654
CLIABI


CLIMATE REPORT
NATIONAL WEATHER SERVICE SAN ANGELO TX
153 AM CDT THU OCT 30 2014


...................................

...THE ABILENE CLIMATE SUMMARY FOR OCTOBER 29 2014...

CLIMATE NORMAL PERIOD 1981 TO 2010
CLIMATE RECORD PERIOD 1886 TO 2014


WEATHER ITEM   OBSERVED TIME   RECORD YEAR NORMAL DEPARTURE LAST
                VALUE   (LST)  VALUE       VALUE  FROM      YEAR
                                                  NORMAL
..................................................................
TEMPERATURE (F)
 YESTERDAY
  MAXIMUM         78    425 PM  89    1943  73      5       82
  MINIMUM         49    612 AM  26    1917  50     -1       69
  AVERAGE         64                        62      2       76

PRECIPITATION (IN)
  YESTERDAY        0.00          1.37 1976   0.08  -0.08     0.00
  MONTH TO DATE    0.78                      2.82  -2.04     1.40
  SINCE SEP 1      1.55                      5.06  -3.51     4.58
  SINCE JAN 1     12.05                     22.02  -9.97    20.91

SNOWFALL (IN)
  YESTERDAY        0.0           0.3  1993   0.0    0.0      0.0
  MONTH TO DATE    0.0                       0.0    0.0      0.0
  SINCE NOV 1      3.1                       4.7   -1.6      1.1
  SINCE JUL 1      0.0                       0.0    0.0      0.0

DEGREE DAYS
 HEATING
  YESTERDAY        1                         5     -4        0
  MONTH TO DATE   15                        81    -66       76
  SINCE SEP 1     20                        92    -72       76
  SINCE JUL 1     20                        92    -72       76

 COOLING
  YESTERDAY        0                         2     -2       11
  MONTH TO DATE  222                       113    109      133
  SINCE SEP 1    620                       439    181      548
  SINCE JAN 1   2804                      2384    420     2702
..................................................................


WIND (MPH)
  HIGHEST WIND SPEED    13   HIGHEST WIND DIRECTION    SE (140)
  HIGHEST GUST SPEED    17   HIGHEST GUST DIRECTION    SE (150)
  AVERAGE WIND SPEED     4.7


SKY COVER
  POSSIBLE SUNSHINE  MM
  AVERAGE SKY COVER 0.0


WEATHER CONDITIONS
 THE FOLLOWING WEATHER WAS RECORDED YESTERDAY.
  NO SIGNIFICANT WEATHER WAS OBSERVED.


RELATIVE HUMIDITY (PERCENT)
 HIGHEST    71           600 AM
 LOWEST     30           400 PM
 AVERAGE    51

..........................................................


THE ABILENE CLIMATE NORMALS FOR TODAY
                         NORMAL    RECORD    YEAR
 MAXIMUM TEMPERATURE (F)   73        89      1968
 MINIMUM TEMPERATURE (F)   50        23      1917


SUNRISE AND SUNSET
OCTOBER 30 2014.......SUNRISE   754 AM CDT   SUNSET   650 PM CDT
OCTOBER 31 2014.......SUNRISE   755 AM CDT   SUNSET   649 PM CDT


-  INDICATES NEGATIVE NUMBERS.
R  INDICATES RECORD WAS SET OR TIED.
MM INDICATES DATA IS MISSING.
T  INDICATES TRACE AMOUNT.




$$
