000
CDUS44 KSJT 260701
CLIABI


CLIMATE REPORT
NATIONAL WEATHER SERVICE SAN ANGELO TX
200 AM CDT TUE JUL 26 2016


...................................

...THE ABILENE CLIMATE SUMMARY FOR JULY 25 2016...

CLIMATE NORMAL PERIOD 1981 TO 2010
CLIMATE RECORD PERIOD 1886 TO 2016


WEATHER ITEM   OBSERVED TIME   RECORD YEAR NORMAL DEPARTURE LAST
                VALUE   (LST)  VALUE       VALUE  FROM      YEAR
                                                  NORMAL
..................................................................
TEMPERATURE (F)
 YESTERDAY
  MAXIMUM        100    407 PM 105    2011  95      5       98
                                      1954
  MINIMUM         76    514 AM  63    2004  73      3       74
  AVERAGE         88                        84      4       86

PRECIPITATION (IN)
  YESTERDAY        0.06          0.89 1985   0.06   0.00     0.00
                                      1908
  MONTH TO DATE    0.46                      1.52  -1.06     8.26
  SINCE JUN 1      3.59                      5.08  -1.49    11.88
  SINCE JAN 1     21.39                     14.02   7.37    24.51

DEGREE DAYS
 HEATING
  YESTERDAY        0                         0      0        0
  MONTH TO DATE    0                         0      0        0
  SINCE JUN 1      0                         1     -1        0
  SINCE JUL 1      0                         0      0        0

 COOLING
  YESTERDAY       23                        19      4       21
  MONTH TO DATE  557                       448    109      467
  SINCE JUN 1   1010                       883    127      933
  SINCE JAN 1   1319                      1280     39     1322
..................................................................


WIND (MPH)
  HIGHEST WIND SPEED    23   HIGHEST WIND DIRECTION    SE (120)
  HIGHEST GUST SPEED    28   HIGHEST GUST DIRECTION    SE (130)
  AVERAGE WIND SPEED     9.1


SKY COVER
  POSSIBLE SUNSHINE  MM
  AVERAGE SKY COVER 0.1


WEATHER CONDITIONS
 THE FOLLOWING WEATHER WAS RECORDED YESTERDAY.
  LIGHT RAIN


RELATIVE HUMIDITY (PERCENT)
 HIGHEST    69           500 AM
 LOWEST     31           400 PM
 AVERAGE    50

..........................................................


THE ABILENE CLIMATE NORMALS FOR TODAY
                         NORMAL    RECORD    YEAR
 MAXIMUM TEMPERATURE (F)   95       107      1954
 MINIMUM TEMPERATURE (F)   73        63      2004
                                             1911


SUNRISE AND SUNSET
JULY 26 2016..........SUNRISE   650 AM CDT   SUNSET   840 PM CDT
JULY 27 2016..........SUNRISE   650 AM CDT   SUNSET   840 PM CDT


-  INDICATES NEGATIVE NUMBERS.
R  INDICATES RECORD WAS SET OR TIED.
MM INDICATES DATA IS MISSING.
T  INDICATES TRACE AMOUNT.




$$
