000
CDUS44 KSJT 260753
CLIABI


CLIMATE REPORT
NATIONAL WEATHER SERVICE SAN ANGELO TX
152 AM CST WED NOV 26 2014


...................................

...THE ABILENE CLIMATE SUMMARY FOR NOVEMBER 25 2014...

CLIMATE NORMAL PERIOD 1981 TO 2010
CLIMATE RECORD PERIOD 1886 TO 2014


WEATHER ITEM   OBSERVED TIME   RECORD YEAR NORMAL DEPARTURE LAST
                VALUE   (LST)  VALUE       VALUE  FROM      YEAR
                                                  NORMAL
..................................................................
TEMPERATURE (F)
 YESTERDAY
  MAXIMUM         60    352 PM  90    1965  62     -2       37
  MINIMUM         32    414 AM  23    1993  39     -7       28
  AVERAGE         46                        51     -5       33

PRECIPITATION (IN)
  YESTERDAY        0.00          1.43 1986   0.04  -0.04     0.01
  MONTH TO DATE    2.44                      1.22   1.22     1.17
  SINCE SEP 1      3.99                      6.44  -2.45     5.75
  SINCE JAN 1     14.49                     23.40  -8.91    22.08

SNOWFALL (IN)
  YESTERDAY        0.0           3.5  2007   0.0    0.0      0.0
  MONTH TO DATE    0.1                       0.5   -0.4      0.5
  SINCE NOV 1      0.1                       0.5   -0.4      0.5
  SINCE JUL 1      0.1                       0.5   -0.4      0.5

DEGREE DAYS
 HEATING
  YESTERDAY       19                        15      4       32
  MONTH TO DATE  346                       251     95      293
  SINCE SEP 1    373                       355     18      372
  SINCE JUL 1    373                       355     18      372

 COOLING
  YESTERDAY        0                         0      0        0
  MONTH TO DATE    9                        15     -6       13
  SINCE SEP 1    635                       459    176      568
  SINCE JAN 1   2819                      2404    415     2722
..................................................................


WIND (MPH)
  HIGHEST WIND SPEED    20   HIGHEST WIND DIRECTION    SW (210)
  HIGHEST GUST SPEED    25   HIGHEST GUST DIRECTION     W (260)
  AVERAGE WIND SPEED     8.3


SKY COVER
  POSSIBLE SUNSHINE  MM
  AVERAGE SKY COVER 0.0


WEATHER CONDITIONS
 THE FOLLOWING WEATHER WAS RECORDED YESTERDAY.
  NO SIGNIFICANT WEATHER WAS OBSERVED.


RELATIVE HUMIDITY (PERCENT)
 HIGHEST    82           500 AM
 LOWEST     19           400 PM
 AVERAGE    51

..........................................................


THE ABILENE CLIMATE NORMALS FOR TODAY
                         NORMAL    RECORD    YEAR
 MAXIMUM TEMPERATURE (F)   62        86      1965
 MINIMUM TEMPERATURE (F)   39        16      1993


SUNRISE AND SUNSET
NOVEMBER 26 2014......SUNRISE   718 AM CST   SUNSET   534 PM CST
NOVEMBER 27 2014......SUNRISE   719 AM CST   SUNSET   534 PM CST


-  INDICATES NEGATIVE NUMBERS.
R  INDICATES RECORD WAS SET OR TIED.
MM INDICATES DATA IS MISSING.
T  INDICATES TRACE AMOUNT.




$$
