000
CDUS45 KABQ 270828
CLIABQ


CLIMATE REPORT
NATIONAL WEATHER SERVICE ALBUQUERQUE NM
127 AM MST SAT DEC 27 2014


...................................

...THE ALBUQUERQUE  NM CLIMATE SUMMARY FOR DECEMBER 26 2014...

CLIMATE NORMAL PERIOD 1981 TO 2010
CLIMATE RECORD PERIOD 1897 TO 2014


WEATHER ITEM   OBSERVED TIME   RECORD YEAR NORMAL DEPARTURE LAST
                VALUE   (LST)  VALUE       VALUE  FROM      YEAR
                                                  NORMAL
..................................................................
TEMPERATURE (F)
 YESTERDAY
  MAXIMUM         37    305 PM  63    2005  45     -8       47
                                      1969
                                      1933
  MINIMUM         21   1159 PM -16    1911  26     -5       23
  AVERAGE         29                        35     -6       35

PRECIPITATION (IN)
  YESTERDAY        0.03          0.34 1944   0.02   0.01
  MONTH TO DATE    1.14                      0.43   0.71
  SINCE DEC 1      1.14                      0.43   0.71
  SINCE JAN 1      8.81                      9.38  -0.57

SNOWFALL (IN)
  YESTERDAY        0.3
  MONTH TO DATE    1.2
  SINCE DEC 1      1.2
  SINCE JUL 1      1.2
  SNOW DEPTH       T

DEGREE DAYS
 HEATING
  YESTERDAY       36                        30      6       30
  MONTH TO DATE  592                       741   -149      759
  SINCE DEC 1    592                       741   -149      759
  SINCE JUL 1   1275                      1608   -333     1649

 COOLING
  YESTERDAY        0                         0      0        0
  MONTH TO DATE    0                         0      0        0
  SINCE DEC 1      0                         0      0        0
  SINCE JAN 1   1444                      1322    122     1565
..................................................................


WIND (MPH)
  HIGHEST WIND SPEED    26   HIGHEST WIND DIRECTION     W (270)
  HIGHEST GUST SPEED    35   HIGHEST GUST DIRECTION     W (270)
  AVERAGE WIND SPEED     9.7


SKY COVER
  POSSIBLE SUNSHINE  MM
  AVERAGE SKY COVER 0.5


WEATHER CONDITIONS
 THE FOLLOWING WEATHER WAS RECORDED YESTERDAY.
  RAIN
  LIGHT SNOW
  FOG
  FOG W/VISIBILITY <= 1/4 MILE


RELATIVE HUMIDITY (PERCENT)
 HIGHEST   100           500 AM
 LOWEST     32           300 PM
 AVERAGE    66

..........................................................


THE ALBUQUERQUE  NM CLIMATE NORMALS FOR TODAY
                         NORMAL    RECORD    YEAR
 MAXIMUM TEMPERATURE (F)   45        65      1980
                                             1933
 MINIMUM TEMPERATURE (F)   26        -9      1911


SUNRISE AND SUNSET
DECEMBER 27 2014......SUNRISE   713 AM MST   SUNSET   502 PM MST
DECEMBER 28 2014......SUNRISE   714 AM MST   SUNSET   503 PM MST


-  INDICATES NEGATIVE NUMBERS.
R  INDICATES RECORD WAS SET OR TIED.
MM INDICATES DATA IS MISSING.
T  INDICATES TRACE AMOUNT.




$$
