000
CDUS45 KABQ 010015
CLIABQ


CLIMATE REPORT
NATIONAL WEATHER SERVICE ALBUQUERQUE NM
613 PM MDT THU JUL 31 2014


...................................

...THE ALBUQUERQUE  NM CLIMATE SUMMARY FOR JULY 31 2014...
VALID TODAY AS OF 0500 PM LOCAL TIME.

CLIMATE NORMAL PERIOD 1981 TO 2010
CLIMATE RECORD PERIOD 1897 TO 2014


WEATHER ITEM   OBSERVED TIME   RECORD YEAR NORMAL DEPARTURE LAST
                VALUE   (LST)  VALUE       VALUE  FROM      YEAR
                                                  NORMAL
..................................................................
TEMPERATURE (F)
 TODAY
  MAXIMUM         82    243 PM 103    1972  89     -7       94
  MINIMUM         63    529 AM  49    1911  66     -3       73
  AVERAGE         73                        78     -5       84

PRECIPITATION (IN)
  TODAY            0.05          1.07 2006   0.06  -0.01
  MONTH TO DATE    3.46                      1.50   1.96
  SINCE JUN 1      3.57                      2.16   1.41
  SINCE JAN 1      4.58                      4.70  -0.12

SNOWFALL (IN)
  TODAY            0.0
  MONTH TO DATE    0.0
  SINCE JUN 1      0.0
  SINCE JUL 1      0.0
  SNOW DEPTH       0

DEGREE DAYS
 HEATING
  TODAY            0                         0      0        0
  MONTH TO DATE    0                         0      0        0
  SINCE JUN 1      0                         4     -4        0
  SINCE JUL 1      0                         0      0        0

 COOLING
  TODAY            8                        12     -4       19
  MONTH TO DATE  439                       411     28      406
  SINCE JUN 1    825                       713    112      861
  SINCE JAN 1    937                       811    126      978
..................................................................


WIND (MPH)
  HIGHEST WIND SPEED    31   HIGHEST WIND DIRECTION    SE (140)
  HIGHEST GUST SPEED    39   HIGHEST GUST DIRECTION     W (280)
  AVERAGE WIND SPEED     8.1


SKY COVER
  POSSIBLE SUNSHINE  MM
  AVERAGE SKY COVER 0.6



RELATIVE HUMIDITY (PERCENT)
 HIGHEST    78           500 AM
 LOWEST     42           300 PM
 AVERAGE    60

..........................................................


THE ALBUQUERQUE  NM CLIMATE NORMALS FOR TOMORROW
                         NORMAL    RECORD    YEAR
 MAXIMUM TEMPERATURE (F)   88       101      1938
                                             1934
 MINIMUM TEMPERATURE (F)   66        47      1911


SUNRISE AND SUNSET
JULY 31 2014..........SUNRISE   615 AM MDT   SUNSET   810 PM MDT
AUGUST  1 2014........SUNRISE   616 AM MDT   SUNSET   809 PM MDT


-  INDICATES NEGATIVE NUMBERS.
R  INDICATES RECORD WAS SET OR TIED.
MM INDICATES DATA IS MISSING.
T  INDICATES TRACE AMOUNT.




$$
