000
CDUS45 KABQ 190831
CLIABQ


CLIMATE REPORT
NATIONAL WEATHER SERVICE ALBUQUERQUE NM
131 AM MST THU JAN 19 2017


...................................

...THE ALBUQUERQUE  NM CLIMATE SUMMARY FOR JANUARY 18 2017...

CLIMATE NORMAL PERIOD 1981 TO 2010
CLIMATE RECORD PERIOD 1891 TO 2017


WEATHER ITEM   OBSERVED TIME   RECORD YEAR NORMAL DEPARTURE LAST
                VALUE   (LST)  VALUE       VALUE  FROM      YEAR
                                                  NORMAL
..................................................................
TEMPERATURE (F)
 YESTERDAY
  MAXIMUM         47    319 PM  65    1906  47      0       51
  MINIMUM         34    318 AM  -1    1915  26      8       24
  AVERAGE         41                        36      5       38

PRECIPITATION (IN)
  YESTERDAY        0.01          0.50 1979   0.01   0.00
  MONTH TO DATE    0.87                      0.22   0.65
  SINCE DEC 1      1.38                      0.72   0.66
  SINCE JAN 1      0.87                      0.22   0.65

SNOWFALL (IN)
  YESTERDAY        0.0
  MONTH TO DATE    0.6
  SINCE DEC 1      0.7
  SINCE JUL 1      0.8
  SNOW DEPTH       0

DEGREE DAYS
 HEATING
  YESTERDAY       24                        29     -5       27
  MONTH TO DATE  421                       526   -105      557
  SINCE DEC 1   1212                      1416   -204     1422
  SINCE JUL 1   1789                      2283   -494     2139

 COOLING
  YESTERDAY        0                         0      0        0
  MONTH TO DATE    0                         0      0        0
  SINCE DEC 1      0                         0      0        0
  SINCE JAN 1      0                         0      0        0
..................................................................


WIND (MPH)
  HIGHEST WIND SPEED    10   HIGHEST WIND DIRECTION     N (10)
  HIGHEST GUST SPEED    14   HIGHEST GUST DIRECTION    SW (240)
  AVERAGE WIND SPEED     4.3


SKY COVER
  POSSIBLE SUNSHINE  MM
  AVERAGE SKY COVER 0.7


WEATHER CONDITIONS
 THE FOLLOWING WEATHER WAS RECORDED YESTERDAY.
  LIGHT RAIN
  SLEET


RELATIVE HUMIDITY (PERCENT)
 HIGHEST   100           300 AM
 LOWEST     60           600 PM
 AVERAGE    80

..........................................................


THE ALBUQUERQUE  NM CLIMATE NORMALS FOR TODAY
                         NORMAL    RECORD    YEAR
 MAXIMUM TEMPERATURE (F)   47        67      2000
 MINIMUM TEMPERATURE (F)   26         0      1987


SUNRISE AND SUNSET
JANUARY 19 2017.......SUNRISE   713 AM MST   SUNSET   522 PM MST
JANUARY 20 2017.......SUNRISE   712 AM MST   SUNSET   523 PM MST


-  INDICATES NEGATIVE NUMBERS.
R  INDICATES RECORD WAS SET OR TIED.
MM INDICATES DATA IS MISSING.
T  INDICATES TRACE AMOUNT.




$$
