000
CDUS45 KABQ 260829
CLIABQ


CLIMATE REPORT
NATIONAL WEATHER SERVICE ALBUQUERQUE NM
227 AM MDT SAT JUL 26 2014


...................................

...THE ALBUQUERQUE  NM CLIMATE SUMMARY FOR JULY 25 2014...

CLIMATE NORMAL PERIOD 1981 TO 2010
CLIMATE RECORD PERIOD 1897 TO 2014


WEATHER ITEM   OBSERVED TIME   RECORD YEAR NORMAL DEPARTURE LAST
                VALUE   (LST)  VALUE       VALUE  FROM      YEAR
                                                  NORMAL
..................................................................
TEMPERATURE (F)
 YESTERDAY
  MAXIMUM         97    444 PM 103    1963  89      8       85
  MINIMUM         71    607 AM  53    1904  67      4       65
  AVERAGE         84                        78      6       75

PRECIPITATION (IN)
  YESTERDAY        0.00          1.22 1927   0.06  -0.06
  MONTH TO DATE    2.26                      1.16   1.10
  SINCE JUN 1      2.37                      1.82   0.55
  SINCE JAN 1      3.38                      4.36  -0.98

SNOWFALL (IN)
  YESTERDAY        0.0
  MONTH TO DATE    0.0
  SINCE JUN 1      0.0
  SINCE JUL 1      0.0
  SNOW DEPTH       0

DEGREE DAYS
 HEATING
  YESTERDAY        0                         0      0        0
  MONTH TO DATE    0                         0      0        0
  SINCE JUN 1      0                         4     -4        0
  SINCE JUL 1      0                         0      0        0

 COOLING
  YESTERDAY       19                        13      6       10
  MONTH TO DATE  355                       336     19      329
  SINCE JUN 1    741                       638    103      784
  SINCE JAN 1    853                       736    117      901
..................................................................


WIND (MPH)
  HIGHEST WIND SPEED    15   HIGHEST WIND DIRECTION     W (280)
  HIGHEST GUST SPEED    19   HIGHEST GUST DIRECTION     W (260)
  AVERAGE WIND SPEED     6.2


SKY COVER
  POSSIBLE SUNSHINE  MM
  AVERAGE SKY COVER 0.2


WEATHER CONDITIONS
 THE FOLLOWING WEATHER WAS RECORDED YESTERDAY.
  NO SIGNIFICANT WEATHER WAS OBSERVED.


RELATIVE HUMIDITY (PERCENT)
 HIGHEST    35           600 AM
 LOWEST     14           400 PM
 AVERAGE    25

..........................................................


THE ALBUQUERQUE  NM CLIMATE NORMALS FOR TODAY
                         NORMAL    RECORD    YEAR
 MAXIMUM TEMPERATURE (F)   89       102      1995
                                             1978
 MINIMUM TEMPERATURE (F)   67        50      1913


SUNRISE AND SUNSET
JULY 26 2014..........SUNRISE   611 AM MDT   SUNSET   814 PM MDT
JULY 27 2014..........SUNRISE   612 AM MDT   SUNSET   813 PM MDT


-  INDICATES NEGATIVE NUMBERS.
R  INDICATES RECORD WAS SET OR TIED.
MM INDICATES DATA IS MISSING.
T  INDICATES TRACE AMOUNT.

$$
