000
CDUS45 KABQ 180845
CLIABQ


CLIMATE REPORT
NATIONAL WEATHER SERVICE ALBUQUERQUE NM
145 AM MST SUN FEB 18 2018


...................................

...THE ALBUQUERQUE  NM CLIMATE SUMMARY FOR FEBRUARY 17 2018...

CLIMATE NORMAL PERIOD 1981 TO 2010
CLIMATE RECORD PERIOD 1891 TO 2018


WEATHER ITEM   OBSERVED TIME   RECORD YEAR NORMAL DEPARTURE LAST
                VALUE   (LST)  VALUE       VALUE  FROM      YEAR
                                                  NORMAL
..................................................................
TEMPERATURE (F)
 YESTERDAY
  MAXIMUM         57    305 PM  72    2016  53      4       60
  MINIMUM         31    719 AM   5    1910  31      0       32
  AVERAGE         44                        42      2       46

PRECIPITATION (IN)
  YESTERDAY        0.00          0.21 1957   0.02  -0.02
  MONTH TO DATE    0.44                      0.28   0.16
  SINCE DEC 1      0.47                      1.16  -0.69
  SINCE JAN 1      0.47                      0.66  -0.19

SNOWFALL (IN)
  YESTERDAY        0.0
  MONTH TO DATE    0.0
  SINCE DEC 1      T
  SINCE JUL 1      T
  SNOW DEPTH       0

DEGREE DAYS
 HEATING
  YESTERDAY       21                        23     -2       19
  MONTH TO DATE  310                       423   -113      314
  SINCE DEC 1   1866                      2198   -332     1900
  SINCE JUL 1   2435                      3065   -630     2477

 COOLING
  YESTERDAY        0                         0      0        0
  MONTH TO DATE    0                         0      0        0
  SINCE DEC 1      0                         0      0        0
  SINCE JAN 1      0                         0      0        0
..................................................................


WIND (MPH)
  HIGHEST WIND SPEED    15   HIGHEST WIND DIRECTION     N (360)
  HIGHEST GUST SPEED    19   HIGHEST GUST DIRECTION    NW (300)
  AVERAGE WIND SPEED     5.0


SKY COVER
  POSSIBLE SUNSHINE  MM
  AVERAGE SKY COVER 0.6


WEATHER CONDITIONS
 THE FOLLOWING WEATHER WAS RECORDED YESTERDAY.
  FOG
  FOG W/VISIBILITY <= 1/4 MILE


RELATIVE HUMIDITY (PERCENT)
 HIGHEST   100           200 AM
 LOWEST     22           300 PM
 AVERAGE    61

..........................................................


THE ALBUQUERQUE  NM CLIMATE NORMALS FOR TODAY
                         NORMAL    RECORD    YEAR
 MAXIMUM TEMPERATURE (F)   53        75      2016
 MINIMUM TEMPERATURE (F)   31         6      1910


SUNRISE AND SUNSET
FEBRUARY 18 2018......SUNRISE   649 AM MST   SUNSET   552 PM MST
FEBRUARY 19 2018......SUNRISE   648 AM MST   SUNSET   553 PM MST


-  INDICATES NEGATIVE NUMBERS.
R  INDICATES RECORD WAS SET OR TIED.
MM INDICATES DATA IS MISSING.
T  INDICATES TRACE AMOUNT.




$$
