000
CDUS45 KABQ 030022
CLIABQ


CLIMATE REPORT
NATIONAL WEATHER SERVICE ALBUQUERQUE NM
617 PM MDT TUE SEP 2 2014


...................................

...THE ALBUQUERQUE  NM CLIMATE SUMMARY FOR SEPTEMBER 2 2014...
VALID TODAY AS OF 0500 PM LOCAL TIME.

CLIMATE NORMAL PERIOD 1981 TO 2010
CLIMATE RECORD PERIOD 1897 TO 2014


WEATHER ITEM   OBSERVED TIME   RECORD YEAR NORMAL DEPARTURE LAST
                VALUE   (LST)  VALUE       VALUE  FROM      YEAR
                                                  NORMAL
..................................................................
TEMPERATURE (F)
 TODAY
  MAXIMUM         94    236 PM  98    1983  85      9       88
  MINIMUM         60    501 AM  47    1917  63     -3       70
  AVERAGE         77                        74      3       79

PRECIPITATION (IN)
  TODAY            0.00          0.43 1965   0.03  -0.03
  MONTH TO DATE    0.00                      0.07  -0.07
  SINCE SEP 1      0.00                      0.07  -0.07
  SINCE JAN 1      6.06                      6.35  -0.29

SNOWFALL (IN)
  TODAY            0.0
  MONTH TO DATE    0.0
  SINCE SEP 1      0.0
  SINCE JUL 1      0.0
  SNOW DEPTH       0

DEGREE DAYS
 HEATING
  TODAY            0                         0      0        0
  MONTH TO DATE    0                         0      0        0
  SINCE SEP 1      0                         0      0        0
  SINCE JUL 1      0                         0      0        0

 COOLING
  TODAY           12                         9      3       14
  MONTH TO DATE   25                        18      7       31
  SINCE SEP 1     25                        18      7       31
  SINCE JAN 1   1255                      1175     80     1406
..................................................................


WIND (MPH)
  HIGHEST WIND SPEED    12   HIGHEST WIND DIRECTION     W (260)
  HIGHEST GUST SPEED    16   HIGHEST GUST DIRECTION    SE (140)
  AVERAGE WIND SPEED     4.0


SKY COVER
  POSSIBLE SUNSHINE  MM
  AVERAGE SKY COVER 0.1



RELATIVE HUMIDITY (PERCENT)
 HIGHEST    40           500 AM
 LOWEST     12           200 PM
 AVERAGE    26

..........................................................


THE ALBUQUERQUE  NM CLIMATE NORMALS FOR TOMORROW
                         NORMAL    RECORD    YEAR
 MAXIMUM TEMPERATURE (F)   85        99      1983
 MINIMUM TEMPERATURE (F)   62        47      1961


SUNRISE AND SUNSET
SEPTEMBER  2 2014.....SUNRISE   640 AM MDT   SUNSET   732 PM MDT
SEPTEMBER  3 2014.....SUNRISE   641 AM MDT   SUNSET   730 PM MDT


-  INDICATES NEGATIVE NUMBERS.
R  INDICATES RECORD WAS SET OR TIED.
MM INDICATES DATA IS MISSING.
T  INDICATES TRACE AMOUNT.




$$
