346
CDUS45 KABQ 250828
CLIABQ


CLIMATE REPORT
NATIONAL WEATHER SERVICE ALBUQUERQUE NM
228 AM MDT THU AUG 25 2016


...................................

...THE ALBUQUERQUE  NM CLIMATE SUMMARY FOR AUGUST 24 2016...

CLIMATE NORMAL PERIOD 1981 TO 2010
CLIMATE RECORD PERIOD 1891 TO 2016


WEATHER ITEM   OBSERVED TIME   RECORD YEAR NORMAL DEPARTURE LAST
                VALUE   (LST)  VALUE       VALUE  FROM      YEAR
                                                  NORMAL
..................................................................
TEMPERATURE (F)
 YESTERDAY
  MAXIMUM         77    127 PM  96    1936  87    -10       88
  MINIMUM         55    632 AM  46    1917  64     -9       65
  AVERAGE         66                        76    -10       77

PRECIPITATION (IN)
  YESTERDAY        0.00          0.71 2006   0.05  -0.05
  MONTH TO DATE    0.86                      1.29  -0.43
  SINCE JUN 1      2.17                      3.45  -1.28
  SINCE JAN 1      3.36                      5.99  -2.63

SNOWFALL (IN)
  YESTERDAY        0.0
  MONTH TO DATE    0.0
  SINCE JUN 1      0.0
  SINCE JUL 1      0.0
  SNOW DEPTH       0

DEGREE DAYS
 HEATING
  YESTERDAY        0                         0      0        0
  MONTH TO DATE    0                         0      0        0
  SINCE JUN 1      0                         4     -4        0
  SINCE JUL 1      0                         0      0        0

 COOLING
  YESTERDAY        1                        10     -9       12
  MONTH TO DATE  250                       277    -27      349
  SINCE JUN 1   1200                       990    210     1111
  SINCE JAN 1   1271                      1088    183     1144
..................................................................


WIND (MPH)
  HIGHEST WIND SPEED    22   HIGHEST WIND DIRECTION     W (290)
  HIGHEST GUST SPEED    27   HIGHEST GUST DIRECTION     W (270)
  AVERAGE WIND SPEED     5.5


SKY COVER
  POSSIBLE SUNSHINE  MM
  AVERAGE SKY COVER 0.4


WEATHER CONDITIONS
 THE FOLLOWING WEATHER WAS RECORDED YESTERDAY.
  NO SIGNIFICANT WEATHER WAS OBSERVED.


RELATIVE HUMIDITY (PERCENT)
 HIGHEST    72           500 AM
 LOWEST     36           100 PM
 AVERAGE    54

..........................................................


THE ALBUQUERQUE  NM CLIMATE NORMALS FOR TODAY
                         NORMAL    RECORD    YEAR
 MAXIMUM TEMPERATURE (F)   86        99      1936
 MINIMUM TEMPERATURE (F)   64        52      2004
                                             1915


SUNRISE AND SUNSET
AUGUST 25 2016........SUNRISE   634 AM MDT   SUNSET   742 PM MDT
AUGUST 26 2016........SUNRISE   635 AM MDT   SUNSET   740 PM MDT


-  INDICATES NEGATIVE NUMBERS.
R  INDICATES RECORD WAS SET OR TIED.
MM INDICATES DATA IS MISSING.
T  INDICATES TRACE AMOUNT.




$$
