910
CDUS45 KABQ 300902
CLIABQ


CLIMATE REPORT
NATIONAL WEATHER SERVICE ALBUQUERQUE NM
302 AM MDT SAT JUL 30 2016


...................................

...THE ALBUQUERQUE  NM CLIMATE SUMMARY FOR JULY 29 2016...

CLIMATE NORMAL PERIOD 1981 TO 2010
CLIMATE RECORD PERIOD 1891 TO 2016


WEATHER ITEM   OBSERVED TIME   RECORD YEAR NORMAL DEPARTURE LAST
                VALUE   (LST)  VALUE       VALUE  FROM      YEAR
                                                  NORMAL
..................................................................
TEMPERATURE (F)
 YESTERDAY
  MAXIMUM         93    110 PM 103    1978  89      4       83
  MINIMUM         65    510 PM  50    1913  66     -1       66
  AVERAGE         79                        78      1       75

PRECIPITATION (IN)
  YESTERDAY        0.45          1.09 1921   0.06   0.39
  MONTH TO DATE    0.70                      1.38  -0.68
  SINCE JUN 1      0.87                      2.04  -1.17
  SINCE JAN 1      2.06                      4.58  -2.52

SNOWFALL (IN)
  YESTERDAY        0.0
  MONTH TO DATE    0.0
  SINCE JUN 1      0.0
  SINCE JUL 1      0.0
  SNOW DEPTH       0

DEGREE DAYS
 HEATING
  YESTERDAY        0                         0      0        0
  MONTH TO DATE    0                         0      0        0
  SINCE JUN 1      0                         4     -4        0
  SINCE JUL 1      0                         0      0        0

 COOLING
  YESTERDAY       14                        13      1       10
  MONTH TO DATE  484                       388     96      354
  SINCE JUN 1    923                       690    233      741
  SINCE JAN 1    994                       788    206      774
..................................................................


WIND (MPH)
  HIGHEST WIND SPEED    32   HIGHEST WIND DIRECTION     N (340)
  HIGHEST GUST SPEED    41   HIGHEST GUST DIRECTION     N (350)
  AVERAGE WIND SPEED    10.7


SKY COVER
  POSSIBLE SUNSHINE  MM
  AVERAGE SKY COVER 0.4


WEATHER CONDITIONS
 THE FOLLOWING WEATHER WAS RECORDED YESTERDAY.
  THUNDERSTORM
  HEAVY RAIN
  RAIN
  LIGHT RAIN
  FOG


RELATIVE HUMIDITY (PERCENT)
 HIGHEST    73           600 PM
 LOWEST     20           400 PM
 AVERAGE    47

..........................................................


THE ALBUQUERQUE  NM CLIMATE NORMALS FOR TODAY
                         NORMAL    RECORD    YEAR
 MAXIMUM TEMPERATURE (F)   89       102      1951
 MINIMUM TEMPERATURE (F)   66        53      1913


SUNRISE AND SUNSET
JULY 30 2016..........SUNRISE   615 AM MDT   SUNSET   811 PM MDT
JULY 31 2016..........SUNRISE   615 AM MDT   SUNSET   810 PM MDT


-  INDICATES NEGATIVE NUMBERS.
R  INDICATES RECORD WAS SET OR TIED.
MM INDICATES DATA IS MISSING.
T  INDICATES TRACE AMOUNT.




$$
