000
CDUS45 KABQ 290832
CLIABQ


CLIMATE REPORT
NATIONAL WEATHER SERVICE ALBUQUERQUE NM
231 AM MDT THU JUN 29 2017


...................................

...THE ALBUQUERQUE  NM CLIMATE SUMMARY FOR JUNE 28 2017...

CLIMATE NORMAL PERIOD 1981 TO 2010
CLIMATE RECORD PERIOD 1891 TO 2017


WEATHER ITEM   OBSERVED TIME   RECORD YEAR NORMAL DEPARTURE LAST
                VALUE   (LST)  VALUE       VALUE  FROM      YEAR
                                                  NORMAL
..................................................................
TEMPERATURE (F)
 YESTERDAY
  MAXIMUM         95    450 PM 105    1974  91      4       92
  MINIMUM         64    528 AM  49    1918  65     -1       70
                                      1914
  AVERAGE         80                        78      2       81

PRECIPITATION (IN)
  YESTERDAY        0.00          0.69 2010   0.03  -0.03
  MONTH TO DATE    0.48                      0.59  -0.11
  SINCE JUN 1      0.48                      0.59  -0.11
  SINCE JAN 1      3.09                      3.13  -0.04

SNOWFALL (IN)
  YESTERDAY        0.0
  MONTH TO DATE    T
  SINCE JUN 1      T
  SINCE JUL 1      3.6
  SNOW DEPTH       0

DEGREE DAYS
 HEATING
  YESTERDAY        0                         0      0        0
  MONTH TO DATE    0                         0      0        0
  SINCE JUN 1      0                         0      0        0
  SINCE JUL 1   3300                      4175   -875     3784

 COOLING
  YESTERDAY       15                        13      2       16
  MONTH TO DATE  381                       275    106      410
  SINCE JUN 1    381                       275    106      410
  SINCE JAN 1    460                       373     87      481
..................................................................


WIND (MPH)
  HIGHEST WIND SPEED    24   HIGHEST WIND DIRECTION     W (280)
  HIGHEST GUST SPEED    30   HIGHEST GUST DIRECTION    SW (230)
  AVERAGE WIND SPEED     8.0


SKY COVER
  POSSIBLE SUNSHINE  MM
  AVERAGE SKY COVER 0.3


WEATHER CONDITIONS
 THE FOLLOWING WEATHER WAS RECORDED YESTERDAY.
  HAZE


RELATIVE HUMIDITY (PERCENT)
 HIGHEST    33          1200 AM
 LOWEST      3           500 PM
 AVERAGE    18

..........................................................


THE ALBUQUERQUE  NM CLIMATE NORMALS FOR TODAY
                         NORMAL    RECORD    YEAR
 MAXIMUM TEMPERATURE (F)   91       105      1980
 MINIMUM TEMPERATURE (F)   65        48      1915


SUNRISE AND SUNSET
JUNE 29 2017..........SUNRISE   555 AM MDT   SUNSET   825 PM MDT
JUNE 30 2017..........SUNRISE   556 AM MDT   SUNSET   825 PM MDT


-  INDICATES NEGATIVE NUMBERS.
R  INDICATES RECORD WAS SET OR TIED.
MM INDICATES DATA IS MISSING.
T  INDICATES TRACE AMOUNT.




$$
