000
CDUS43 KABR 261029
CLIABR


CLIMATE REPORT
NATIONAL WEATHER SERVICE ABERDEEN SD
429 AM CST MON JAN 26 2015


...................................

...THE ABERDEEN SD CLIMATE SUMMARY FOR JANUARY 25 2015...

CLIMATE NORMAL PERIOD 1981 TO 2010
CLIMATE RECORD PERIOD 1893 TO 2015


WEATHER ITEM   OBSERVED TIME   RECORD YEAR NORMAL DEPARTURE LAST
                VALUE   (LST)  VALUE       VALUE  FROM      YEAR
                                                  NORMAL
..................................................................
TEMPERATURE (F)
 YESTERDAY
  MAXIMUM         32   1159 PM  54    1942  23      9       36
  MINIMUM         27   1034 AM -33    1904   2     25        6
  AVERAGE         30                        12     18       21

PRECIPITATION (IN)
  YESTERDAY        0.01          0.40 1925   0.01   0.00     0.01
  MONTH TO DATE    0.68                      0.39   0.29     0.13
  SINCE DEC 1      0.93                      0.91   0.02     1.01
  SINCE JAN 1      0.68                      0.39   0.29     0.13

SNOWFALL (IN)
  YESTERDAY        0.1
  MONTH TO DATE    4.6
  SINCE OCT 1     13.4
  SINCE JUL 1     13.4
  SNOW DEPTH       T

DEGREE DAYS
 HEATING
  YESTERDAY       35                        53    -18       44
  MONTH TO DATE 1230                      1325    -95     1357
  SINCE DEC 1   2543                      2853   -310     3162
  SINCE JUL 1   4589                      4816   -227     5153

 COOLING
  YESTERDAY        0                         0      0        0
  MONTH TO DATE    0                         0      0        0
  SINCE DEC 1      0                         0      0        0
  SINCE JAN 1      0                         0      0        0
..................................................................


WIND (MPH)
  HIGHEST WIND SPEED    18   HIGHEST WIND DIRECTION     N (350)
  HIGHEST GUST SPEED    22   HIGHEST GUST DIRECTION     N (350)
  AVERAGE WIND SPEED     7.8


SKY COVER
  POSSIBLE SUNSHINE  MM
  AVERAGE SKY COVER 0.9


WEATHER CONDITIONS
 THE FOLLOWING WEATHER WAS RECORDED YESTERDAY.
  LIGHT SNOW
  FOG


RELATIVE HUMIDITY (PERCENT)
 HIGHEST    92           100 AM
 LOWEST     78          1100 AM
 AVERAGE    85

..........................................................


THE ABERDEEN SD CLIMATE NORMALS FOR TODAY
                         NORMAL    RECORD    YEAR
 MAXIMUM TEMPERATURE (F)   23        58      1947
 MINIMUM TEMPERATURE (F)    2       -30      1950


SUNRISE AND SUNSET
JANUARY 26 2015.......SUNRISE   801 AM CST   SUNSET   532 PM CST
JANUARY 27 2015.......SUNRISE   800 AM CST   SUNSET   533 PM CST


-  INDICATES NEGATIVE NUMBERS.
R  INDICATES RECORD WAS SET OR TIED.
MM INDICATES DATA IS MISSING.
T  INDICATES TRACE AMOUNT.




$$
