000
CDUS43 KABR 192332
CLIABR


CLIMATE REPORT
NATIONAL WEATHER SERVICE ABERDEEN SD
531 PM CST THU JAN 19 2017


...................................

...THE ABERDEEN SD CLIMATE SUMMARY FOR JANUARY 19 2017...
VALID TODAY AS OF 0500 PM LOCAL TIME.

CLIMATE NORMAL PERIOD 1981 TO 2010
CLIMATE RECORD PERIOD 1893 TO 2017


WEATHER ITEM   OBSERVED TIME   RECORD YEAR NORMAL DEPARTURE LAST
                VALUE   (LST)  VALUE       VALUE  FROM      YEAR
                                                  NORMAL
..................................................................
TEMPERATURE (F)
 TODAY
  MAXIMUM         34    412 PM  60    1921  22     12       21
  MINIMUM         12   1227 AM -36    1943   1     11        5
  AVERAGE         23                        12     11       13

PRECIPITATION (IN)
  TODAY            0.00          0.40 1894   0.01  -0.01     0.02
  MONTH TO DATE    0.46                      0.31   0.15     0.11
  SINCE DEC 1      2.24                      0.83   1.41     0.75
  SINCE JAN 1      0.46                      0.31   0.15     0.11

SNOWFALL (IN)
  TODAY            0.0
  MONTH TO DATE    8.5
  SINCE OCT 1     24.5
  SINCE JUL 1     24.5
  SNOW DEPTH       5

DEGREE DAYS
 HEATING
  TODAY           42                        53    -11       52
  MONTH TO DATE 1151                      1007    144     1008
  SINCE DEC 1   2748                      2535    213     2315
  SINCE JUL 1   4098                      4498   -400     3727
..................................................................


WIND (MPH)
  HIGHEST WIND SPEED    17   HIGHEST WIND DIRECTION     S (180)
  HIGHEST GUST SPEED    21   HIGHEST GUST DIRECTION     S (180)
  AVERAGE WIND SPEED     7.4


SKY COVER
  POSSIBLE SUNSHINE  MM
  AVERAGE SKY COVER 1.0


WEATHER CONDITIONS
 THE FOLLOWING WEATHER WAS RECORDED TODAY.
  FOG
  FOG W/VISIBILITY <= 1/4 MILE


RELATIVE HUMIDITY (PERCENT)
 HIGHEST    96           400 PM
 LOWEST     80           700 AM
 AVERAGE    88

..........................................................


THE ABERDEEN SD CLIMATE NORMALS FOR TOMORROW
                         NORMAL    RECORD    YEAR
 MAXIMUM TEMPERATURE (F)   22        60      1944
 MINIMUM TEMPERATURE (F)    1       -29      1936


SUNRISE AND SUNSET
JANUARY 19 2017.......SUNRISE   807 AM CST   SUNSET   523 PM CST
JANUARY 20 2017.......SUNRISE   806 AM CST   SUNSET   524 PM CST


-  INDICATES NEGATIVE NUMBERS.
R  INDICATES RECORD WAS SET OR TIED.
MM INDICATES DATA IS MISSING.
T  INDICATES TRACE AMOUNT.

&&

PEAK WIND WAS 21 MPH FROM THE SOUTH AT 146 PM CST.




$$
