967
CDUS43 KABR 081005
CLIABR


CLIMATE REPORT
NATIONAL WEATHER SERVICE ABERDEEN SD
405 AM CST MON FEB 8 2016


...................................

...THE ABERDEEN SD CLIMATE SUMMARY FOR FEBRUARY 7 2016...

CLIMATE NORMAL PERIOD 1981 TO 2010
CLIMATE RECORD PERIOD 1893 TO 2016


WEATHER ITEM   OBSERVED TIME   RECORD YEAR NORMAL DEPARTURE LAST
                VALUE   (LST)  VALUE       VALUE  FROM      YEAR
                                                  NORMAL
..................................................................
TEMPERATURE (F)
 YESTERDAY
  MAXIMUM         41    123 AM  62    1987  26     15       47
  MINIMUM         27   1148 PM -34    1971   4     23       19
  AVERAGE         34                        15     19       33

PRECIPITATION (IN)
  YESTERDAY        T             0.41 1937   0.02  -0.02      T
  MONTH TO DATE    0.04                      0.11  -0.07     0.07
  SINCE DEC 1      0.82                      1.10  -0.28     1.00
  SINCE JAN 1      0.18                      0.58  -0.40     0.75

SNOWFALL (IN)
  YESTERDAY        T
  MONTH TO DATE    0.3
  SINCE OCT 1     17.7
  SINCE JUL 1     17.7
  SNOW DEPTH       T

DEGREE DAYS
 HEATING
  YESTERDAY       31                        50    -19       32
  MONTH TO DATE  255                       356   -101      369
  SINCE DEC 1   3026                      3527   -501     3123
  SINCE JUL 1   4438                      5490  -1052     5169

 COOLING
  YESTERDAY        0                         0      0        0
  MONTH TO DATE    0                         0      0        0
  SINCE DEC 1      0                         0      0        0
  SINCE JAN 1      0                         0      0        0
..................................................................


WIND (MPH)
  HIGHEST WIND SPEED    43   HIGHEST WIND DIRECTION    NW (330)
  HIGHEST GUST SPEED    54   HIGHEST GUST DIRECTION    NW (330)
  AVERAGE WIND SPEED    26.0


SKY COVER
  POSSIBLE SUNSHINE  MM
  AVERAGE SKY COVER 0.6


WEATHER CONDITIONS
 THE FOLLOWING WEATHER WAS RECORDED YESTERDAY.
  LIGHT SNOW


RELATIVE HUMIDITY (PERCENT)
 HIGHEST    69           500 PM
 LOWEST     53           300 PM
 AVERAGE    61

..........................................................


THE ABERDEEN SD CLIMATE NORMALS FOR TODAY
                         NORMAL    RECORD    YEAR
 MAXIMUM TEMPERATURE (F)   26        62      2000
 MINIMUM TEMPERATURE (F)    5       -37      1994


SUNRISE AND SUNSET
FEBRUARY  8 2016......SUNRISE   746 AM CST   SUNSET   550 PM CST
FEBRUARY  9 2016......SUNRISE   745 AM CST   SUNSET   552 PM CST


-  INDICATES NEGATIVE NUMBERS.
R  INDICATES RECORD WAS SET OR TIED.
MM INDICATES DATA IS MISSING.
T  INDICATES TRACE AMOUNT.




$$
