000
CDUS43 KABR 192342
CLIABR


CLIMATE REPORT
NATIONAL WEATHER SERVICE ABERDEEN SD
540 PM CST FRI JAN 19 2018


...................................

...THE ABERDEEN SD CLIMATE SUMMARY FOR JANUARY 19 2018...
VALID TODAY AS OF 0500 PM LOCAL TIME.

CLIMATE NORMAL PERIOD 1981 TO 2010
CLIMATE RECORD PERIOD 1893 TO 2018


WEATHER ITEM   OBSERVED TIME   RECORD YEAR NORMAL DEPARTURE LAST
                VALUE   (LST)  VALUE       VALUE  FROM      YEAR
                                                  NORMAL
..................................................................
TEMPERATURE (F)
 TODAY
  MAXIMUM         52    311 PM  60    1921  22     30       34
  MINIMUM         18    830 AM -36    1943   1     17       12
  AVERAGE         35                        12     23       23

PRECIPITATION (IN)
  TODAY            0.00          0.40 1894   0.01  -0.01     0.00
  MONTH TO DATE    0.04                      0.31  -0.27     0.46
  SINCE DEC 1      0.39                      0.83  -0.44     2.24
  SINCE JAN 1      0.04                      0.31  -0.27     0.46

SNOWFALL (IN)
  TODAY            0.0
  MONTH TO DATE    0.6
  SINCE OCT 1      5.0
  SINCE JUL 1      5.0
  SNOW DEPTH       0

DEGREE DAYS
 HEATING
  TODAY           30                        53    -23       42
  MONTH TO DATE 1042                      1007     35     1151
  SINCE DEC 1   2505                      2535    -30     2748
  SINCE JUL 1   4282                      4498   -216     4098
..................................................................


WIND (MPH)
  HIGHEST WIND SPEED    17   HIGHEST WIND DIRECTION    NW (320)
  HIGHEST GUST SPEED    22   HIGHEST GUST DIRECTION    NW (320)
  AVERAGE WIND SPEED     7.5


SKY COVER
  POSSIBLE SUNSHINE  MM
  AVERAGE SKY COVER 0.0


WEATHER CONDITIONS
 THE FOLLOWING WEATHER WAS RECORDED TODAY.
  NO SIGNIFICANT WEATHER WAS OBSERVED.


RELATIVE HUMIDITY (PERCENT)
 HIGHEST   100           700 AM
 LOWEST     44           300 PM
 AVERAGE    72

..........................................................


THE ABERDEEN SD CLIMATE NORMALS FOR TOMORROW
                         NORMAL    RECORD    YEAR
 MAXIMUM TEMPERATURE (F)   22        60      1944
 MINIMUM TEMPERATURE (F)    1       -29      1936


SUNRISE AND SUNSET
JANUARY 19 2018.......SUNRISE   807 AM CST   SUNSET   522 PM CST
JANUARY 20 2018.......SUNRISE   806 AM CST   SUNSET   524 PM CST


-  INDICATES NEGATIVE NUMBERS.
R  INDICATES RECORD WAS SET OR TIED.
MM INDICATES DATA IS MISSING.
T  INDICATES TRACE AMOUNT.

&&

PEAK WIND WAS 22 MPH FROM THE NORTHWEST 318 PM CST

$$
