000
CDUS43 KABR 171032
CLIABR


CLIMATE REPORT
NATIONAL WEATHER SERVICE ABERDEEN SD
530 AM CDT THU AUG 17 2017


...................................

...THE ABERDEEN SD CLIMATE SUMMARY FOR AUGUST 16 2017...

CLIMATE NORMAL PERIOD 1981 TO 2010
CLIMATE RECORD PERIOD 1893 TO 2017


WEATHER ITEM   OBSERVED TIME   RECORD YEAR NORMAL DEPARTURE LAST
                VALUE   (LST)  VALUE       VALUE  FROM      YEAR
                                                  NORMAL
..................................................................
TEMPERATURE (F)
 YESTERDAY
  MAXIMUM         70    303 PM 105    1988  82    -12       88
  MINIMUM         61   1159 PM  42    1897  57      4       62
  AVERAGE         66                        69     -3       75

PRECIPITATION (IN)
  YESTERDAY        0.09          1.28 1918   0.08   0.01     0.00
  MONTH TO DATE    1.40                      1.25   0.15     1.69
  SINCE JUN 1      7.39                      7.97  -0.58     6.79
  SINCE JAN 1     10.77                     15.11  -4.34    13.73

DEGREE DAYS
 HEATING
  YESTERDAY        0                         1     -1        0
  MONTH TO DATE   10                        12     -2        0
  SINCE JUN 1     62                       102    -40       28
  SINCE JUL 1     10                        26    -16        8

 COOLING
  YESTERDAY        1                         5     -4       10
  MONTH TO DATE   22                        99    -77      131
  SINCE JUN 1    439                       399     40      553
  SINCE JAN 1    451                       422     29      586
..................................................................


WIND (MPH)
  HIGHEST WIND SPEED    18   HIGHEST WIND DIRECTION     N (350)
  HIGHEST GUST SPEED    22   HIGHEST GUST DIRECTION     N (350)
  AVERAGE WIND SPEED     8.3


SKY COVER
  POSSIBLE SUNSHINE  MM
  AVERAGE SKY COVER 0.9


WEATHER CONDITIONS
 THE FOLLOWING WEATHER WAS RECORDED YESTERDAY.
  LIGHT RAIN
  FOG


RELATIVE HUMIDITY (PERCENT)
 HIGHEST   100          1200 AM
 LOWEST     93           700 AM
 AVERAGE    97

..........................................................


THE ABERDEEN SD CLIMATE NORMALS FOR TODAY
                         NORMAL    RECORD    YEAR
 MAXIMUM TEMPERATURE (F)   82       104      1976
 MINIMUM TEMPERATURE (F)   56        39      2012


SUNRISE AND SUNSET
AUGUST 17 2017........SUNRISE   637 AM CDT   SUNSET   837 PM CDT
AUGUST 18 2017........SUNRISE   638 AM CDT   SUNSET   836 PM CDT


-  INDICATES NEGATIVE NUMBERS.
R  INDICATES RECORD WAS SET OR TIED.
MM INDICATES DATA IS MISSING.
T  INDICATES TRACE AMOUNT.




$$
