000
CDUS43 KABR 211040
CLIABR


CLIMATE REPORT
NATIONAL WEATHER SERVICE ABERDEEN SD
539 AM CDT MON APR 21 2014


...................................

...THE ABERDEEN SD CLIMATE SUMMARY FOR APRIL 20 2014...

CLIMATE NORMAL PERIOD 1981 TO 2010
CLIMATE RECORD PERIOD 1896 TO 2014


WEATHER ITEM   OBSERVED TIME   RECORD YEAR NORMAL DEPARTURE LAST
                VALUE   (LST)  VALUE       VALUE  FROM      YEAR
                                                  NORMAL
..................................................................
TEMPERATURE (F)
 YESTERDAY
  MAXIMUM         78    347 PM  93    1980  60     18       35
  MINIMUM         32    608 AM  11    2013  34     -2       11
                                      1966
  AVERAGE         55                        47      8       23

PRECIPITATION (IN)
  YESTERDAY        0.00          1.37 1957   0.06  -0.06     0.01
  MONTH TO DATE    0.11                      1.04  -0.93     1.98
  SINCE MAR 1      0.88                      2.20  -1.32     2.22
  SINCE JAN 1      1.32                      3.22  -1.90     4.06

SNOWFALL (IN)
  YESTERDAY        0.0
  MONTH TO DATE    0.2
  SINCE OCT 1     32.7
  SINCE JUL 1     32.7
  SNOW DEPTH       0

DEGREE DAYS
 HEATING
  YESTERDAY       10                        18     -8       42
  MONTH TO DATE  527                       460     67      681
  SINCE MAR 1   1749                      1548    201     2076
  SINCE JUL 1   8908                      8011    897     8490

 COOLING
  YESTERDAY        0                         0      0        0
  MONTH TO DATE    0                         0      0        0
  SINCE MAR 1      0                         0      0        0
  SINCE JAN 1      0                         0      0        0
..................................................................


WIND (MPH)
  HIGHEST WIND SPEED    33   HIGHEST WIND DIRECTION    NW (330)
  HIGHEST GUST SPEED    40   HIGHEST GUST DIRECTION    NW (330)
  AVERAGE WIND SPEED     8.1


SKY COVER
  POSSIBLE SUNSHINE  MM
  AVERAGE SKY COVER 0.1


WEATHER CONDITIONS
 THE FOLLOWING WEATHER WAS RECORDED YESTERDAY.
  NO SIGNIFICANT WEATHER WAS OBSERVED.


RELATIVE HUMIDITY (PERCENT)
 HIGHEST    92           500 AM
 LOWEST     15           400 PM
 AVERAGE    54

..........................................................


THE ABERDEEN SD CLIMATE NORMALS FOR TODAY
                         NORMAL    RECORD    YEAR
 MAXIMUM TEMPERATURE (F)   60        97      1980
 MINIMUM TEMPERATURE (F)   34        16      1936


SUNRISE AND SUNSET
APRIL 21 2014.........SUNRISE   638 AM CDT   SUNSET   828 PM CDT
APRIL 22 2014.........SUNRISE   636 AM CDT   SUNSET   829 PM CDT


-  INDICATES NEGATIVE NUMBERS.
R  INDICATES RECORD WAS SET OR TIED.
MM INDICATES DATA IS MISSING.
T  INDICATES TRACE AMOUNT.




$$
