191
CDUS43 KABR 252241
CLIABR


CLIMATE REPORT
NATIONAL WEATHER SERVICE ABERDEEN SD
540 PM CDT SUN SEP 25 2016


...................................

...THE ABERDEEN SD CLIMATE SUMMARY FOR SEPTEMBER 25 2016...
VALID TODAY AS OF 0500 PM LOCAL TIME.

CLIMATE NORMAL PERIOD 1981 TO 2010
CLIMATE RECORD PERIOD 1893 TO 2016


WEATHER ITEM   OBSERVED TIME   RECORD YEAR NORMAL DEPARTURE LAST
                VALUE   (LST)  VALUE       VALUE  FROM      YEAR
                                                  NORMAL
..................................................................
TEMPERATURE (F)
 TODAY
  MAXIMUM         68    148 PM  95    1938  68      0       83
  MINIMUM         51    209 AM  19    1926  42      9       50
  AVERAGE         60                        55      5       67

PRECIPITATION (IN)
  TODAY            0.00          1.26 1927   0.07  -0.07     0.00
  MONTH TO DATE    1.23                      1.83  -0.60     0.37
  SINCE SEP 1      1.23                      1.83  -0.60     0.37
  SINCE JAN 1     15.29                     18.12  -2.83    17.69

DEGREE DAYS
 HEATING
  TODAY            5                        11     -6        0
  MONTH TO DATE   70                       164    -94       76
  SINCE SEP 1     70                       164    -94       76
  SINCE JUL 1    101                       215   -114      118

 COOLING
  TODAY            0                         0      0        2
  MONTH TO DATE   54                        39     15       92
  SINCE SEP 1     54                        39     15       92
  SINCE JAN 1    715                       522    193      655
..................................................................


WIND (MPH)
  HIGHEST WIND SPEED    33   HIGHEST WIND DIRECTION    NW (330)
  HIGHEST GUST SPEED    44   HIGHEST GUST DIRECTION    NW (330)
  AVERAGE WIND SPEED    20.8


SKY COVER
  POSSIBLE SUNSHINE  MM
  AVERAGE SKY COVER 0.7


WEATHER CONDITIONS
 THE FOLLOWING WEATHER WAS RECORDED TODAY.
  NO SIGNIFICANT WEATHER WAS OBSERVED.


RELATIVE HUMIDITY (PERCENT)
 HIGHEST    83           600 AM
 LOWEST     29           400 PM
 AVERAGE    56

..........................................................


THE ABERDEEN SD CLIMATE NORMALS FOR TOMORROW
                         NORMAL    RECORD    YEAR
 MAXIMUM TEMPERATURE (F)   67        97      1974
 MINIMUM TEMPERATURE (F)   41        17      1939


SUNRISE AND SUNSET
SEPTEMBER 25 2016.....SUNRISE   725 AM CDT   SUNSET   724 PM CDT
SEPTEMBER 26 2016.....SUNRISE   726 AM CDT   SUNSET   723 PM CDT


-  INDICATES NEGATIVE NUMBERS.
R  INDICATES RECORD WAS SET OR TIED.
MM INDICATES DATA IS MISSING.
T  INDICATES TRACE AMOUNT.

&&

PEAK WIND WAS 44 MPH FROM THE NORTHWEST AT 236 PM CDT

$$
