000
CDUS43 KABR 281029
CLIABR


CLIMATE REPORT
NATIONAL WEATHER SERVICE ABERDEEN SD
429 AM CST SAT FEB 28 2015


...................................

...THE ABERDEEN SD CLIMATE SUMMARY FOR FEBRUARY 27 2015...

CLIMATE NORMAL PERIOD 1981 TO 2010
CLIMATE RECORD PERIOD 1893 TO 2015


WEATHER ITEM   OBSERVED TIME   RECORD YEAR NORMAL DEPARTURE LAST
                VALUE   (LST)  VALUE       VALUE  FROM      YEAR
                                                  NORMAL
..................................................................
TEMPERATURE (F)
 YESTERDAY
  MAXIMUM         16    341 PM  61    1921  32    -16        7
  MINIMUM        -20    739 AM -23    2001  12    -32      -18
  AVERAGE         -2                        22    -24       -5

PRECIPITATION (IN)
  YESTERDAY        0.00          1.55 1903   0.02  -0.02     0.00
  MONTH TO DATE    0.37                      0.52  -0.15     0.16
  SINCE DEC 1      1.30                      1.51  -0.21     1.32
  SINCE JAN 1      1.05                      0.99   0.06     0.44

SNOWFALL (IN)
  YESTERDAY        0.0
  MONTH TO DATE    5.1
  SINCE OCT 1     18.5
  SINCE JUL 1     18.5
  SNOW DEPTH       2

DEGREE DAYS
 HEATING
  YESTERDAY       67                        43     24       70
  MONTH TO DATE 1419                      1287    132     1572
  SINCE DEC 1   4173                      4458   -285     5112
  SINCE JUL 1   6219                      6421   -202     7103

 COOLING
  YESTERDAY        0                         0      0        0
  MONTH TO DATE    0                         0      0        0
  SINCE DEC 1      0                         0      0        0
  SINCE JAN 1      0                         0      0        0
..................................................................


WIND (MPH)
  HIGHEST WIND SPEED    17   HIGHEST WIND DIRECTION     S (170)
  HIGHEST GUST SPEED    21   HIGHEST GUST DIRECTION     S (160)
  AVERAGE WIND SPEED     8.7


SKY COVER
  POSSIBLE SUNSHINE  MM
  AVERAGE SKY COVER 0.0


WEATHER CONDITIONS
 THE FOLLOWING WEATHER WAS RECORDED YESTERDAY.
  NO SIGNIFICANT WEATHER WAS OBSERVED.


RELATIVE HUMIDITY (PERCENT)
 HIGHEST    81           500 AM
 LOWEST     53           300 PM
 AVERAGE    67

..........................................................


THE ABERDEEN SD CLIMATE NORMALS FOR TODAY
                         NORMAL    RECORD    YEAR
 MAXIMUM TEMPERATURE (F)   33        59      1934
 MINIMUM TEMPERATURE (F)   13       -27      1962


SUNRISE AND SUNSET
FEBRUARY 28 2015......SUNRISE   714 AM CST   SUNSET   619 PM CST
MARCH  1 2015.........SUNRISE   712 AM CST   SUNSET   620 PM CST


-  INDICATES NEGATIVE NUMBERS.
R  INDICATES RECORD WAS SET OR TIED.
MM INDICATES DATA IS MISSING.
T  INDICATES TRACE AMOUNT.




$$
