000
CDUS43 KABR 300919
CLIABR


CLIMATE REPORT
NATIONAL WEATHER SERVICE ABERDEEN SD
418 AM CDT SAT MAY 30 2015


...................................

...THE ABERDEEN SD CLIMATE SUMMARY FOR MAY 29 2015...

CLIMATE NORMAL PERIOD 1981 TO 2010
CLIMATE RECORD PERIOD 1893 TO 2015


WEATHER ITEM   OBSERVED TIME   RECORD YEAR NORMAL DEPARTURE LAST
                VALUE   (LST)  VALUE       VALUE  FROM      YEAR
                                                  NORMAL
..................................................................
TEMPERATURE (F)
 YESTERDAY
  MAXIMUM         62    512 AM  99    1934  72    -10       85
  MINIMUM         46   1159 PM  23    1947  49     -3       59
  AVERAGE         54                        60     -6       72

PRECIPITATION (IN)
  YESTERDAY        0.07          0.76 1979   0.10  -0.03     0.00
  MONTH TO DATE    6.37                      2.91   3.46     1.70
  SINCE MAR 1      7.15                      5.92   1.23     4.51
  SINCE JAN 1      8.20                      6.94   1.26     4.95

DEGREE DAYS
 HEATING
  YESTERDAY       11                         6      5        0
  MONTH TO DATE  279                       275      4      338
  SINCE MAR 1   1692                      1983   -291     2282
  SINCE JUL 1   7960                      8446   -486     9441

 COOLING
  YESTERDAY        0                         1     -1        7
  MONTH TO DATE   14                        19     -5       32
  SINCE MAR 1     14                        21     -7       32
  SINCE JAN 1     14                        21     -7       32
..................................................................


WIND (MPH)
  HIGHEST WIND SPEED    30   HIGHEST WIND DIRECTION     N (10)
  HIGHEST GUST SPEED    39   HIGHEST GUST DIRECTION     N (10)
  AVERAGE WIND SPEED    15.9


SKY COVER
  POSSIBLE SUNSHINE  MM
  AVERAGE SKY COVER 0.8


WEATHER CONDITIONS
 THE FOLLOWING WEATHER WAS RECORDED YESTERDAY.
  LIGHT RAIN
  FOG


RELATIVE HUMIDITY (PERCENT)
 HIGHEST   100           300 AM
 LOWEST     55           600 PM
 AVERAGE    78

..........................................................


THE ABERDEEN SD CLIMATE NORMALS FOR TODAY
                         NORMAL    RECORD    YEAR
 MAXIMUM TEMPERATURE (F)   72       110      1934
 MINIMUM TEMPERATURE (F)   49        27      1947


SUNRISE AND SUNSET
MAY 30 2015...........SUNRISE   550 AM CDT   SUNSET   913 PM CDT
MAY 31 2015...........SUNRISE   549 AM CDT   SUNSET   914 PM CDT


-  INDICATES NEGATIVE NUMBERS.
R  INDICATES RECORD WAS SET OR TIED.
MM INDICATES DATA IS MISSING.
T  INDICATES TRACE AMOUNT.




$$
