000
CDUS43 KABR 232336
CLIABR


CLIMATE REPORT
NATIONAL WEATHER SERVICE ABERDEEN SD
535 PM CST THU FEB 23 2017


...................................

...THE ABERDEEN SD CLIMATE SUMMARY FOR FEBRUARY 23 2017...
VALID TODAY AS OF 0500 PM LOCAL TIME.

CLIMATE NORMAL PERIOD 1981 TO 2010
CLIMATE RECORD PERIOD 1893 TO 2017


WEATHER ITEM   OBSERVED TIME   RECORD YEAR NORMAL DEPARTURE LAST
                VALUE   (LST)  VALUE       VALUE  FROM      YEAR
                                                  NORMAL
..................................................................
TEMPERATURE (F)
 TODAY
  MAXIMUM         30   1225 PM  60    1976  31     -1       43
                                      1905
  MINIMUM         24    322 AM -25    1910  11     13       24
  AVERAGE         27                        21      6       34

PRECIPITATION (IN)
  TODAY            0.00          0.78 1977   0.02  -0.02     0.00
  MONTH TO DATE    0.12                      0.42  -0.30     0.51
  SINCE DEC 1      2.41                      1.41   1.00     1.29
  SINCE JAN 1      0.63                      0.89  -0.26     0.65

SNOWFALL (IN)
  TODAY            0.0
  MONTH TO DATE    0.7
  SINCE OCT 1     26.9
  SINCE JUL 1     26.9
  SNOW DEPTH       0

DEGREE DAYS
 HEATING
  TODAY           38                        44     -6       31
  MONTH TO DATE  862                      1113   -251      875
  SINCE DEC 1   4070                      4284   -214     3646
  SINCE JUL 1   5420                      6247   -827     5058
..................................................................


WIND (MPH)
  HIGHEST WIND SPEED    24   HIGHEST WIND DIRECTION    NE (30)
  HIGHEST GUST SPEED    29   HIGHEST GUST DIRECTION    NE (30)
  AVERAGE WIND SPEED    13.1


SKY COVER
  POSSIBLE SUNSHINE  MM
  AVERAGE SKY COVER 0.4


WEATHER CONDITIONS
 THE FOLLOWING WEATHER WAS RECORDED TODAY.
  NO SIGNIFICANT WEATHER WAS OBSERVED.


RELATIVE HUMIDITY (PERCENT)
 HIGHEST    88           200 AM
 LOWEST     69          1100 AM
 AVERAGE    79

..........................................................


THE ABERDEEN SD CLIMATE NORMALS FOR TOMORROW
                         NORMAL    RECORD    YEAR
 MAXIMUM TEMPERATURE (F)   31        62      1976
 MINIMUM TEMPERATURE (F)   11       -26      1940


SUNRISE AND SUNSET
FEBRUARY 23 2017......SUNRISE   722 AM CST   SUNSET   613 PM CST
FEBRUARY 24 2017......SUNRISE   720 AM CST   SUNSET   614 PM CST


-  INDICATES NEGATIVE NUMBERS.
R  INDICATES RECORD WAS SET OR TIED.
MM INDICATES DATA IS MISSING.
T  INDICATES TRACE AMOUNT.

&&

PEAK WIND WAS 29 MPH FROM THE NORTHEAST AT 459 PM CST.




$$
