000
CDUS43 KABR 231041
CLIABR


CLIMATE REPORT
NATIONAL WEATHER SERVICE ABERDEEN SD
540 AM CDT THU OCT 23 2014


...................................

...THE ABERDEEN SD CLIMATE SUMMARY FOR OCTOBER 22 2014...

CLIMATE NORMAL PERIOD 1981 TO 2010
CLIMATE RECORD PERIOD 1893 TO 2014


WEATHER ITEM   OBSERVED TIME   RECORD YEAR NORMAL DEPARTURE LAST
                VALUE   (LST)  VALUE       VALUE  FROM      YEAR
                                                  NORMAL
..................................................................
TEMPERATURE (F)
 YESTERDAY
  MAXIMUM         63   1106 AM  82    1992  55      8       38
  MINIMUM         39   1159 PM   8    1895  30      9       30
  AVERAGE         51                        42      9       34

PRECIPITATION (IN)
  YESTERDAY        0.05          0.70 1918   0.06  -0.01      T
  MONTH TO DATE    0.25                      1.55  -1.30     4.29
  SINCE SEP 1      1.25                      3.74  -2.49     6.73
  SINCE JAN 1     16.88                     20.03  -3.15    20.49

SNOWFALL (IN)
  YESTERDAY        0.0
  MONTH TO DATE    0.0
  SINCE OCT 1      0.0
  SINCE JUL 1      0.0
  SNOW DEPTH       0

DEGREE DAYS
 HEATING
  YESTERDAY       14                        23     -9       31
  MONTH TO DATE  323                       393    -70      424
  SINCE SEP 1    516                       616   -100      539
  SINCE JUL 1    578                       667    -89      590

 COOLING
  YESTERDAY        0                         0      0        0
  MONTH TO DATE    0                         0      0        0
  SINCE SEP 1     38                        40     -2       91
  SINCE JAN 1    342                       523   -181      580
..................................................................


WIND (MPH)
  HIGHEST WIND SPEED    28   HIGHEST WIND DIRECTION     S (170)
  HIGHEST GUST SPEED    38   HIGHEST GUST DIRECTION     S (170)
  AVERAGE WIND SPEED    12.7


SKY COVER
  POSSIBLE SUNSHINE  MM
  AVERAGE SKY COVER 0.3


WEATHER CONDITIONS
 THE FOLLOWING WEATHER WAS RECORDED YESTERDAY.
  LIGHT RAIN
  FOG


RELATIVE HUMIDITY (PERCENT)
 HIGHEST   100          1100 PM
 LOWEST     43           200 AM
 AVERAGE    72

..........................................................


THE ABERDEEN SD CLIMATE NORMALS FOR TODAY
                         NORMAL    RECORD    YEAR
 MAXIMUM TEMPERATURE (F)   54        80      1963
 MINIMUM TEMPERATURE (F)   30         5      1895


SUNRISE AND SUNSET
OCTOBER 23 2014.......SUNRISE   801 AM CDT   SUNSET   635 PM CDT
OCTOBER 24 2014.......SUNRISE   802 AM CDT   SUNSET   633 PM CDT


-  INDICATES NEGATIVE NUMBERS.
R  INDICATES RECORD WAS SET OR TIED.
MM INDICATES DATA IS MISSING.
T  INDICATES TRACE AMOUNT.




$$
