000
CDUS42 KTAE 210631
CLIABY


CLIMATE REPORT
NATIONAL WEATHER SERVICE TALLAHASSEE FL
130 AM EST TUE FEB 21 2017


...................................

...THE ALBANY CLIMATE SUMMARY FOR FEBRUARY 20 2017...

CLIMATE NORMAL PERIOD 1981 TO 2010
CLIMATE RECORD PERIOD 1930 TO 2017


WEATHER ITEM   OBSERVED TIME   RECORD YEAR NORMAL DEPARTURE LAST
                VALUE   (LST)  VALUE       VALUE  FROM      YEAR
                                                  NORMAL
..................................................................
TEMPERATURE (F)
 YESTERDAY
  MAXIMUM         79    325 PM  82    2014  66     13       75
  MINIMUM         47    729 AM  22    2015  41      6       41
  AVERAGE         63                        53     10       58

PRECIPITATION (IN)
  YESTERDAY        0.00                      0.17  -0.17     0.00
  MONTH TO DATE    2.11                      2.86  -0.75     3.12
  SINCE DEC 1     21.57                     11.43  10.14    13.64
  SINCE JAN 1     10.89                      7.68   3.21     6.78

SNOWFALL (IN)
  YESTERDAY        0.0

DEGREE DAYS
 HEATING
  YESTERDAY        2                        12    -10        7
  MONTH TO DATE  122                       269   -147      263
  SINCE DEC 1    645                      1203   -558      932
  SINCE JUL 1    786                      1473   -687     1056

 COOLING
  YESTERDAY        0                         0      0        0
  MONTH TO DATE    6                         0      6        0
  SINCE DEC 1     49                        13     36       76
  SINCE JAN 1     26                         4     22        0
..................................................................


WIND (MPH)
  HIGHEST WIND SPEED    13   HIGHEST WIND DIRECTION    SE (130)
  HIGHEST GUST SPEED    19   HIGHEST GUST DIRECTION    SE (130)
  AVERAGE WIND SPEED     1.9




RELATIVE HUMIDITY (PERCENT)
 HIGHEST   100
 LOWEST     40
 AVERAGE    70

..........................................................


THE ALBANY CLIMATE NORMALS FOR TODAY
                         NORMAL    RECORD    YEAR
 MAXIMUM TEMPERATURE (F)   66        84      1991
 MINIMUM TEMPERATURE (F)   41        21      1958


SUNRISE AND SUNSET
FEBRUARY 21 2017......SUNRISE   712 AM EST   SUNSET   629 PM EST
FEBRUARY 22 2017......SUNRISE   711 AM EST   SUNSET   630 PM EST


-  INDICATES NEGATIVE NUMBERS.
R  INDICATES RECORD WAS SET OR TIED.
MM INDICATES DATA IS MISSING.
T  INDICATES TRACE AMOUNT.




$$
