000
CDUS42 KTAE 250653
CLIABY


CLIMATE REPORT
NATIONAL WEATHER SERVICE TALLAHASSEE FL
252 AM EDT MON MAY 25 2015


...................................

...THE ALBANY CLIMATE SUMMARY FOR MAY 24 2015...

CLIMATE NORMAL PERIOD 1981 TO 2010
CLIMATE RECORD PERIOD 1930 TO 2015


WEATHER ITEM   OBSERVED TIME   RECORD YEAR NORMAL DEPARTURE LAST
                VALUE   (LST)  VALUE       VALUE  FROM      YEAR
                                                  NORMAL
..................................................................
TEMPERATURE (F)
 YESTERDAY
  MAXIMUM         91    401 PM  99    1941  89      2       93
  MINIMUM         68    616 AM  45    1993  65      3       67
  AVERAGE         80                        77      3       80

PRECIPITATION (IN)
  YESTERDAY        0.00                      0.09  -0.09     0.00
  MONTH TO DATE    0.11                      1.79  -1.68     2.08
  SINCE MAR 1      7.46                     10.48  -3.02    12.81
  SINCE JAN 1     14.79                     19.46  -4.67    18.05

SNOWFALL (IN)
  YESTERDAY        0.0

DEGREE DAYS
 HEATING
  YESTERDAY        0                         0      0        0
  MONTH TO DATE    2                         0      2       11
  SINCE MAR 1    125                       274   -149      349
  SINCE JUL 1   1849                      1834     15     1945

 COOLING
  YESTERDAY       15                        12      3       15
  MONTH TO DATE  254                       213     41      195
  SINCE MAR 1    500                       344    156      291
  SINCE JAN 1    502                       353    149      295
..................................................................


WIND (MPH)
  HIGHEST WIND SPEED    17   HIGHEST WIND DIRECTION     E (110)
  HIGHEST GUST SPEED    21   HIGHEST GUST DIRECTION     E (90)
  AVERAGE WIND SPEED     9.0




RELATIVE HUMIDITY (PERCENT)
 HIGHEST    87
 LOWEST     36
 AVERAGE    62

..........................................................


THE ALBANY CLIMATE NORMALS FOR TODAY
                         NORMAL    RECORD    YEAR
 MAXIMUM TEMPERATURE (F)   89        99      2012
                                             1962
 MINIMUM TEMPERATURE (F)   65        48      1979


SUNRISE AND SUNSET
MAY 25 2015...........SUNRISE   635 AM EDT   SUNSET   833 PM EDT
MAY 26 2015...........SUNRISE   635 AM EDT   SUNSET   833 PM EDT


-  INDICATES NEGATIVE NUMBERS.
R  INDICATES RECORD WAS SET OR TIED.
MM INDICATES DATA IS MISSING.
T  INDICATES TRACE AMOUNT.




$$
