000
CDUS42 KTAE 192232
CLIABY


CLIMATE REPORT
NATIONAL WEATHER SERVICE TALLAHASSEE FL
531 PM EST MON FEB 19 2018


...................................

...THE ALBANY CLIMATE SUMMARY FOR FEBRUARY 19 2018...
VALID TODAY AS OF 0500 PM LOCAL TIME.

CLIMATE NORMAL PERIOD 1981 TO 2010
CLIMATE RECORD PERIOD 1930 TO 2018


WEATHER ITEM   OBSERVED TIME   RECORD YEAR NORMAL DEPARTURE LAST
                VALUE   (LST)  VALUE       VALUE  FROM      YEAR
                                                  NORMAL
..................................................................
TEMPERATURE (F)
 TODAY
  MAXIMUM         82R   459 PM  82    2011  65     17       77
                                      1951
  MINIMUM         59    654 AM  19    1958  41     18       53
  AVERAGE         71                        53     18       65

PRECIPITATION (IN)
  TODAY            0.00                      0.17  -0.17     0.00
  MONTH TO DATE    4.70                      2.69   2.01     2.11
  SINCE DEC 1     10.69                     11.26  -0.57    21.57
  SINCE JAN 1      7.57                      7.51   0.06    10.89

..................................................................







THE ALBANY CLIMATE NORMALS FOR TOMORROW
                         NORMAL    RECORD    YEAR
 MAXIMUM TEMPERATURE (F)   66        82      2014
 MINIMUM TEMPERATURE (F)   41        22      2015



-  INDICATES NEGATIVE NUMBERS.
R  INDICATES RECORD WAS SET OR TIED.
MM INDICATES DATA IS MISSING.
T  INDICATES TRACE AMOUNT.




$$
