000
CDUS42 KTAE 272149
CLIABY


CLIMATE REPORT
NATIONAL WEATHER SERVICE TALLAHASSEE FL
549 PM EDT MON MAR 27 2017


...................................

...THE ALBANY CLIMATE SUMMARY FOR MARCH 27 2017...
VALID TODAY AS OF 0500 PM LOCAL TIME.

CLIMATE NORMAL PERIOD 1981 TO 2010
CLIMATE RECORD PERIOD 1930 TO 2017


WEATHER ITEM   OBSERVED TIME   RECORD YEAR NORMAL DEPARTURE LAST
                VALUE   (LST)  VALUE       VALUE  FROM      YEAR
                                                  NORMAL
..................................................................
TEMPERATURE (F)
 TODAY
  MAXIMUM         85    313 PM  87    2012  75     10       67
                                      1945
  MINIMUM         59    555 AM  23    1955  49     10       61
  AVERAGE         72                        62     10       64

PRECIPITATION (IN)
  TODAY            0.00                      0.18  -0.18     0.64
  MONTH TO DATE    1.21                      4.30  -3.09     4.52
  SINCE MAR 1      1.21                      4.30  -3.09     4.52
  SINCE JAN 1     13.03                     13.28  -0.25    14.83

..................................................................







THE ALBANY CLIMATE NORMALS FOR TOMORROW
                         NORMAL    RECORD    YEAR
 MAXIMUM TEMPERATURE (F)   75        87      2007
                                             1945
 MINIMUM TEMPERATURE (F)   49        29      1969



-  INDICATES NEGATIVE NUMBERS.
R  INDICATES RECORD WAS SET OR TIED.
MM INDICATES DATA IS MISSING.
T  INDICATES TRACE AMOUNT.




$$
