000
CDUS42 KTAE 290653
CLIABY


CLIMATE REPORT
NATIONAL WEATHER SERVICE TALLAHASSEE FL
252 AM EDT MON MAY 29 2017


...................................

...THE ALBANY CLIMATE SUMMARY FOR MAY 28 2017...

CLIMATE NORMAL PERIOD 1981 TO 2010
CLIMATE RECORD PERIOD 1930 TO 2017


WEATHER ITEM   OBSERVED TIME   RECORD YEAR NORMAL DEPARTURE LAST
                VALUE   (LST)  VALUE       VALUE  FROM      YEAR
                                                  NORMAL
..................................................................
TEMPERATURE (F)
 YESTERDAY
  MAXIMUM         94    312 PM 101    1962  89      5       91
  MINIMUM         70    313 AM  46    1988  66      4       66
  AVERAGE         82                        78      4       79

PRECIPITATION (IN)
  YESTERDAY        0.00                      0.13  -0.13     0.00
  MONTH TO DATE    3.83                      2.26   1.57     0.78
  SINCE MAR 1      7.18                     10.95  -3.77    12.42
  SINCE JAN 1     19.00                     19.93  -0.93    22.73

SNOWFALL (IN)
  YESTERDAY        0.0

DEGREE DAYS
 HEATING
  YESTERDAY        0                         0      0        0
  MONTH TO DATE   10                         0     10        4
  SINCE MAR 1    199                       274    -75      155
  SINCE JUL 1   1002                      1834   -832     1290

 COOLING
  YESTERDAY       17                        13      4       14
  MONTH TO DATE  262                       262      0      255
  SINCE MAR 1    543                       393    150      439
  SINCE JAN 1    581                       402    179      442
..................................................................


WIND (MPH)
  HIGHEST WIND SPEED    18   HIGHEST WIND DIRECTION     W (260)
  HIGHEST GUST SPEED    26   HIGHEST GUST DIRECTION     W (280)
  AVERAGE WIND SPEED     8.3




RELATIVE HUMIDITY (PERCENT)
 HIGHEST   100
 LOWEST     41
 AVERAGE    71

..........................................................


THE ALBANY CLIMATE NORMALS FOR TODAY
                         NORMAL    RECORD    YEAR
 MAXIMUM TEMPERATURE (F)   90        99      1937
 MINIMUM TEMPERATURE (F)   66        49      1988


SUNRISE AND SUNSET
MAY 29 2017...........SUNRISE   633 AM EDT   SUNSET   835 PM EDT
MAY 30 2017...........SUNRISE   633 AM EDT   SUNSET   836 PM EDT


-  INDICATES NEGATIVE NUMBERS.
R  INDICATES RECORD WAS SET OR TIED.
MM INDICATES DATA IS MISSING.
T  INDICATES TRACE AMOUNT.




$$
