000
CDUS44 KFWD 120639
CLIACT

FTWCLIACT
TTAA00 KFWD 120637


CLIMATE REPORT
NATIONAL WEATHER SERVICE FORT WORTH TX
136 AM CDT SAT JUL 12 2014


...................................

...THE WACO CLIMATE SUMMARY FOR JULY 11 2014...

CLIMATE NORMAL PERIOD 1981 TO 2010
CLIMATE RECORD PERIOD 1901 TO 2014


WEATHER ITEM   OBSERVED TIME   RECORD YEAR NORMAL DEPARTURE LAST
                VALUE   (LST)  VALUE       VALUE  FROM      YEAR
                                                  NORMAL
..................................................................
TEMPERATURE (F)
 YESTERDAY
  MAXIMUM         96    254 PM 106    1998  96      0      103
                                      1917
  MINIMUM         71    604 AM  62    1905  74     -3       79
  AVERAGE         84                        85     -1       91

PRECIPITATION (IN)
  YESTERDAY        0.00          2.42 1941   0.05  -0.05     0.00
  MONTH TO DATE    T                         0.68  -0.68     0.00
  SINCE JUN 1      8.31                      4.11   4.20     1.62
  SINCE JAN 1     19.45                     19.00   0.45    15.71

DEGREE DAYS
 HEATING
  YESTERDAY        0                         0      0        0
  MONTH TO DATE    0                         0      0        0
  SINCE JUN 1      0                         0      0        0
  SINCE JUL 1      0                         0      0        0

 COOLING
  YESTERDAY       19                        20     -1       26
  MONTH TO DATE  198                       213    -15      210
  SINCE JUN 1    679                       701    -22      762
  SINCE JAN 1   1066                      1153    -87     1179
..................................................................


WIND (MPH)
  HIGHEST WIND SPEED    18   HIGHEST WIND DIRECTION     S (200)
  HIGHEST GUST SPEED    25   HIGHEST GUST DIRECTION     S (190)
  AVERAGE WIND SPEED    10.2


SKY COVER
  POSSIBLE SUNSHINE  MM
  AVERAGE SKY COVER 0.0


WEATHER CONDITIONS
 THE FOLLOWING WEATHER WAS RECORDED YESTERDAY.
  NO SIGNIFICANT WEATHER WAS OBSERVED.


RELATIVE HUMIDITY (PERCENT)
 HIGHEST    90           500 AM
 LOWEST     31           300 PM
 AVERAGE    61

..........................................................


THE WACO CLIMATE NORMALS FOR TODAY
                         NORMAL    RECORD    YEAR
 MAXIMUM TEMPERATURE (F)   96       109      1998
 MINIMUM TEMPERATURE (F)   74        65      1905


SUNRISE AND SUNSET
JULY 12 2014..........SUNRISE   633 AM CDT   SUNSET   836 PM CDT
JULY 13 2014..........SUNRISE   633 AM CDT   SUNSET   836 PM CDT


-  INDICATES NEGATIVE NUMBERS.
R  INDICATES RECORD WAS SET OR TIED.
MM INDICATES DATA IS MISSING.
T  INDICATES TRACE AMOUNT.




$$
