000
CDUS44 KFWD 302125
CLIACT

CLIMATE REPORT
NATIONAL WEATHER SERVICE FORT WORTH TX
425 PM CDT SAT AUG 30 2014


...................................

...THE WACO CLIMATE SUMMARY FOR AUGUST 30 2014...
VALID AS OF 0400 PM LOCAL TIME.

CLIMATE NORMAL PERIOD 1981 TO 2010
CLIMATE RECORD PERIOD 1901 TO 2014


WEATHER ITEM   OBSERVED TIME   RECORD YEAR NORMAL DEPARTURE LAST
                VALUE   (LST)  VALUE       VALUE  FROM      YEAR
                                                  NORMAL
..................................................................
TEMPERATURE (F)
 TODAY
  MAXIMUM         95    313 PM 106    1954  95      0      104
  MINIMUM         73    638 AM  57    1986  72      1       73
  AVERAGE         84

PRECIPITATION (IN)
  TODAY            0.00          1.94 1995   0.09  -0.09     0.00
  MONTH TO DATE    0.98                      1.96  -0.98     0.22
  SINCE JUN 1      9.44                      7.18   2.26     7.34
  SINCE JAN 1     20.58                     22.07  -1.49    21.43

..................................................................


WIND (MPH)
  HIGHEST WIND SPEED    14   HIGHEST WIND DIRECTION    SE (120)
  HIGHEST GUST SPEED    17   HIGHEST GUST DIRECTION     E (110)
  AVERAGE WIND SPEED     6.3




..........................................................


THE WACO CLIMATE NORMALS FOR TOMORROW
                         NORMAL    RECORD    YEAR
 MAXIMUM TEMPERATURE (F)   95       109      1990
 MINIMUM TEMPERATURE (F)   72        58      1915


SUNRISE AND SUNSET
AUGUST 30 2014........SUNRISE   703 AM CDT   SUNSET   755 PM CDT
AUGUST 31 2014........SUNRISE   704 AM CDT   SUNSET   754 PM CDT


-  INDICATES NEGATIVE NUMBERS.
R  INDICATES RECORD WAS SET OR TIED.
MM INDICATES DATA IS MISSING.
T  INDICATES TRACE AMOUNT.




$$
