000
CDUS44 KFWD 240639
CLIACT

CLIMATE REPORT
NATIONAL WEATHER SERVICE FORT WORTH TX
140 AM CDT SUN SEP 24 2017

...................................

...THE WACO CLIMATE SUMMARY FOR SEPTEMBER 23 2017...

CLIMATE NORMAL PERIOD 1981 TO 2010
CLIMATE RECORD PERIOD 1901 TO 2017


WEATHER ITEM   OBSERVED TIME   RECORD YEAR NORMAL DEPARTURE LAST
                VALUE   (LST)  VALUE       VALUE  FROM      YEAR
                                                  NORMAL
..................................................................
TEMPERATURE (F)
 YESTERDAY
  MAXIMUM         94    350 PM  99    2005  87      7       94
                                      2000
  MINIMUM         69    620 AM  45    1999  64      5       76
  AVERAGE         82                        76      6       85

PRECIPITATION (IN)
  YESTERDAY        0.00          1.13 1928   0.11  -0.11     0.00
  MONTH TO DATE    0.00                      2.33  -2.33     0.33
  SINCE SEP 1      0.00                      2.33  -2.33     0.33
  SINCE JAN 1     28.71                     24.49   4.22    32.31

DEGREE DAYS
 HEATING
  YESTERDAY        0                         0      0        0
  MONTH TO DATE    0                         0      0        0
  SINCE SEP 1      0                         0      0        0
  SINCE JUL 1      0                         0      0        0

 COOLING
  YESTERDAY       17                        11      6       20
  MONTH TO DATE  339                       330      9      415
  SINCE SEP 1    339                       330      9      415
  SINCE JAN 1   2679                      2525    154     2655
..................................................................


WIND (MPH)
  HIGHEST WIND SPEED    18   HIGHEST WIND DIRECTION    SE (150)
  HIGHEST GUST SPEED    23   HIGHEST GUST DIRECTION    SE (150)
  AVERAGE WIND SPEED     9.2


SKY COVER
  POSSIBLE SUNSHINE  MM
  AVERAGE SKY COVER 0.2


WEATHER CONDITIONS
 THE FOLLOWING WEATHER WAS RECORDED YESTERDAY.
  NO SIGNIFICANT WEATHER WAS OBSERVED.


RELATIVE HUMIDITY (PERCENT)
 HIGHEST   100           700 AM
 LOWEST     33           400 PM
 AVERAGE    67

..........................................................


THE WACO CLIMATE NORMALS FOR TODAY
                         NORMAL    RECORD    YEAR
 MAXIMUM TEMPERATURE (F)   87       102      1977
 MINIMUM TEMPERATURE (F)   63        46      1989


SUNRISE AND SUNSET
SEPTEMBER 24 2017.....SUNRISE   718 AM CDT   SUNSET   722 PM CDT
SEPTEMBER 25 2017.....SUNRISE   719 AM CDT   SUNSET   721 PM CDT


-  INDICATES NEGATIVE NUMBERS.
R  INDICATES RECORD WAS SET OR TIED.
MM INDICATES DATA IS MISSING.
T  INDICATES TRACE AMOUNT.

$$
