000
CDUS44 KFWD 160715
CLIACT


CLIMATE REPORT
NATIONAL WEATHER SERVICE FORT WORTH TX
115 AM CST TUE JAN 16 2018


...................................

...THE WACO CLIMATE SUMMARY FOR JANUARY 15 2018...

CLIMATE NORMAL PERIOD 1981 TO 2010
CLIMATE RECORD PERIOD 1901 TO 2018


WEATHER ITEM   OBSERVED TIME   RECORD YEAR NORMAL DEPARTURE LAST
                VALUE   (LST)  VALUE       VALUE  FROM      YEAR
                                                  NORMAL
..................................................................
TEMPERATURE (F)
 YESTERDAY
  MAXIMUM         63    415 PM  80    1950  58      5       67
                                      1907
  MINIMUM         31   1159 PM  17    1905  36     -5       45
  AVERAGE         47                        47      0       56

PRECIPITATION (IN)
  YESTERDAY        0.15          0.75 2007   0.07   0.08     0.38
  MONTH TO DATE    0.20                      0.96  -0.76     0.74
  SINCE DEC 1      1.98                      3.71  -1.73     2.01
  SINCE JAN 1      0.20                      0.96  -0.76     0.74

SNOWFALL (IN)
  YESTERDAY        T             1.0  1964   0.0    0.0      0.0
  MONTH TO DATE    T                         0.1   -0.1      0.0
  SINCE DEC 1      T                         0.1   -0.1       T
  SINCE JUL 1      T                         0.2   -0.2       T
  SNOW DEPTH       0

DEGREE DAYS
 HEATING
  YESTERDAY       18                        18      0        9
  MONTH TO DATE  337                       275     62      245
  SINCE DEC 1    861                       799     62      685
  SINCE JUL 1   1102                      1127    -25      828

 COOLING
  YESTERDAY        0                         0      0        0
  MONTH TO DATE    0                         0      0        9
  SINCE DEC 1      9                         5      4       32
  SINCE JAN 1      0                         0      0        9
..................................................................


WIND (MPH)
  HIGHEST WIND SPEED    33   HIGHEST WIND DIRECTION     N (360)
  HIGHEST GUST SPEED    40   HIGHEST GUST DIRECTION     N (350)
  AVERAGE WIND SPEED    12.0


SKY COVER
  POSSIBLE SUNSHINE  MM
  AVERAGE SKY COVER 0.5


WEATHER CONDITIONS
 THE FOLLOWING WEATHER WAS RECORDED YESTERDAY.
  HEAVY RAIN
  RAIN
  LIGHT RAIN
  FREEZING RAIN
  LT FREEZING RAIN
  LIGHT SNOW
  SLEET
  FOG


RELATIVE HUMIDITY (PERCENT)
 HIGHEST   100           800 AM
 LOWEST     60           200 PM
 AVERAGE    80

..........................................................


THE WACO CLIMATE NORMALS FOR TODAY
                         NORMAL    RECORD    YEAR
 MAXIMUM TEMPERATURE (F)   58        84      1943
 MINIMUM TEMPERATURE (F)   36        15      1930


SUNRISE AND SUNSET
JANUARY 16 2018.......SUNRISE   729 AM CST   SUNSET   549 PM CST
JANUARY 17 2018.......SUNRISE   728 AM CST   SUNSET   550 PM CST


-  INDICATES NEGATIVE NUMBERS.
R  INDICATES RECORD WAS SET OR TIED.
MM INDICATES DATA IS MISSING.
T  INDICATES TRACE AMOUNT.




$$
