000
CDUS41 KPHI 190550
CLIACY


CLIMATE REPORT
NATIONAL WEATHER SERVICE MOUNT HOLLY NJ
149 AM EDT SAT AUG 19 2017


...................................

...THE ATLANTIC CITY NJ CLIMATE SUMMARY FOR AUGUST 18 2017...

CLIMATE NORMAL PERIOD 1981 TO 2010
CLIMATE RECORD PERIOD 1874 TO 2017


WEATHER ITEM   OBSERVED TIME   RECORD YEAR NORMAL DEPARTURE LAST
                VALUE   (LST)  VALUE       VALUE  FROM      YEAR
                                                  NORMAL
..................................................................
TEMPERATURE (F)
 YESTERDAY
  MAXIMUM         87    231 PM  96    2002  84      3       88
  MINIMUM         75   1159 PM  52    1981  65     10       72
                                      1979
  AVERAGE         81                        74      7       80

PRECIPITATION (IN)
  YESTERDAY        0.47          8.97 1879   0.14   0.33     0.24
  MONTH TO DATE    3.11                      2.53   0.58     0.76
  SINCE JUN 1     15.79                      9.36   6.43    11.90
  SINCE JAN 1     37.45                     26.64  10.81    31.96

SNOWFALL (IN)
  YESTERDAY        0.0           0.0    MM   0.0    0.0      0.0
  MONTH TO DATE    0.0                       0.0    0.0      0.0
  SINCE JUN 1      0.0                       0.0    0.0      0.0
  SINCE JUL 1      0.0                       0.0    0.0      0.0
  SNOW DEPTH       0

DEGREE DAYS
 HEATING
  YESTERDAY        0                         0      0        0
  MONTH TO DATE    0                         0      0        0
  SINCE JUN 1     24                        27     -3        4
  SINCE JUL 1      0                         0      0        0

 COOLING
  YESTERDAY       16                         9      7       15
  MONTH TO DATE  181                       187     -6      270
  SINCE JUN 1    829                       737     92      874
  SINCE JAN 1    914                       801    113      953
..................................................................


WIND (MPH)
  HIGHEST WIND SPEED    22   HIGHEST WIND DIRECTION     S (160)
  HIGHEST GUST SPEED    31   HIGHEST GUST DIRECTION     S (180)
  AVERAGE WIND SPEED    10.3


SKY COVER
  POSSIBLE SUNSHINE  MM
  AVERAGE SKY COVER 0.7


WEATHER CONDITIONS
 THE FOLLOWING WEATHER WAS RECORDED YESTERDAY.
  THUNDERSTORM
  HEAVY RAIN
  RAIN
  LIGHT RAIN
  FOG
  HAZE


RELATIVE HUMIDITY (PERCENT)
 HIGHEST    94          1000 AM
 LOWEST     77           100 PM
 AVERAGE    86

..........................................................


THE ATLANTIC CITY NJ CLIMATE NORMALS FOR TODAY
                         NORMAL    RECORD    YEAR
 MAXIMUM TEMPERATURE (F)   84        94      2002
                                             1965
 MINIMUM TEMPERATURE (F)   65        50      1976


SUNRISE AND SUNSET
AUGUST 19 2017........SUNRISE   615 AM EDT   SUNSET   748 PM EDT
AUGUST 20 2017........SUNRISE   616 AM EDT   SUNSET   747 PM EDT


-  INDICATES NEGATIVE NUMBERS.
R  INDICATES RECORD WAS SET OR TIED.
MM INDICATES DATA IS MISSING.
T  INDICATES TRACE AMOUNT.




$$
