763
CDUS41 KPHI 122128
CLIACY


CLIMATE REPORT
NATIONAL WEATHER SERVICE MOUNT HOLLY NJ
427 PM EST TUE DEC 12 2017


...................................

...THE ATLANTIC CITY NJ CLIMATE SUMMARY FOR DECEMBER 12 2017...
VALID TODAY AS OF 0400 PM LOCAL TIME.

CLIMATE NORMAL PERIOD 1981 TO 2010
CLIMATE RECORD PERIOD 1874 TO 2017


WEATHER ITEM   OBSERVED TIME   RECORD YEAR NORMAL DEPARTURE LAST
                VALUE   (LST)  VALUE       VALUE  FROM      YEAR
                                                  NORMAL
..................................................................
TEMPERATURE (F)
 TODAY
  MAXIMUM         52   1042 AM  71    2015  47      5       51
  MINIMUM         33   1225 AM   5    1988  29      4       35
  AVERAGE         43                        38      5       43

PRECIPITATION (IN)
  TODAY            0.00          1.12 1964   0.13  -0.13     0.41
  MONTH TO DATE    0.81                      1.48  -0.67     1.61
  SINCE DEC 1      0.81                      1.48  -0.67     1.61
  SINCE JAN 1     49.74                     39.54  10.20    43.34

SNOWFALL (IN)
  TODAY            0.0           6.7  1982   0.1   -0.1      0.0
  MONTH TO DATE    3.0                       1.1    1.9      0.0
  SINCE DEC 1      3.0                       1.1    1.9      0.0
  SINCE JUL 1      3.0                       1.3    1.7       T
  SNOW DEPTH       0

DEGREE DAYS
 HEATING
  TODAY           22                        27     -5       22
  MONTH TO DATE  279                       302    -23      287
  SINCE DEC 1    279                       302    -23      287
  SINCE JUL 1    982                      1209   -227     1034

 COOLING
  TODAY            0                         0      0        0
  MONTH TO DATE    0                         0      0        0
  SINCE DEC 1      0                         0      0        0
  SINCE JAN 1   1264                      1055    209     1340
..................................................................


WIND (MPH)
  HIGHEST WIND SPEED    21   HIGHEST WIND DIRECTION     W (290)
  HIGHEST GUST SPEED    31   HIGHEST GUST DIRECTION    SW (240)
  AVERAGE WIND SPEED     9.5


SKY COVER
  POSSIBLE SUNSHINE  MM
  AVERAGE SKY COVER 0.5


WEATHER CONDITIONS
 THE FOLLOWING WEATHER WAS RECORDED TODAY.
  NO SIGNIFICANT WEATHER WAS OBSERVED.


RELATIVE HUMIDITY (PERCENT)
 HIGHEST    89          1200 AM
 LOWEST     52           200 PM
 AVERAGE    71

..........................................................


THE ATLANTIC CITY NJ CLIMATE NORMALS FOR TOMORROW
                         NORMAL    RECORD    YEAR
 MAXIMUM TEMPERATURE (F)   47        73      2015
 MINIMUM TEMPERATURE (F)   29         4      1982


SUNRISE AND SUNSET
DECEMBER 12 2017......SUNRISE   709 AM EST   SUNSET   435 PM EST
DECEMBER 13 2017......SUNRISE   710 AM EST   SUNSET   435 PM EST


-  INDICATES NEGATIVE NUMBERS.
R  INDICATES RECORD WAS SET OR TIED.
MM INDICATES DATA IS MISSING.
T  INDICATES TRACE AMOUNT.




$$
