000
CDUS41 KPHI 160629
CLIACY


CLIMATE REPORT
NATIONAL WEATHER SERVICE MOUNT HOLLY NJ
129 AM EST MON JAN 16 2017


...................................

...THE ATLANTIC CITY NJ CLIMATE SUMMARY FOR JANUARY 15 2017...

CLIMATE NORMAL PERIOD 1981 TO 2010
CLIMATE RECORD PERIOD 1874 TO 2017


WEATHER ITEM   OBSERVED TIME   RECORD YEAR NORMAL DEPARTURE LAST
                VALUE   (LST)  VALUE       VALUE  FROM      YEAR
                                                  NORMAL
..................................................................
TEMPERATURE (F)
 YESTERDAY
  MAXIMUM         44    310 PM  66    2007  41      3       54
                                      1995
  MINIMUM         28   1147 PM   0    1988  24      4       30
                                      1965
  AVERAGE         36                        33      3       42

PRECIPITATION (IN)
  YESTERDAY        0.00          1.24 1918   0.11  -0.11     0.32
  MONTH TO DATE    2.10                      1.60   0.50     1.12
  SINCE DEC 1      5.39                      5.29   0.10     6.56
  SINCE JAN 1      2.10                      1.60   0.50     1.12

SNOWFALL (IN)
  YESTERDAY        0.0           2.7  1927   0.1   -0.1      0.0
  MONTH TO DATE    7.0                       1.8    5.2       T
  SINCE DEC 1      7.0                       5.5    1.5       T
  SINCE JUL 1      7.0                       5.7    1.3       T
  SNOW DEPTH       0

DEGREE DAYS
 HEATING
  YESTERDAY       29                        32     -3       23
  MONTH TO DATE  432                       478    -46      455
  SINCE DEC 1   1246                      1340    -94      896
  SINCE JUL 1   1993                      2247   -254     1591

 COOLING
  YESTERDAY        0                         0      0        0
  MONTH TO DATE    0                         0      0        0
  SINCE DEC 1      0                         0      0        3
  SINCE JAN 1      0                         0      0        0
..................................................................


WIND (MPH)
  HIGHEST WIND SPEED    17   HIGHEST WIND DIRECTION     N (350)
  HIGHEST GUST SPEED    22   HIGHEST GUST DIRECTION     N (340)
  AVERAGE WIND SPEED     6.3


SKY COVER
  POSSIBLE SUNSHINE  MM
  AVERAGE SKY COVER 0.3


WEATHER CONDITIONS
 THE FOLLOWING WEATHER WAS RECORDED YESTERDAY.
  FOG
  HAZE


RELATIVE HUMIDITY (PERCENT)
 HIGHEST    96          1200 AM
 LOWEST     45           200 PM
 AVERAGE    71

..........................................................


THE ATLANTIC CITY NJ CLIMATE NORMALS FOR TODAY
                         NORMAL    RECORD    YEAR
 MAXIMUM TEMPERATURE (F)   41        66      1953
 MINIMUM TEMPERATURE (F)   24        -4      1977
                                             1893


SUNRISE AND SUNSET
JANUARY 16 2017.......SUNRISE   716 AM EST   SUNSET   500 PM EST
JANUARY 17 2017.......SUNRISE   716 AM EST   SUNSET   501 PM EST


-  INDICATES NEGATIVE NUMBERS.
R  INDICATES RECORD WAS SET OR TIED.
MM INDICATES DATA IS MISSING.
T  INDICATES TRACE AMOUNT.




$$
