000
CDUS41 KPHI 230630
CLIACY


CLIMATE REPORT
NATIONAL WEATHER SERVICE MOUNT HOLLY NJ
128 AM EST SUN NOV 23 2014


...................................

...THE ATLANTIC CITY NJ CLIMATE SUMMARY FOR NOVEMBER 22 2014...

CLIMATE NORMAL PERIOD 1981 TO 2010
CLIMATE RECORD PERIOD 1874 TO 2014


WEATHER ITEM   OBSERVED TIME   RECORD YEAR NORMAL DEPARTURE LAST
                VALUE   (LST)  VALUE       VALUE  FROM      YEAR
                                                  NORMAL
..................................................................
TEMPERATURE (F)
 YESTERDAY
  MAXIMUM         44    401 PM  72    2007  54    -10       59
                                      1931
  MINIMUM         16    622 AM  12    1879  36    -20       44
  AVERAGE         30                        45    -15       52

PRECIPITATION (IN)
  YESTERDAY        0.00          1.53 1924   0.11  -0.11     0.04
  MONTH TO DATE    3.82                      2.36   1.46     0.78
  SINCE SEP 1     10.56                      8.93   1.63     6.87
  SINCE JAN 1     47.28                     37.15  10.13    38.29

SNOWFALL (IN)
  YESTERDAY        0.0           1.5  1989   0.1   -0.1      0.0
  MONTH TO DATE    T                         0.1   -0.1       T
  SINCE SEP 1      T                         0.1   -0.1       T
  SINCE JUL 1      T                         0.1   -0.1       T
  SNOW DEPTH       0

DEGREE DAYS
 HEATING
  YESTERDAY       35                        20     15       13
  MONTH TO DATE  472                       373     99      404
  SINCE SEP 1    746                       728     18      769
  SINCE JUL 1    746                       731     15      769

 COOLING
  YESTERDAY        0                         0      0        0
  MONTH TO DATE    0                         0      0        0
  SINCE SEP 1    145                       145      0      132
  SINCE JAN 1    857                      1054   -197     1088
..................................................................


WIND (MPH)
  HIGHEST WIND SPEED    18   HIGHEST WIND DIRECTION    SW (230)
  HIGHEST GUST SPEED    26   HIGHEST GUST DIRECTION    NW (310)
  AVERAGE WIND SPEED     7.1


SKY COVER
  POSSIBLE SUNSHINE  MM
  AVERAGE SKY COVER 0.3


WEATHER CONDITIONS
 THE FOLLOWING WEATHER WAS RECORDED YESTERDAY.
  NO SIGNIFICANT WEATHER WAS OBSERVED.


RELATIVE HUMIDITY (PERCENT)
 HIGHEST    74           800 AM
 LOWEST     30          1200 PM
 AVERAGE    52

..........................................................


THE ATLANTIC CITY NJ CLIMATE NORMALS FOR TODAY
                         NORMAL    RECORD    YEAR
 MAXIMUM TEMPERATURE (F)   54        74      1992
                                             1900
 MINIMUM TEMPERATURE (F)   35        10      1989


SUNRISE AND SUNSET
NOVEMBER 23 2014......SUNRISE   651 AM EST   SUNSET   438 PM EST
NOVEMBER 24 2014......SUNRISE   652 AM EST   SUNSET   438 PM EST


-  INDICATES NEGATIVE NUMBERS.
R  INDICATES RECORD WAS SET OR TIED.
MM INDICATES DATA IS MISSING.
T  INDICATES TRACE AMOUNT.




$$
