000
CDUS41 KPHI 280630
CLIACY


CLIMATE REPORT
NATIONAL WEATHER SERVICE MOUNT HOLLY NJ
228 AM EDT THU MAY 28 2015


...................................

...THE ATLANTIC CITY NJ CLIMATE SUMMARY FOR MAY 27 2015...

CLIMATE NORMAL PERIOD 1981 TO 2010
CLIMATE RECORD PERIOD 1874 TO 2015


WEATHER ITEM   OBSERVED TIME   RECORD YEAR NORMAL DEPARTURE LAST
                VALUE   (LST)  VALUE       VALUE  FROM      YEAR
                                                  NORMAL
..................................................................
TEMPERATURE (F)
 YESTERDAY
  MAXIMUM         81   1019 AM  93    1991  75      6       89
                                      1941
  MINIMUM         65    510 AM  36    1969  55     10       66
  AVERAGE         73                        64      9       78

PRECIPITATION (IN)
  YESTERDAY        0.00          1.96 1890   0.11  -0.11     0.12
  MONTH TO DATE    0.71                      2.88  -2.17     1.88
  SINCE MAR 1      9.90                     10.72  -0.82    11.25
  SINCE JAN 1     17.96                     16.81   1.15    19.80

SNOWFALL (IN)
  YESTERDAY        0.0           T    1989   0.0    0.0      0.0
  MONTH TO DATE    0.0                       0.0    0.0      0.0
  SINCE MAR 1      7.4                       1.4    6.0     15.6
  SINCE JUL 1     22.4                      16.5    5.9     43.8
  SNOW DEPTH       0

DEGREE DAYS
 HEATING
  YESTERDAY        0                         3     -3        0
  MONTH TO DATE   80                       164    -84      102
  SINCE MAR 1   1279                      1277      2     1415
  SINCE JUL 1   5154                      4868    286     5278

 COOLING
  YESTERDAY        8                         3      5       13
  MONTH TO DATE   96                        43     53       36
  SINCE MAR 1     96                        52     44       36
  SINCE JAN 1     96                        52     44       36
..................................................................


WIND (MPH)
  HIGHEST WIND SPEED    23   HIGHEST WIND DIRECTION     S (190)
  HIGHEST GUST SPEED    32   HIGHEST GUST DIRECTION     S (200)
  AVERAGE WIND SPEED    11.5


SKY COVER
  POSSIBLE SUNSHINE  MM
  AVERAGE SKY COVER 0.2


WEATHER CONDITIONS
 THE FOLLOWING WEATHER WAS RECORDED YESTERDAY.
  NO SIGNIFICANT WEATHER WAS OBSERVED.


RELATIVE HUMIDITY (PERCENT)
 HIGHEST    93           400 AM
 LOWEST     62          1000 AM
 AVERAGE    78

..........................................................


THE ATLANTIC CITY NJ CLIMATE NORMALS FOR TODAY
                         NORMAL    RECORD    YEAR
 MAXIMUM TEMPERATURE (F)   75        93      1991
 MINIMUM TEMPERATURE (F)   55        36      1994


SUNRISE AND SUNSET
MAY 28 2015...........SUNRISE   535 AM EDT   SUNSET   816 PM EDT
MAY 29 2015...........SUNRISE   535 AM EDT   SUNSET   817 PM EDT


-  INDICATES NEGATIVE NUMBERS.
R  INDICATES RECORD WAS SET OR TIED.
MM INDICATES DATA IS MISSING.
T  INDICATES TRACE AMOUNT.




$$
