000
CDUS41 KPHI 070637
CLIACY


CLIMATE REPORT
NATIONAL WEATHER SERVICE MOUNT HOLLY NJ
232 AM EDT TUE JUL 7 2015


...................................

...THE ATLANTIC CITY NJ CLIMATE SUMMARY FOR JULY 6 2015...

CLIMATE NORMAL PERIOD 1981 TO 2010
CLIMATE RECORD PERIOD 1874 TO 2015


WEATHER ITEM   OBSERVED TIME   RECORD YEAR NORMAL DEPARTURE LAST
                VALUE   (LST)  VALUE       VALUE  FROM      YEAR
                                                  NORMAL
..................................................................
TEMPERATURE (F)
 YESTERDAY
  MAXIMUM         84    234 PM 102    2010  85     -1       84
  MINIMUM         67    325 AM  48    1979  66      1       59
  AVERAGE         76                        76      0       72

PRECIPITATION (IN)
  YESTERDAY        T             1.77 2006   0.11  -0.11     0.00
  MONTH TO DATE    1.62                      0.68   0.94     1.71
  SINCE JUN 1      9.98                      3.79   6.19     3.25
  SINCE JAN 1     27.94                     21.07   6.87    23.43

SNOWFALL (IN)
  YESTERDAY        0.0           0.0  1903   0.0    0.0      0.0
  MONTH TO DATE    0.0                       0.0    0.0      0.0
  SINCE JUN 1      0.0                       0.0    0.0      0.0
  SINCE JUL 1      0.0                       0.0    0.0      0.0
  SNOW DEPTH       0

DEGREE DAYS
 HEATING
  YESTERDAY        0                         0      0        0
  MONTH TO DATE    0                         0      0        0
  SINCE JUN 1     26                        27     -1       10
  SINCE JUL 1      0                         0      0        0

 COOLING
  YESTERDAY       11                        11      0        7
  MONTH TO DATE   49                        63    -14       65
  SINCE JUN 1    294                       266     28      261
  SINCE JAN 1    428                       330     98      297
..................................................................


WIND (MPH)
  HIGHEST WIND SPEED    16   HIGHEST WIND DIRECTION    SE (150)
  HIGHEST GUST SPEED    19   HIGHEST GUST DIRECTION     S (160)
  AVERAGE WIND SPEED     6.9


SKY COVER
  POSSIBLE SUNSHINE  MM
  AVERAGE SKY COVER 0.4


WEATHER CONDITIONS
 THE FOLLOWING WEATHER WAS RECORDED YESTERDAY.
  LIGHT RAIN
  FOG


RELATIVE HUMIDITY (PERCENT)
 HIGHEST    93           200 AM
 LOWEST     69          1000 AM
 AVERAGE    81

..........................................................


THE ATLANTIC CITY NJ CLIMATE NORMALS FOR TODAY
                         NORMAL    RECORD    YEAR
 MAXIMUM TEMPERATURE (F)   85       100      2012
 MINIMUM TEMPERATURE (F)   67        47      1980


SUNRISE AND SUNSET
JULY  7 2015..........SUNRISE   538 AM EDT   SUNSET   828 PM EDT
JULY  8 2015..........SUNRISE   539 AM EDT   SUNSET   828 PM EDT


-  INDICATES NEGATIVE NUMBERS.
R  INDICATES RECORD WAS SET OR TIED.
MM INDICATES DATA IS MISSING.
T  INDICATES TRACE AMOUNT.




$$
