000
CDUS41 KPHI 052127
CLIACY


CLIMATE REPORT
NATIONAL WEATHER SERVICE MOUNT HOLLY NJ
426 PM EST MON DEC 5 2016


...................................

...THE ATLANTIC CITY NJ CLIMATE SUMMARY FOR DECEMBER 5 2016...
VALID TODAY AS OF 0400 PM LOCAL TIME.

CLIMATE NORMAL PERIOD 1981 TO 2010
CLIMATE RECORD PERIOD 1874 TO 2016


WEATHER ITEM   OBSERVED TIME   RECORD YEAR NORMAL DEPARTURE LAST
                VALUE   (LST)  VALUE       VALUE  FROM      YEAR
                                                  NORMAL
..................................................................
TEMPERATURE (F)
 TODAY
  MAXIMUM         51    237 PM  73    1982  49      2       53
  MINIMUM         40    430 AM  11    1966  31      9       30
  AVERAGE         46                        40      6       42

PRECIPITATION (IN)
  TODAY            0.20          1.95 1993   0.13   0.07     0.00
  MONTH TO DATE    0.32                      0.62  -0.30     0.88
  SINCE DEC 1      0.32                      0.62  -0.30     0.88
  SINCE JAN 1     42.05                     38.68   3.37    41.98

SNOWFALL (IN)
  TODAY            0.0           8.4  1886   0.1   -0.1      0.0
  MONTH TO DATE    0.0                       0.4   -0.4      0.0
  SINCE DEC 1      0.0                       0.4   -0.4      0.0
  SINCE JUL 1      T                         0.6   -0.6      0.0
  SNOW DEPTH       0

DEGREE DAYS
 HEATING
  TODAY           19                        25     -6       23
  MONTH TO DATE   92                       120    -28       84
  SINCE DEC 1     92                       120    -28       84
  SINCE JUL 1    839                      1027   -188      779

 COOLING
  TODAY            0                         0      0        0
  MONTH TO DATE    0                         0      0        0
  SINCE DEC 1      0                         0      0        0
  SINCE JAN 1   1340                      1055    285     1296
..................................................................


WIND (MPH)
  HIGHEST WIND SPEED    16   HIGHEST WIND DIRECTION    NW (330)
  HIGHEST GUST SPEED    19   HIGHEST GUST DIRECTION    NW (310)
  AVERAGE WIND SPEED     6.8


SKY COVER
  POSSIBLE SUNSHINE  MM
  AVERAGE SKY COVER 0.8


WEATHER CONDITIONS
 THE FOLLOWING WEATHER WAS RECORDED TODAY.
  LIGHT RAIN
  FOG


RELATIVE HUMIDITY (PERCENT)
 HIGHEST    96           800 AM
 LOWEST     60          1200 AM
 AVERAGE    78

..........................................................


THE ATLANTIC CITY NJ CLIMATE NORMALS FOR TOMORROW
                         NORMAL    RECORD    YEAR
 MAXIMUM TEMPERATURE (F)   49        73      2001
 MINIMUM TEMPERATURE (F)   31        14      1976


SUNRISE AND SUNSET
DECEMBER  5 2016......SUNRISE   704 AM EST   SUNSET   434 PM EST
DECEMBER  6 2016......SUNRISE   704 AM EST   SUNSET   434 PM EST


-  INDICATES NEGATIVE NUMBERS.
R  INDICATES RECORD WAS SET OR TIED.
MM INDICATES DATA IS MISSING.
T  INDICATES TRACE AMOUNT.




$$
