000
CDAK48 PADQ 270917
CLIADQ

CLIMATE REPORT
NATIONAL WEATHER SERVICE KODIAK, AK
1217 AM AKST FRI FEB 27 2015

...................................
...THE KODIAK AP CLIMATE SUMMARY FOR FEBRUARY 26 2015...

CLIMATE NORMAL PERIOD  1981 TO  2010
CLIMATE RECORD PERIOD  1949 TO  2015

WEATHER ITEM   OBSERVED TIME    RECORD YEAR NORMAL DEPARTURE LAST
               VALUE    (LST)   VALUE       VALUE  FROM      YEAR
                                                   NORMAL
...................................................................
TEMPERATURE
YESTERDAY
 MAXIMUM            41  0502 PM    46  1985     36       5     41
 MINIMUM            27  1156 PM    -6  1986     27       0     38
 AVERAGE            34                          32       2     40

PRECIPITATION
(INCHES)
 YESTERDAY        0.00           2.51  2014   0.21   -0.21   2.51
 MONTH TO DATE    8.69                        5.72    2.97   6.48
 SINCE DEC 1     32.61                       22.74    9.87  25.23
 SINCE JAN 1     18.82                       14.01    4.81  20.78

SNOWFALL
(INCHES)
 YESTERDAY         0.0            4.3  2005    0.5    -0.5    0.0
 MONTH TO DATE    10.2                        14.1    -3.9    7.0
 SINCE DEC 1      14.7                        40.9   -26.2   23.7
 SINCE JUL 1      15.4                        48.4   -33.0   31.0
 SNOW DEPTH (IN)     0                                          0

DEGREE DAYS
 HEATING
  YESTERDAY         31                          34      -3     25
  MONTH TO DATE    761                         893    -132    919
  SINCE DEC 1     2464                        3015    -551   2826
  SINCE JUL 1     4860                        5807    -947   5233

 COOLING
  YESTERDAY          0                           0       0      0
  MONTH TO DATE      0                           0       0      0
  SINCE DEC 1        0                           0       0      0
  SINCE JAN 1        0                           0       0      0
...................................................................

WIND (MPH)
 HIGHEST WIND SPEED    12     HIGHEST WIND DIRECTION    320
 HIGHEST GUST SPEED    15     HIGHEST GUST DIRECTION    320
 AVERAGE WIND SPEED   5.3

SKY COVER
  POSSIBLE SUNSHINE    MM          AVERAGE SKY COVER     MM

WEATHER CONDITIONS
 THE FOLLOWING WEATHER WAS RECORDED YESTERDAY.
  NO SIGNIFICANT WEATHER WAS OBSERVED.

RELATIVE HUMIDITY
 HIGHEST RH     MM PERCENT       MM
 LOWEST  RH     MM PERCENT       MM
 AVERAGE RH     MM PERCENT       MM
...................................................................

THE KODIAK CLIMATE NORMALS FOR TODAY
                           NORMAL    RECORD   YEAR
 MAXIMUM TEMPERATURE (F)     37        50     1962
 MINIMUM TEMPERATURE (F)     27         1     1986

SUNRISE AND SUNSET
 FEB 27 2015..........SUNRISE  8:10 AM      SUNSET  6:37 PM
 FEB 28 2015..........SUNRISE  8:07 AM      SUNSET  6:40 PM

-  INDICATES NEGATIVE NUMBERS.
R  INDICATES RECORD HAS BEEN SET OR TIED.
MM INDICATES DATA IS MISSING.
T  INDICATES TRACE OF PRECIPITATION.

&&
-------------------------------------------------------------------

AMOUNT OF DAYLIGHT TODAY  (HOUR:MIN)........10 HOURS 27 MINUTES
GAIN/LOSS SINCE YESTERDAY (HOUR:MIN:SEC)....+0:04:57

$$
*** FEB 15
