000
CDAK48 PAFC 151245
CLIADQ


CLIMATE REPORT
NATIONAL WEATHER SERVICE ANCHORAGE, AK
345 AM AKST FRI DEC 15 2017


...................................

...THE KODIAK CLIMATE SUMMARY FOR DECEMBER 14 2017...

CLIMATE NORMAL PERIOD 1981 TO 2010
CLIMATE RECORD PERIOD 1913 TO 2017


WEATHER ITEM   OBSERVED TIME   RECORD YEAR NORMAL DEPARTURE LAST
                VALUE   (LST)  VALUE       VALUE  FROM      YEAR
                                                  NORMAL
..................................................................
TEMPERATURE (F)
 YESTERDAY
  MAXIMUM         37    303 PM  45    2014  36      1       40
  MINIMUM         22   1021 PM   3    1925  26     -4       30
  AVERAGE         30                        31     -1       35

PRECIPITATION (IN)
  YESTERDAY        0.00          1.34 1926   0.30  -0.30     0.00
  MONTH TO DATE    6.85                      3.97   2.88     1.47
  SINCE SEP 1     21.17                     26.45  -5.28    27.35
  SINCE JAN 1     61.69                     73.24 -11.55    78.65

SNOWFALL (IN)
  YESTERDAY        0.0          11.0  1998   0.5   -0.5      0.0
  MONTH TO DATE    0.0                       6.6   -6.6      3.6
  SINCE SEP 1      7.5                      14.1   -6.6      5.6
  SINCE JUL 1      7.5                      14.1   -6.6      5.6
  SNOW DEPTH       0

DEGREE DAYS
 HEATING
  YESTERDAY       35                        34      1       30
  MONTH TO DATE  374                       471    -97      483
  SINCE DEC 1    374                       471    -97      483
  SINCE JUL 1   2937                      3266   -329     2685

 COOLING
  YESTERDAY        0                         0      0        0
  MONTH TO DATE    0                         0      0        0
  SINCE DEC 1      0                         0      0        0
  SINCE JAN 1      0                         1     -1       29
..................................................................


WIND (MPH)
  RESULTANT WIND SPEED   3   RESULTANT WIND DIRECTION   W (270)
  HIGHEST WIND SPEED    15   HIGHEST WIND DIRECTION    NW (310)
  HIGHEST GUST SPEED    18   HIGHEST GUST DIRECTION    NW (300)
  AVERAGE WIND SPEED     5.0



WEATHER CONDITIONS
 THE FOLLOWING WEATHER WAS RECORDED YESTERDAY.
  NO SIGNIFICANT WEATHER WAS OBSERVED.


RELATIVE HUMIDITY (PERCENT)
 HIGHEST   100
 LOWEST     75
 AVERAGE    88

..........................................................


THE KODIAK CLIMATE NORMALS FOR TODAY
                         NORMAL    RECORD    YEAR
 MAXIMUM TEMPERATURE (F)   36        48      1921
 MINIMUM TEMPERATURE (F)   26         0      1997


SUNRISE AND SUNSET
DECEMBER 15 2017......SUNRISE   948 AM AKST  SUNSET   422 PM AKST
DECEMBER 16 2017......SUNRISE   949 AM AKST  SUNSET   423 PM AKST


-  INDICATES NEGATIVE NUMBERS.
R  INDICATES RECORD WAS SET OR TIED.
MM INDICATES DATA IS MISSING.
T  INDICATES TRACE AMOUNT.




$$
