000
CDAK48 PADQ 200904
CLIADQ

CLIMATE REPORT
NATIONAL WEATHER SERVICE KODIAK, AK
104 AM AKDT SAT SEP 20 2014

...................................
...THE KODIAK AP CLIMATE SUMMARY FOR SEPTEMBER 19 2014...

CLIMATE NORMAL PERIOD  1981 TO  2010
CLIMATE RECORD PERIOD  1949 TO  2014

WEATHER ITEM   OBSERVED TIME    RECORD YEAR NORMAL DEPARTURE LAST
               VALUE    (LST)   VALUE       VALUE  FROM      YEAR
                                                   NORMAL
...................................................................
TEMPERATURE
YESTERDAY
 MAXIMUM            61  1148 AM    71  1965     55       6     56
 MINIMUM            42  0537 AM    34  2013     42       0     34
 AVERAGE            52                          49       3     45

PRECIPITATION
(INCHES)
 YESTERDAY        0.03           2.30  1995   0.26   -0.23   0.00
 MONTH TO DATE    7.06                        4.28    2.78   4.89
 SINCE SEP 1      7.06                        4.28    2.78   4.89
 SINCE JAN 1     56.29                       51.07    5.22  44.80

SNOWFALL
(INCHES)
 YESTERDAY         0.0              T  1962    0.0     0.0    0.0
 MONTH TO DATE     0.0                         0.0     0.0    0.0
 SINCE SEP 1       0.0                         0.0     0.0    0.0
 SINCE JUL 1       0.0                         0.0     0.0    0.0
 SNOW DEPTH (IN)     0                                          0

DEGREE DAYS
 HEATING
  YESTERDAY         13                          17      -4     20
  MONTH TO DATE    193                         266     -73    235
  SINCE SEP 1      193                         266     -73    235
  SINCE JUL 1      694                         896    -202    714

 COOLING
  YESTERDAY          0                           0       0      0
  MONTH TO DATE      0                           0       0      0
  SINCE SEP 1        0                           0       0      0
  SINCE JAN 1        4                           0       4      6
...................................................................

WIND (MPH)
 HIGHEST WIND SPEED    12     HIGHEST WIND DIRECTION    300
 HIGHEST GUST SPEED    16     HIGHEST GUST DIRECTION    300
 AVERAGE WIND SPEED   4.3

SKY COVER
  POSSIBLE SUNSHINE    MM          AVERAGE SKY COVER     MM

WEATHER CONDITIONS
 THE FOLLOWING WEATHER WAS RECORDED YESTERDAY.
  RAIN


RELATIVE HUMIDITY
 HIGHEST RH     MM PERCENT       MM
 LOWEST  RH     MM PERCENT       MM
 AVERAGE RH     MM PERCENT       MM
...................................................................

THE KODIAK CLIMATE NORMALS FOR TODAY
                           NORMAL    RECORD   YEAR
 MAXIMUM TEMPERATURE (F)     54        63     1986
 MINIMUM TEMPERATURE (F)     42        30     1992

SUNRISE AND SUNSET
 SEP 20 2014..........SUNRISE  7:52 AM      SUNSET  8:15 PM
 SEP 21 2014..........SUNRISE  7:54 AM      SUNSET  8:12 PM

-  INDICATES NEGATIVE NUMBERS.
R  INDICATES RECORD HAS BEEN SET OR TIED.
MM INDICATES DATA IS MISSING.
T  INDICATES TRACE OF PRECIPITATION.

&&
-------------------------------------------------------------------

AMOUNT OF DAYLIGHT TODAY  (HOUR:MIN)........12 HOURS 23 MINUTES
GAIN/LOSS SINCE YESTERDAY (HOUR:MIN:SEC)....-0:04:55

$$
*** SEP 14
