406
CDAK48 PADQ 281318
CLIADQ

CLIMATE REPORT
NATIONAL WEATHER SERVICE KODIAK, AK
518 AM AKDT SUN AUG 28 2016

...................................
...THE KODIAK AP CLIMATE SUMMARY FOR AUGUST 27 2016...

CLIMATE NORMAL PERIOD  1981 TO  2010
CLIMATE RECORD PERIOD  1913 TO  2016

WEATHER ITEM   OBSERVED TIME    RECORD YEAR NORMAL DEPARTURE LAST
               VALUE    (LST)   VALUE       VALUE  FROM      YEAR
                                                   NORMAL
...................................................................
TEMPERATURE
YESTERDAY
 MAXIMUM            73  0452 PM    81  1930     61      12     67
 MINIMUM            60  0110 AM    35  1998     48      12     56
 AVERAGE            67                          54      13     62

PRECIPITATION
(INCHES)
 YESTERDAY        0.00           2.25  1988   0.17   -0.17   0.00
 MONTH TO DATE    3.28                        3.88   -0.60   1.85
 SINCE JUN 1      9.22                       14.72   -5.50   8.25
 SINCE JAN 1     52.00                       46.11    5.89  47.37

SNOWFALL
(INCHES)
 YESTERDAY         0.0            0.0  2016    0.0     0.0    0.0
 MONTH TO DATE     0.0                         0.0     0.0    0.0
 SINCE JUN 1       0.0                         0.0     0.0    0.0
 SINCE JUL 1       0.0                         0.0     0.0    0.0
 SNOW DEPTH (IN)     0                                          0

DEGREE DAYS
 HEATING
  YESTERDAY          0                          11     -11      3
  MONTH TO DATE    179                         259     -80    148
  SINCE JUN 1      676                        1046    -370    686
  SINCE JUL 1      350                         585    -235    375

 COOLING
  YESTERDAY          2                           0       2      0
  MONTH TO DATE      2                           0       2      0
  SINCE JUN 1       22                           0      22      1
  SINCE JAN 1       22                           0      22      1
...................................................................

WIND (MPH)
 HIGHEST WIND SPEED    24     HIGHEST WIND DIRECTION    280
 HIGHEST GUST SPEED    30     HIGHEST GUST DIRECTION    270
 AVERAGE WIND SPEED  13.2

SKY COVER
  POSSIBLE SUNSHINE    MM          AVERAGE SKY COVER     MM

WEATHER CONDITIONS
 THE FOLLOWING WEATHER WAS RECORDED YESTERDAY.
  NO SIGNIFICANT WEATHER WAS OBSERVED.

RELATIVE HUMIDITY
 HIGHEST RH     MM PERCENT       MM
 LOWEST  RH     MM PERCENT       MM
 AVERAGE RH     MM PERCENT       MM
...................................................................

THE KODIAK CLIMATE NORMALS FOR TODAY
                           NORMAL    RECORD   YEAR
 MAXIMUM TEMPERATURE (F)     60        80     1930
 MINIMUM TEMPERATURE (F)     48        36     1994

SUNRISE AND SUNSET
 AUG 28 2016..........SUNRISE  7:04 AM      SUNSET  9:17 PM
 AUG 29 2016..........SUNRISE  7:06 AM      SUNSET  9:15 PM

-  INDICATES NEGATIVE NUMBERS.
R  INDICATES RECORD HAS BEEN SET OR TIED.
MM INDICATES DATA IS MISSING.
T  INDICATES TRACE OF PRECIPITATION.

&&
-------------------------------------------------------------------

AMOUNT OF DAYLIGHT TODAY  (HOUR:MIN)........14 HOURS 13 MINUTES
GAIN/LOSS SINCE YESTERDAY (HOUR:MIN:SEC)....-0:04:50

$$
CSB AUG 16
