000
CDAK48 PAFC 181251
CLIADQ


CLIMATE REPORT
NATIONAL WEATHER SERVICE ANCHORAGE, AK
451 AM AKDT FRI AUG 18 2017


...................................

...THE KODIAK CLIMATE SUMMARY FOR AUGUST 17 2017...

CLIMATE NORMAL PERIOD 1981 TO 2010
CLIMATE RECORD PERIOD 1913 TO 2017


WEATHER ITEM   OBSERVED TIME   RECORD YEAR NORMAL DEPARTURE LAST
                VALUE   (LST)  VALUE       VALUE  FROM      YEAR
                                                  NORMAL
..................................................................
TEMPERATURE (F)
 YESTERDAY
  MAXIMUM         56        MM  74    1999  62     -6       62
                                      1944
  MINIMUM         44        MM  40    1966  49     -5       55
  AVERAGE         50                        55     -5       59

PRECIPITATION (IN)
  YESTERDAY        0.01          1.32 1989   0.14  -0.13     0.82
  MONTH TO DATE    3.85                      2.39   1.46     2.38
  SINCE JUN 1     15.58                     13.23   2.35     8.31
  SINCE JAN 1     36.34                     44.62  -8.28    50.40

SNOWFALL (IN)
  YESTERDAY        0.0          MM      MM   0.0    0.0      0.0
  MONTH TO DATE    0.0                       0.0    0.0      0.0
  SINCE JUN 1      0.0                       0.0    0.0      0.0
  SINCE JUL 1      0.0                       0.0    0.0      0.0
  SNOW DEPTH       0

DEGREE DAYS
 HEATING
  YESTERDAY       15                        10      5        6
  MONTH TO DATE  163                       156      7      110
  SINCE JUN 1    858                       944    -86      559
  SINCE JUL 1    442                       483    -41      264

 COOLING
  YESTERDAY        0                         0      0        0
  MONTH TO DATE    0                         0      0        0
  SINCE JUN 1      0                         1     -1       20
  SINCE JAN 1      0                         1     -1       20
..................................................................


WIND (MPH)
  RESULTANT WIND SPEED   1   RESULTANT WIND DIRECTION   N (340)
  HIGHEST WIND SPEED     8   HIGHEST WIND DIRECTION     E (100)
  HIGHEST GUST SPEED    MM   HIGHEST GUST DIRECTION    MM
  AVERAGE WIND SPEED     4.6



WEATHER CONDITIONS
 THE FOLLOWING WEATHER WAS RECORDED YESTERDAY.
  LIGHT RAIN


RELATIVE HUMIDITY (PERCENT)
 HIGHEST   100
 LOWEST     77
 AVERAGE    89

..........................................................


THE KODIAK CLIMATE NORMALS FOR TODAY
                         NORMAL    RECORD    YEAR
 MAXIMUM TEMPERATURE (F)   62        74      1995
 MINIMUM TEMPERATURE (F)   49        41      2012


SUNRISE AND SUNSET
AUGUST 18 2017........SUNRISE   642 AM AKDT  SUNSET   944 PM AKDT
AUGUST 19 2017........SUNRISE   644 AM AKDT  SUNSET   942 PM AKDT


-  INDICATES NEGATIVE NUMBERS.
R  INDICATES RECORD WAS SET OR TIED.
MM INDICATES DATA IS MISSING.
T  INDICATES TRACE AMOUNT.




$$
