000
CDAK48 PADQ 240050
CLIADQ


CLIMATE REPORT
NATIONAL WEATHER SERVICE ANCHORAGE, AK
449 PM AKDT TUE MAY 23 2017


...................................

...THE KODIAK CLIMATE SUMMARY FOR MAY 23 2017...
VALID TODAY AS OF 0400 PM LOCAL TIME.

CLIMATE NORMAL PERIOD 1981 TO 2010
CLIMATE RECORD PERIOD 1913 TO 2017


WEATHER ITEM   OBSERVED TIME   RECORD YEAR NORMAL DEPARTURE LAST
                VALUE   (LST)  VALUE       VALUE  FROM      YEAR
                                                  NORMAL
..................................................................
TEMPERATURE (F)
 TODAY
  MAXIMUM         56   1258 PM  71    1991  51      5       58
  MINIMUM         38    424 AM  31    1999  40     -2       45
                                      1975
  AVERAGE         47                        46      1       52

PRECIPITATION (IN)
  TODAY            T             2.13 2009   0.18  -0.18     0.00
  MONTH TO DATE    6.36                      4.04   2.32     2.63
  SINCE MAR 1     14.41                     15.38  -0.97    18.87
  SINCE JAN 1     19.95                     29.81  -9.86    41.47

SNOWFALL (IN)
  TODAY            0.0          MM      MM   0.0    0.0      0.0
  MONTH TO DATE    0.0                       0.2   -0.2      0.0
  SINCE MAR 1      2.6                      19.5  -16.9      3.6
  SINCE JUL 1     28.4                      68.9  -40.5     20.6
  SNOW DEPTH       0

DEGREE DAYS
 HEATING
  TODAY           18                        19     -1       13
  MONTH TO DATE  445                       493    -48      362
  SINCE MAR 1   2305                      2313     -8     1494
  SINCE JUL 1   7646                      8185   -539     6002

 COOLING
  TODAY            0                         0      0        0
  MONTH TO DATE    0                         0      0        0
  SINCE MAR 1      0                         0      0        0
  SINCE JAN 1      0                         0      0        0
..................................................................


WIND (MPH)
  RESULTANT WIND SPEED   5   RESULTANT WIND DIRECTION  SW (210)
  HIGHEST WIND SPEED    16   HIGHEST WIND DIRECTION     S (180)
  HIGHEST GUST SPEED    21   HIGHEST GUST DIRECTION     S (190)
  AVERAGE WIND SPEED     7.1



WEATHER CONDITIONS
 THE FOLLOWING WEATHER WAS RECORDED TODAY.
  NO SIGNIFICANT WEATHER WAS OBSERVED.


RELATIVE HUMIDITY (PERCENT)
 HIGHEST    76
 LOWEST     44
 AVERAGE    60

..........................................................


THE KODIAK CLIMATE NORMALS FOR TOMORROW
                         NORMAL    RECORD    YEAR
 MAXIMUM TEMPERATURE (F)   51        71      1991
 MINIMUM TEMPERATURE (F)   40        30      1977
                                             1922


SUNRISE AND SUNSET
MAY 23 2017...........SUNRISE   531 AM AKDT  SUNSET  1044 PM AKDT
MAY 24 2017...........SUNRISE   530 AM AKDT  SUNSET  1045 PM AKDT


-  INDICATES NEGATIVE NUMBERS.
R  INDICATES RECORD WAS SET OR TIED.
MM INDICATES DATA IS MISSING.
T  INDICATES TRACE AMOUNT.




$$
