000
CDAK48 PAFC 180035
CLIADQ


CLIMATE REPORT
NATIONAL WEATHER SERVICE ANCHORAGE, AK
434 PM AKDT TUE OCT 17 2017


...................................

...THE KODIAK CLIMATE SUMMARY FOR OCTOBER 17 2017...
VALID TODAY AS OF 0400 PM LOCAL TIME.

CLIMATE NORMAL PERIOD 1981 TO 2010
CLIMATE RECORD PERIOD 1913 TO 2017


WEATHER ITEM   OBSERVED TIME   RECORD YEAR NORMAL DEPARTURE LAST
                VALUE   (LST)  VALUE       VALUE  FROM      YEAR
                                                  NORMAL
..................................................................
TEMPERATURE (F)
 TODAY
  MAXIMUM         46        MM  55    1978  46      0       40
  MINIMUM         28        MM  23    2016  34     -6       23
  AVERAGE         37                        40     -3       32

PRECIPITATION (IN)
  TODAY            0.02          1.92 1925   0.27  -0.25     0.07
  MONTH TO DATE    2.39                      4.66  -2.27     6.88
  SINCE SEP 1      9.45                     12.01  -2.56    11.87
  SINCE JAN 1     49.97                     58.80  -8.83    63.17

SNOWFALL (IN)
  TODAY            0.0          MM      MM   0.1   -0.1       T
  MONTH TO DATE    0.0                       0.3   -0.3       T
  SINCE SEP 1      0.0                       0.3   -0.3       T
  SINCE JUL 1      0.0                       0.3   -0.3       T
  SNOW DEPTH       0

DEGREE DAYS
 HEATING
  TODAY           28                        25      3       33
  MONTH TO DATE  311                       386    -75      313
  SINCE SEP 1    751                       854   -103      704
  SINCE JUL 1   1356                      1487   -131     1045

 COOLING
  TODAY            0                         0      0        0
  MONTH TO DATE    0                         0      0        0
  SINCE SEP 1      0                         0      0        0
  SINCE JAN 1      0                         1     -1       29
..................................................................


WIND (MPH)
  RESULTANT WIND SPEED   5   RESULTANT WIND DIRECTION  NE (50)
  HIGHEST WIND SPEED    20   HIGHEST WIND DIRECTION    NE (50)
  HIGHEST GUST SPEED    MM   HIGHEST GUST DIRECTION    MM
  AVERAGE WIND SPEED    11.1



WEATHER CONDITIONS
 THE FOLLOWING WEATHER WAS RECORDED TODAY.
  LIGHT RAIN


RELATIVE HUMIDITY (PERCENT)
 HIGHEST    92
 LOWEST     65
 AVERAGE    79

..........................................................


THE KODIAK CLIMATE NORMALS FOR TOMORROW
                         NORMAL    RECORD    YEAR
 MAXIMUM TEMPERATURE (F)   46        59      1929
 MINIMUM TEMPERATURE (F)   34        22      2016
                                             1915


SUNRISE AND SUNSET
OCTOBER 17 2017.......SUNRISE   850 AM AKDT  SUNSET   659 PM AKDT
OCTOBER 18 2017.......SUNRISE   852 AM AKDT  SUNSET   657 PM AKDT


-  INDICATES NEGATIVE NUMBERS.
R  INDICATES RECORD WAS SET OR TIED.
MM INDICATES DATA IS MISSING.
T  INDICATES TRACE AMOUNT.




$$
